-- Table structure for table `vtiger_tracker`
--

CREATE TABLE `vtiger_tracker` (
  `id` int(11) NOT NULL AUTO_INCREMENT,
  `user_id` varchar(36) DEFAULT NULL,
  `module_name` varchar(25) DEFAULT NULL,
  `item_id` varchar(36) DEFAULT NULL,
  `item_summary` varchar(255) DEFAULT NULL,
  PRIMARY KEY (`id`)
) ENGINE=InnoDB DEFAULT CHARSET=utf8mb3 COLLATE=utf8mb3_general_ci;

--
-- Dumping data for table `vtiger_tracker`
--


--
-- Table structure for table `vtiger_tracking_unit`
--

CREATE TABLE `vtiger_tracking_unit` (
  `tracking_unitid` int(11) NOT NULL AUTO_INCREMENT,
  `tracking_unit` varchar(200) NOT NULL,
  `presence` int(1) NOT NULL DEFAULT 1,
  `picklist_valueid` int(11) NOT NULL DEFAULT 0,
  `sortorderid` int(11) DEFAULT 0,
  `color` varchar(10) DEFAULT NULL,
  PRIMARY KEY (`tracking_unitid`)
) ENGINE=InnoDB AUTO_INCREMENT=5 DEFAULT CHARSET=utf8mb3 COLLATE=utf8mb3_general_ci;

--
-- Dumping data for table `vtiger_tracking_unit`
--

INSERT INTO `vtiger_tracking_unit` VALUES
(2,'Hours',1,211,2,NULL),
(3,'Days',1,212,3,NULL),
(4,'Incidents',1,213,4,NULL);

--
-- Table structure for table `vtiger_tracking_unit_seq`
--

CREATE TABLE `vtiger_tracking_unit_seq` (
  `id` int(11) NOT NULL
) ENGINE=MyISAM DEFAULT CHARSET=utf8mb3 COLLATE=utf8mb3_general_ci;

--
-- Dumping data for table `vtiger_tracking_unit_seq`
--

INSERT INTO `vtiger_tracking_unit_seq` VALUES
(4);

--
-- Table structure for table `vtiger_troubletickets`
--

CREATE TABLE `vtiger_troubletickets` (
  `ticketid` int(11) NOT NULL,
  `ticket_no` varchar(100) NOT NULL,
  `groupname` varchar(100) DEFAULT NULL,
  `parent_id` varchar(100) DEFAULT NULL,
  `product_id` varchar(100) DEFAULT NULL,
  `priority` varchar(200) DEFAULT NULL,
  `severity` varchar(200) DEFAULT NULL,
  `status` varchar(200) DEFAULT NULL,
  `category` varchar(200) DEFAULT NULL,
  `title` varchar(255) DEFAULT NULL,
  `solution` text DEFAULT NULL,
  `update_log` text DEFAULT NULL,
  `version_id` int(11) DEFAULT NULL,
  `hours` decimal(25,8) DEFAULT NULL,
  `days` decimal(25,8) DEFAULT NULL,
  `contact_id` int(11) DEFAULT NULL,
  `tags` varchar(1) DEFAULT NULL,
  `imagename` varchar(150) DEFAULT NULL,
  `tele_phone` varchar(20) DEFAULT NULL,
  `discount_percent` decimal(25,3) DEFAULT NULL,
  `discount_amount` decimal(25,3) DEFAULT NULL,
  `adjustment` decimal(25,3) DEFAULT NULL,
  `total` decimal(25,3) DEFAULT NULL,
  `taxtype` varchar(25) DEFAULT NULL,
  `s_h_amount` decimal(25,3) NOT NULL,
  `currency_id` int(11) NOT NULL,
  `conversion_rate` decimal(10,3) NOT NULL,
  `compound_taxes_info` text NOT NULL,
  `pre_tax_total` decimal(25,3) NOT NULL,
  `s_h_percent` int(11) NOT NULL,
  `region_id` int(11) NOT NULL,
  `subtotal` decimal(25,3) DEFAULT NULL,
  `mobile` varchar(30) DEFAULT NULL,
  `customer_name` varchar(250) DEFAULT NULL,
  `address` text DEFAULT NULL,
  `product_name` varchar(250) DEFAULT NULL,
  `product_modal` varchar(250) DEFAULT NULL,
  `product_category` varchar(100) DEFAULT NULL,
  `product_subcategory` varchar(100) DEFAULT NULL,
  `warrenty_period` int(11) DEFAULT NULL,
  `ticket_date` date DEFAULT NULL,
  `ticket_type` varchar(100) DEFAULT NULL,
  `mode_of_payment` varchar(100) DEFAULT NULL,
  `new_parts_instled` varchar(100) DEFAULT NULL,
  `invoice_number` varchar(250) DEFAULT NULL,
  `amount_in_words` text DEFAULT NULL,
  `tic_type` varchar(255) DEFAULT NULL,
  `tic_category` varchar(255) DEFAULT NULL,
  `tic_pin_location` varchar(255) DEFAULT NULL,
  `tic_description` varchar(255) NOT NULL,
  `tic_isemergency` varchar(255) DEFAULT NULL,
  `tic_uploadimage` varchar(255) DEFAULT NULL,
  `tic_voicerecord` varchar(255) DEFAULT NULL,
  `tic_rating` int(100) DEFAULT NULL,
  `resolve_attachment` varchar(255) DEFAULT NULL,
  PRIMARY KEY (`ticketid`),
  KEY `troubletickets_ticketid_idx` (`ticketid`),
  KEY `troubletickets_status_idx` (`status`)
) ENGINE=InnoDB DEFAULT CHARSET=utf8mb3 COLLATE=utf8mb3_general_ci;

--
-- Dumping data for table `vtiger_troubletickets`
--

INSERT INTO `vtiger_troubletickets` VALUES
(638861,'561',NULL,NULL,NULL,NULL,NULL,'Closed',NULL,NULL,NULL,NULL,NULL,NULL,NULL,NULL,'',NULL,NULL,NULL,NULL,0.000,0.000,NULL,0.000,0,0.000,'null',0.000,0,0,0.000,NULL,NULL,NULL,NULL,NULL,NULL,NULL,NULL,NULL,NULL,NULL,NULL,NULL,NULL,'Personal','Electricity','A-001','test','1','','',5,NULL),
(638907,'562',NULL,NULL,NULL,NULL,NULL,'Created',NULL,NULL,NULL,NULL,NULL,NULL,NULL,NULL,'',NULL,NULL,NULL,NULL,0.000,0.000,NULL,0.000,0,0.000,'null',0.000,0,0,0.000,NULL,NULL,NULL,NULL,NULL,NULL,NULL,NULL,NULL,NULL,NULL,NULL,NULL,NULL,'Common Area','Plumbing','Society Office','Plumbing issue in society office','1','','',0,NULL),
(638908,'563',NULL,NULL,NULL,NULL,NULL,'Created',NULL,NULL,NULL,NULL,NULL,NULL,NULL,NULL,'',NULL,NULL,NULL,NULL,0.000,0.000,NULL,0.000,0,0.000,'null',0.000,0,0,0.000,NULL,NULL,NULL,NULL,NULL,NULL,NULL,NULL,NULL,NULL,NULL,NULL,NULL,NULL,'Common Area','Plumbing','Club House','Plumbing issue in Club House','1','','',0,NULL),
(638909,'564',NULL,NULL,NULL,NULL,NULL,'Created',NULL,NULL,NULL,NULL,NULL,NULL,NULL,NULL,'',NULL,NULL,NULL,NULL,0.000,0.000,NULL,0.000,0,0.000,'null',0.000,0,0,0.000,NULL,NULL,NULL,NULL,NULL,NULL,NULL,NULL,NULL,NULL,NULL,NULL,NULL,NULL,'Common Area','Plumbing','Club House','Plumbing issue in Club house','1','','',0,NULL),
(638910,'565',NULL,NULL,NULL,NULL,NULL,'Created',NULL,NULL,NULL,NULL,NULL,NULL,NULL,NULL,'',NULL,NULL,NULL,NULL,0.000,0.000,NULL,0.000,0,0.000,'null',0.000,0,0,0.000,NULL,NULL,NULL,NULL,NULL,NULL,NULL,NULL,NULL,NULL,NULL,NULL,NULL,NULL,'Common Area','Plumbing','Club House','Plumbing issue in Club house','1','','',0,NULL),
(638915,'566',NULL,NULL,NULL,NULL,NULL,'Created',NULL,NULL,NULL,NULL,NULL,NULL,NULL,NULL,'',NULL,NULL,NULL,NULL,0.000,0.000,NULL,0.000,0,0.000,'null',0.000,0,0,0.000,NULL,NULL,NULL,NULL,NULL,NULL,NULL,NULL,NULL,NULL,NULL,NULL,NULL,NULL,'Common Area','Plumbing','Club House','Plumbing issue in Club house','1','','',0,NULL),
(638923,'567',NULL,NULL,NULL,NULL,NULL,'Created',NULL,NULL,NULL,NULL,NULL,NULL,NULL,NULL,'',NULL,NULL,NULL,NULL,0.000,0.000,NULL,0.000,0,0.000,'null',0.000,0,0,0.000,NULL,NULL,NULL,NULL,NULL,NULL,NULL,NULL,NULL,NULL,NULL,NULL,NULL,NULL,'Personal','Electricity','A1','checking','0','','',0,NULL),
(638924,'568',NULL,NULL,NULL,NULL,NULL,'Created',NULL,NULL,NULL,NULL,NULL,NULL,NULL,NULL,'',NULL,NULL,NULL,NULL,0.000,0.000,NULL,0.000,0,0.000,'null',0.000,0,0,0.000,NULL,NULL,NULL,NULL,NULL,NULL,NULL,NULL,NULL,NULL,NULL,NULL,NULL,NULL,'Common Area','Plumbing','Club House','Plumbing issue in Club house','1','','',0,NULL),
(638925,'569',NULL,NULL,NULL,NULL,NULL,'Created',NULL,NULL,NULL,NULL,NULL,NULL,NULL,NULL,'',NULL,NULL,NULL,NULL,0.000,0.000,NULL,0.000,0,0.000,'null',0.000,0,0,0.000,NULL,NULL,NULL,NULL,NULL,NULL,NULL,NULL,NULL,NULL,NULL,NULL,NULL,NULL,'Common Area','Plumbing','Club House','Plumbing issue in Club house','1','','',0,NULL),
(638926,'570',NULL,NULL,NULL,NULL,NULL,'Created',NULL,NULL,NULL,NULL,NULL,NULL,NULL,NULL,'',NULL,NULL,NULL,NULL,0.000,0.000,NULL,0.000,0,0.000,'null',0.000,0,0,0.000,NULL,NULL,NULL,NULL,NULL,NULL,NULL,NULL,NULL,NULL,NULL,NULL,NULL,NULL,'Personal','Electricity','A1',' gg ','1','','',0,NULL),
(638927,'571',NULL,NULL,NULL,NULL,NULL,'Created',NULL,NULL,NULL,NULL,NULL,NULL,NULL,NULL,'',NULL,NULL,NULL,NULL,0.000,0.000,NULL,0.000,0,0.000,'null',0.000,0,0,0.000,NULL,NULL,NULL,NULL,NULL,NULL,NULL,NULL,NULL,NULL,NULL,NULL,NULL,NULL,'Personal','Electricity','A','gg','1','','',0,NULL),
(638928,'572',NULL,NULL,NULL,NULL,NULL,'Created',NULL,NULL,NULL,NULL,NULL,NULL,NULL,NULL,'',NULL,NULL,NULL,NULL,0.000,0.000,NULL,0.000,0,0.000,'null',0.000,0,0,0.000,NULL,NULL,NULL,NULL,NULL,NULL,NULL,NULL,NULL,NULL,NULL,NULL,NULL,NULL,'Common Area','Plumbing','Club House','Plumbing issue in Club house','1','','',0,NULL),
(638932,'573',NULL,NULL,NULL,NULL,NULL,'Created',NULL,NULL,NULL,NULL,NULL,NULL,NULL,NULL,'',NULL,NULL,NULL,NULL,0.000,0.000,NULL,0.000,0,0.000,'null',0.000,0,0,0.000,NULL,NULL,NULL,NULL,NULL,NULL,NULL,NULL,NULL,NULL,NULL,NULL,NULL,NULL,'Common Area','Electricity','Gate','jjh','1','','',0,NULL),
(639016,'574',NULL,NULL,NULL,NULL,NULL,'Created',NULL,NULL,NULL,NULL,NULL,NULL,NULL,NULL,'',NULL,NULL,NULL,NULL,0.000,0.000,NULL,0.000,0,0.000,'null',0.000,0,0,0.000,NULL,NULL,NULL,NULL,NULL,NULL,NULL,NULL,NULL,NULL,NULL,NULL,NULL,NULL,'Personal','Electricity','A1','Electric issue in dinning hall','1','','',0,NULL),
(639017,'575',NULL,NULL,NULL,NULL,NULL,'Created',NULL,NULL,NULL,NULL,NULL,NULL,NULL,NULL,'',NULL,NULL,NULL,NULL,0.000,0.000,NULL,0.000,0,0.000,'null',0.000,0,0,0.000,NULL,NULL,NULL,NULL,NULL,NULL,NULL,NULL,NULL,NULL,NULL,NULL,NULL,NULL,'Personal','Electricity','A1','Electric issue in dinning hall','1','','',0,NULL),
(639018,'576',NULL,NULL,NULL,NULL,NULL,'Created',NULL,NULL,NULL,NULL,NULL,NULL,NULL,NULL,'',NULL,NULL,NULL,NULL,0.000,0.000,NULL,0.000,0,0.000,'null',0.000,0,0,0.000,NULL,NULL,NULL,NULL,NULL,NULL,NULL,NULL,NULL,NULL,NULL,NULL,NULL,NULL,'Common Area','Electricity','Club House','xyz','0','','',0,NULL),
(639019,'577',NULL,NULL,NULL,NULL,NULL,'Created',NULL,NULL,NULL,NULL,NULL,NULL,NULL,NULL,'',NULL,NULL,NULL,NULL,0.000,0.000,NULL,0.000,0,0.000,'null',0.000,0,0,0.000,NULL,NULL,NULL,NULL,NULL,NULL,NULL,NULL,NULL,NULL,NULL,NULL,NULL,NULL,'Common Area','Electricity','Club House','xyz','1','','',0,NULL),
(639020,'578',NULL,NULL,NULL,NULL,NULL,'Created',NULL,NULL,NULL,NULL,NULL,NULL,NULL,NULL,'',NULL,NULL,NULL,NULL,0.000,0.000,NULL,0.000,0,0.000,'null',0.000,0,0,0.000,NULL,NULL,NULL,NULL,NULL,NULL,NULL,NULL,NULL,NULL,NULL,NULL,NULL,NULL,'Common Area','Electricity','Club House','xyz','1','','',0,NULL),
(639021,'579',NULL,NULL,NULL,NULL,NULL,'Created',NULL,NULL,NULL,NULL,NULL,NULL,NULL,NULL,'',NULL,NULL,NULL,NULL,0.000,0.000,NULL,0.000,0,0.000,'null',0.000,0,0,0.000,NULL,NULL,NULL,NULL,NULL,NULL,NULL,NULL,NULL,NULL,NULL,NULL,NULL,NULL,'Common Area','Electricity','Club House','xyz','1','','',0,NULL),
(639022,'580',NULL,NULL,NULL,NULL,NULL,'Created',NULL,NULL,NULL,NULL,NULL,NULL,NULL,NULL,'',NULL,NULL,NULL,NULL,0.000,0.000,NULL,0.000,0,0.000,'null',0.000,0,0,0.000,NULL,NULL,NULL,NULL,NULL,NULL,NULL,NULL,NULL,NULL,NULL,NULL,NULL,NULL,'Common Area','Electricity','Club House','xyz','1','','',0,NULL),
(639023,'581',NULL,NULL,NULL,NULL,NULL,'Created',NULL,NULL,NULL,NULL,NULL,NULL,NULL,NULL,'',NULL,NULL,NULL,NULL,0.000,0.000,NULL,0.000,0,0.000,'null',0.000,0,0,0.000,NULL,NULL,NULL,NULL,NULL,NULL,NULL,NULL,NULL,NULL,NULL,NULL,NULL,NULL,'Common Area','Electricity','Club House','xyz','1','','',0,NULL),
(639024,'582',NULL,NULL,NULL,NULL,NULL,'Created',NULL,NULL,NULL,NULL,NULL,NULL,NULL,NULL,'',NULL,NULL,NULL,NULL,0.000,0.000,NULL,0.000,0,0.000,'null',0.000,0,0,0.000,NULL,NULL,NULL,NULL,NULL,NULL,NULL,NULL,NULL,NULL,NULL,NULL,NULL,NULL,'Common Area','Electricity','Club House','xyz','1','','',0,NULL),
(639025,'583',NULL,NULL,NULL,NULL,NULL,'Created',NULL,NULL,NULL,NULL,NULL,NULL,NULL,NULL,'',NULL,NULL,NULL,NULL,0.000,0.000,NULL,0.000,0,0.000,'null',0.000,0,0,0.000,NULL,NULL,NULL,NULL,NULL,NULL,NULL,NULL,NULL,NULL,NULL,NULL,NULL,NULL,'Common Area','Electricity','Club House','xyz','1','','',0,NULL),
(639026,'584',NULL,NULL,NULL,NULL,NULL,'Created',NULL,NULL,NULL,NULL,NULL,NULL,NULL,NULL,'',NULL,NULL,NULL,NULL,0.000,0.000,NULL,0.000,0,0.000,'null',0.000,0,0,0.000,NULL,NULL,NULL,NULL,NULL,NULL,NULL,NULL,NULL,NULL,NULL,NULL,NULL,NULL,'Common Area','Electricity','Club House','xyz','1','','',0,NULL),
(639027,'585',NULL,NULL,NULL,NULL,NULL,'Created',NULL,NULL,NULL,NULL,NULL,NULL,NULL,NULL,'',NULL,NULL,NULL,NULL,0.000,0.000,NULL,0.000,0,0.000,'null',0.000,0,0,0.000,NULL,NULL,NULL,NULL,NULL,NULL,NULL,NULL,NULL,NULL,NULL,NULL,NULL,NULL,'Common Area','Electricity','Club House','xyz','1','','',0,NULL),
(639028,'586',NULL,NULL,NULL,NULL,NULL,'Created',NULL,NULL,NULL,NULL,NULL,NULL,NULL,NULL,'',NULL,NULL,NULL,NULL,0.000,0.000,NULL,0.000,0,0.000,'null',0.000,0,0,0.000,NULL,NULL,NULL,NULL,NULL,NULL,NULL,NULL,NULL,NULL,NULL,NULL,NULL,NULL,'Common Area','Electricity','Club House','xyz','1','','',0,NULL),
(639029,'587',NULL,NULL,NULL,NULL,NULL,'Created',NULL,NULL,NULL,NULL,NULL,NULL,NULL,NULL,'',NULL,NULL,NULL,NULL,0.000,0.000,NULL,0.000,0,0.000,'null',0.000,0,0,0.000,NULL,NULL,NULL,NULL,NULL,NULL,NULL,NULL,NULL,NULL,NULL,NULL,NULL,NULL,'Common Area','Electricity','Club House','xyz','1','','',0,NULL),
(639030,'588',NULL,NULL,NULL,NULL,NULL,'Created',NULL,NULL,NULL,NULL,NULL,NULL,NULL,NULL,'',NULL,NULL,NULL,NULL,0.000,0.000,NULL,0.000,0,0.000,'null',0.000,0,0,0.000,NULL,NULL,NULL,NULL,NULL,NULL,NULL,NULL,NULL,NULL,NULL,NULL,NULL,NULL,'Common Area','Electricity','Club House','xyz','1','','',0,NULL),
(639031,'589',NULL,NULL,NULL,NULL,NULL,'Created',NULL,NULL,NULL,NULL,NULL,NULL,NULL,NULL,'',NULL,NULL,NULL,NULL,0.000,0.000,NULL,0.000,0,0.000,'null',0.000,0,0,0.000,NULL,NULL,NULL,NULL,NULL,NULL,NULL,NULL,NULL,NULL,NULL,NULL,NULL,NULL,'Common Area','Electricity','Club House','xyz','1','','',0,NULL),
(639032,'590',NULL,NULL,NULL,NULL,NULL,'Created',NULL,NULL,NULL,NULL,NULL,NULL,NULL,NULL,'',NULL,NULL,NULL,NULL,0.000,0.000,NULL,0.000,0,0.000,'null',0.000,0,0,0.000,NULL,NULL,NULL,NULL,NULL,NULL,NULL,NULL,NULL,NULL,NULL,NULL,NULL,NULL,'Common Area','Electricity','Club House','xyz','1','','',0,NULL),
(639033,'591',NULL,NULL,NULL,NULL,NULL,'Created',NULL,NULL,NULL,NULL,NULL,NULL,NULL,NULL,'',NULL,NULL,NULL,NULL,0.000,0.000,NULL,0.000,0,0.000,'null',0.000,0,0,0.000,NULL,NULL,NULL,NULL,NULL,NULL,NULL,NULL,NULL,NULL,NULL,NULL,NULL,NULL,'Personal','Electricity','A1','hxh','1','','',0,NULL),
(639034,'592',NULL,NULL,NULL,NULL,NULL,'Closed',NULL,NULL,NULL,NULL,NULL,NULL,NULL,NULL,'',NULL,NULL,NULL,NULL,0.000,0.000,NULL,0.000,0,0.000,'null',0.000,0,0,0.000,NULL,NULL,NULL,NULL,NULL,NULL,NULL,NULL,NULL,NULL,NULL,NULL,NULL,NULL,'Personal','Electricity','A1','hxh','1','','',4,NULL),
(639035,'593',NULL,NULL,NULL,NULL,NULL,'Created',NULL,NULL,NULL,NULL,NULL,NULL,NULL,NULL,'',NULL,NULL,NULL,NULL,0.000,0.000,NULL,0.000,0,0.000,'null',0.000,0,0,0.000,NULL,NULL,NULL,NULL,NULL,NULL,NULL,NULL,NULL,NULL,NULL,NULL,NULL,NULL,'Personal','Electricity','A1','hxh','1','','',0,NULL),
(639036,'594',NULL,NULL,NULL,NULL,NULL,'Created',NULL,NULL,NULL,NULL,NULL,NULL,NULL,NULL,'',NULL,NULL,NULL,NULL,0.000,0.000,NULL,0.000,0,0.000,'null',0.000,0,0,0.000,NULL,NULL,NULL,NULL,NULL,NULL,NULL,NULL,NULL,NULL,NULL,NULL,NULL,NULL,'Personal','Electricity','A1','hxh','1','','',0,NULL),
(639037,'595',NULL,NULL,NULL,NULL,NULL,'Created',NULL,NULL,NULL,NULL,NULL,NULL,NULL,NULL,'',NULL,NULL,NULL,NULL,0.000,0.000,NULL,0.000,0,0.000,'null',0.000,0,0,0.000,NULL,NULL,NULL,NULL,NULL,NULL,NULL,NULL,NULL,NULL,NULL,NULL,NULL,NULL,'Personal','Electricity','A1','hxh','1','','',0,NULL),
(639038,'596',NULL,NULL,NULL,NULL,NULL,'Created',NULL,NULL,NULL,NULL,NULL,NULL,NULL,NULL,'',NULL,NULL,NULL,NULL,0.000,0.000,NULL,0.000,0,0.000,'null',0.000,0,0,0.000,NULL,NULL,NULL,NULL,NULL,NULL,NULL,NULL,NULL,NULL,NULL,NULL,NULL,NULL,'Common Area','Electricity','Gate','jjh','1','','',0,NULL),
(639043,'597',NULL,NULL,NULL,NULL,NULL,'Closed',NULL,NULL,NULL,NULL,NULL,NULL,NULL,NULL,'',NULL,NULL,NULL,NULL,0.000,0.000,NULL,0.000,0,0.000,'null',0.000,0,0,0.000,NULL,NULL,NULL,NULL,NULL,NULL,NULL,NULL,NULL,NULL,NULL,NULL,NULL,NULL,'Personal','Electricity','A1','abc','0','','',3,NULL),
(639083,'598',NULL,NULL,NULL,NULL,NULL,'Created',NULL,NULL,NULL,NULL,NULL,NULL,NULL,NULL,'',NULL,NULL,NULL,NULL,0.000,0.000,NULL,0.000,0,0.000,'null',0.000,0,0,0.000,NULL,NULL,NULL,NULL,NULL,NULL,NULL,NULL,NULL,NULL,NULL,NULL,NULL,NULL,'Common Area','Electricity','Gate','jjh','1','','',0,NULL),
(639084,'599',NULL,NULL,NULL,NULL,NULL,'Created',NULL,NULL,NULL,NULL,NULL,NULL,NULL,NULL,'',NULL,NULL,NULL,NULL,0.000,0.000,NULL,0.000,0,0.000,'null',0.000,0,0,0.000,NULL,NULL,NULL,NULL,NULL,NULL,NULL,NULL,NULL,NULL,NULL,NULL,NULL,NULL,'Common Area','Electricity','Gate','jjh','1','','',0,NULL),
(639091,'600',NULL,NULL,NULL,NULL,NULL,'Created',NULL,NULL,NULL,NULL,NULL,NULL,NULL,NULL,'',NULL,NULL,NULL,NULL,0.000,0.000,NULL,0.000,0,0.000,'null',0.000,0,0,0.000,NULL,NULL,NULL,NULL,NULL,NULL,NULL,NULL,NULL,NULL,NULL,NULL,NULL,NULL,'Common Area','Electricity','Gate','jjh','1','','',0,NULL),
(639092,'601',NULL,NULL,NULL,NULL,NULL,'Created',NULL,NULL,NULL,NULL,NULL,NULL,NULL,NULL,'',NULL,NULL,NULL,NULL,0.000,0.000,NULL,0.000,0,0.000,'null',0.000,0,0,0.000,NULL,NULL,NULL,NULL,NULL,NULL,NULL,NULL,NULL,NULL,NULL,NULL,NULL,NULL,'Common Area','Electricity','Gate','jjh','1','','',0,NULL),
(639093,'602',NULL,NULL,NULL,NULL,NULL,'Created',NULL,NULL,NULL,NULL,NULL,NULL,NULL,NULL,'',NULL,NULL,NULL,NULL,0.000,0.000,NULL,0.000,0,0.000,'null',0.000,0,0,0.000,NULL,NULL,NULL,NULL,NULL,NULL,NULL,NULL,NULL,NULL,NULL,NULL,NULL,NULL,'Common Area','Electricity','Gate','jjh','1','','',0,NULL),
(639109,'603',NULL,NULL,NULL,NULL,NULL,'Resolve',NULL,NULL,NULL,NULL,NULL,NULL,NULL,NULL,'',NULL,NULL,NULL,NULL,0.000,0.000,NULL,0.000,0,0.000,'null',0.000,0,0,0.000,NULL,NULL,NULL,NULL,NULL,NULL,NULL,NULL,NULL,NULL,NULL,NULL,NULL,NULL,'Personal','Electricity','A1','ty','0','','',0,NULL),
(639110,'604',NULL,NULL,NULL,NULL,NULL,'Closed',NULL,NULL,NULL,NULL,NULL,NULL,NULL,NULL,'',NULL,NULL,NULL,NULL,0.000,0.000,NULL,0.000,0,0.000,'null',0.000,0,0,0.000,NULL,NULL,NULL,NULL,NULL,NULL,NULL,NULL,NULL,NULL,NULL,NULL,NULL,NULL,'Personal','Electricity','A1','ty','0','','',2,NULL),
(639113,'605',NULL,NULL,NULL,NULL,NULL,'Created',NULL,NULL,NULL,NULL,NULL,NULL,NULL,NULL,'',NULL,NULL,NULL,NULL,0.000,0.000,NULL,0.000,0,0.000,'null',0.000,0,0,0.000,NULL,NULL,NULL,NULL,NULL,NULL,NULL,NULL,NULL,NULL,NULL,NULL,NULL,NULL,'Common Area','Electricity','Gate','jjh','1','','',0,NULL),
(639128,'606',NULL,NULL,NULL,NULL,NULL,'Created',NULL,NULL,NULL,NULL,NULL,NULL,NULL,NULL,'',NULL,NULL,NULL,NULL,0.000,0.000,NULL,0.000,0,0.000,'null',0.000,0,0,0.000,NULL,NULL,NULL,NULL,NULL,NULL,NULL,NULL,NULL,NULL,NULL,NULL,NULL,NULL,'Common Area','Electricity','Gate','jjh','1','','',0,NULL),
(639129,'607',NULL,NULL,NULL,NULL,NULL,'Created',NULL,NULL,NULL,NULL,NULL,NULL,NULL,NULL,'',NULL,NULL,NULL,NULL,0.000,0.000,NULL,0.000,0,0.000,'null',0.000,0,0,0.000,NULL,NULL,NULL,NULL,NULL,NULL,NULL,NULL,NULL,NULL,NULL,NULL,NULL,NULL,'Common Area','Plumbing','Club House','Plumbing issue in Club house','1','','',0,NULL),
(639131,'608',NULL,NULL,NULL,NULL,NULL,'Closed',NULL,NULL,NULL,NULL,NULL,NULL,NULL,NULL,'',NULL,NULL,NULL,NULL,0.000,0.000,NULL,0.000,0,0.000,'null',0.000,0,0,0.000,NULL,NULL,NULL,NULL,NULL,NULL,NULL,NULL,NULL,NULL,NULL,NULL,NULL,NULL,'Personal','Electricity','A1','ggc','1','','',4,NULL),
(639132,'609',NULL,NULL,NULL,NULL,NULL,'Created',NULL,NULL,NULL,NULL,NULL,NULL,NULL,NULL,'',NULL,NULL,NULL,NULL,0.000,0.000,NULL,0.000,0,0.000,'null',0.000,0,0,0.000,NULL,NULL,NULL,NULL,NULL,NULL,NULL,NULL,NULL,NULL,NULL,NULL,NULL,NULL,'Common Area','Party Hall','Club House','ghh','0','','',0,NULL),
(639167,'610',NULL,NULL,NULL,NULL,NULL,'Created',NULL,NULL,NULL,NULL,NULL,NULL,NULL,NULL,'',NULL,NULL,NULL,NULL,0.000,0.000,NULL,0.000,0,0.000,'null',0.000,0,0,0.000,NULL,NULL,NULL,NULL,NULL,NULL,NULL,NULL,NULL,NULL,NULL,NULL,NULL,NULL,'Common Area','Plumbing','Club House','gcgc','0','','',0,NULL),
(639183,'611',NULL,NULL,NULL,NULL,NULL,'Created',NULL,NULL,NULL,NULL,NULL,NULL,NULL,NULL,'',NULL,NULL,NULL,NULL,0.000,0.000,NULL,0.000,0,0.000,'null',0.000,0,0,0.000,NULL,NULL,NULL,NULL,NULL,NULL,NULL,NULL,NULL,NULL,NULL,NULL,NULL,NULL,'Common Area','Electricity','Club House','dg','1','','',0,NULL),
(639245,'612',NULL,NULL,NULL,NULL,NULL,'Resolve',NULL,NULL,NULL,NULL,NULL,NULL,NULL,NULL,'',NULL,NULL,NULL,NULL,0.000,0.000,NULL,0.000,0,0.000,'null',0.000,0,0,0.000,NULL,NULL,NULL,NULL,NULL,NULL,NULL,NULL,NULL,NULL,NULL,NULL,NULL,NULL,'Personal','Electricity','A1','fg','1','','',0,NULL),
(639268,'613',NULL,NULL,NULL,NULL,NULL,'In-Progress',NULL,NULL,NULL,NULL,NULL,NULL,NULL,NULL,'',NULL,NULL,NULL,NULL,0.000,0.000,NULL,0.000,0,0.000,'null',0.000,0,0,0.000,NULL,NULL,NULL,NULL,NULL,NULL,NULL,NULL,NULL,NULL,NULL,NULL,NULL,NULL,'Personal','Electricity','A1','tt','1','','',0,NULL),
(639269,'614',NULL,NULL,NULL,NULL,NULL,'Resolve',NULL,NULL,NULL,NULL,NULL,NULL,NULL,NULL,'',NULL,NULL,NULL,NULL,0.000,0.000,NULL,0.000,0,0.000,'null',0.000,0,0,0.000,NULL,NULL,NULL,NULL,NULL,NULL,NULL,NULL,NULL,NULL,NULL,NULL,NULL,NULL,'Personal','Electricity','A1','b','0','','',0,NULL),
(639270,'615',NULL,NULL,NULL,NULL,NULL,'Resolve',NULL,NULL,NULL,NULL,NULL,NULL,NULL,NULL,'',NULL,NULL,NULL,NULL,0.000,0.000,NULL,0.000,0,0.000,'null',0.000,0,0,0.000,NULL,NULL,NULL,NULL,NULL,NULL,NULL,NULL,NULL,NULL,NULL,NULL,NULL,NULL,'Personal','Electricity','A1','b','0','','',0,NULL),
(639307,'616',NULL,NULL,NULL,NULL,NULL,'Closed',NULL,NULL,NULL,NULL,NULL,NULL,NULL,NULL,'',NULL,NULL,NULL,NULL,0.000,0.000,NULL,0.000,0,0.000,'null',0.000,0,0,0.000,NULL,NULL,NULL,NULL,NULL,NULL,NULL,NULL,NULL,NULL,NULL,NULL,NULL,NULL,'Personal','Electricity','A1','Abc','1','','',4,NULL),
(639310,'617',NULL,NULL,NULL,NULL,NULL,'Closed',NULL,NULL,NULL,NULL,NULL,NULL,NULL,NULL,'',NULL,NULL,NULL,NULL,0.000,0.000,NULL,0.000,0,0.000,'null',0.000,0,0,0.000,NULL,NULL,NULL,NULL,NULL,NULL,NULL,NULL,NULL,NULL,NULL,NULL,NULL,NULL,'Common Area','Electricity','Gate','xgxgdgd','1','','',0,NULL),
(639313,'618',NULL,NULL,NULL,NULL,NULL,'Created',NULL,NULL,NULL,NULL,NULL,NULL,NULL,NULL,'',NULL,NULL,NULL,NULL,0.000,0.000,NULL,0.000,0,0.000,'null',0.000,0,0,0.000,NULL,NULL,NULL,NULL,NULL,NULL,NULL,NULL,NULL,NULL,NULL,NULL,NULL,NULL,'Common Area','Plumbing','Club House','Plumbing issue in Club house','1','','',0,NULL),
(639314,'619',NULL,NULL,NULL,NULL,NULL,'Created',NULL,NULL,NULL,NULL,NULL,NULL,NULL,NULL,'',NULL,NULL,NULL,NULL,0.000,0.000,NULL,0.000,0,0.000,'null',0.000,0,0,0.000,NULL,NULL,NULL,NULL,NULL,NULL,NULL,NULL,NULL,NULL,NULL,NULL,NULL,NULL,'Personal','Electricity','A A1','ycyv','1','','',0,NULL),
(639315,'620',NULL,NULL,NULL,NULL,NULL,'Created',NULL,NULL,NULL,NULL,NULL,NULL,NULL,NULL,'',NULL,NULL,NULL,NULL,0.000,0.000,NULL,0.000,0,0.000,'null',0.000,0,0,0.000,NULL,NULL,NULL,NULL,NULL,NULL,NULL,NULL,NULL,NULL,NULL,NULL,NULL,NULL,'Personal','Electricity','Society Block: A Society Number: A1','hchc','1','','',0,NULL),
(639338,'621',NULL,NULL,NULL,NULL,NULL,'Created',NULL,NULL,NULL,NULL,NULL,NULL,NULL,NULL,'',NULL,NULL,NULL,NULL,0.000,0.000,NULL,0.000,0,0.000,'null',0.000,0,0,0.000,NULL,NULL,NULL,NULL,NULL,NULL,NULL,NULL,NULL,NULL,NULL,NULL,NULL,NULL,'Common Area','Plumbing','Club House','Plumbing issue in Club house','1','','',0,NULL),
(639345,'622',NULL,NULL,NULL,NULL,NULL,'Closed',NULL,NULL,NULL,NULL,NULL,NULL,NULL,NULL,'',NULL,NULL,NULL,NULL,0.000,0.000,NULL,0.000,0,0.000,'null',0.000,0,0,0.000,NULL,NULL,NULL,NULL,NULL,NULL,NULL,NULL,NULL,NULL,NULL,NULL,NULL,NULL,'Common Area','Plumbing','Society Office','gg','1','','',4,NULL),
(639353,'623',NULL,NULL,NULL,NULL,NULL,'Created',NULL,NULL,NULL,NULL,NULL,NULL,NULL,NULL,'',NULL,NULL,NULL,NULL,0.000,0.000,NULL,0.000,0,0.000,'null',0.000,0,0,0.000,NULL,NULL,NULL,NULL,NULL,NULL,NULL,NULL,NULL,NULL,NULL,NULL,NULL,NULL,'Personal','Electricity','Block: A; Society No: A1','test','1','','',0,NULL),
(639381,'624',NULL,NULL,NULL,NULL,NULL,'Closed',NULL,NULL,NULL,NULL,NULL,NULL,NULL,NULL,'',NULL,NULL,NULL,NULL,0.000,0.000,NULL,0.000,0,0.000,'null',0.000,0,0,0.000,NULL,NULL,NULL,NULL,NULL,NULL,NULL,NULL,NULL,NULL,NULL,NULL,NULL,NULL,'Personal','Electricity','Block: A; Society No: A1','jdjjdm','1','','',3,NULL),
(639382,'625',NULL,NULL,NULL,NULL,NULL,'Created',NULL,NULL,NULL,NULL,NULL,NULL,NULL,NULL,'',NULL,NULL,NULL,NULL,0.000,0.000,NULL,0.000,0,0.000,'null',0.000,0,0,0.000,NULL,NULL,NULL,NULL,NULL,NULL,NULL,NULL,NULL,NULL,NULL,NULL,NULL,NULL,'Common Area','Electricity','A','jdjdm','0','','',0,NULL),
(639383,'626',NULL,NULL,NULL,NULL,NULL,'Created',NULL,NULL,NULL,NULL,NULL,NULL,NULL,NULL,'',NULL,NULL,NULL,NULL,0.000,0.000,NULL,0.000,0,0.000,'null',0.000,0,0,0.000,NULL,NULL,NULL,NULL,NULL,NULL,NULL,NULL,NULL,NULL,NULL,NULL,NULL,NULL,'Common Area','Security','Society Office','ejdjd','1','','',0,NULL),
(639394,'627',NULL,NULL,NULL,NULL,NULL,'Created',NULL,NULL,NULL,NULL,NULL,NULL,NULL,NULL,'',NULL,NULL,NULL,NULL,0.000,0.000,NULL,0.000,0,0.000,'null',0.000,0,0,0.000,NULL,NULL,NULL,NULL,NULL,NULL,NULL,NULL,NULL,NULL,NULL,NULL,NULL,NULL,'Common Area','Security','A','v','0','','',0,NULL),
(639395,'628',NULL,NULL,NULL,NULL,NULL,'Resolve',NULL,NULL,NULL,NULL,NULL,NULL,NULL,NULL,'',NULL,NULL,NULL,NULL,0.000,0.000,NULL,0.000,0,0.000,'null',0.000,0,0,0.000,NULL,NULL,NULL,NULL,NULL,NULL,NULL,NULL,NULL,NULL,NULL,NULL,NULL,NULL,'Personal','Electricity','Block: A; Society No: A1','hxhchx','1','','',0,NULL),
(639396,'629',NULL,NULL,NULL,NULL,NULL,'Created',NULL,NULL,NULL,NULL,NULL,NULL,NULL,NULL,'',NULL,NULL,NULL,NULL,0.000,0.000,NULL,0.000,0,0.000,'null',0.000,0,0,0.000,NULL,NULL,NULL,NULL,NULL,NULL,NULL,NULL,NULL,NULL,NULL,NULL,NULL,NULL,'Common Area','Security','Society Office','jvyfd','0','','',0,NULL),
(639397,'630',NULL,NULL,NULL,NULL,NULL,'Created',NULL,NULL,NULL,NULL,NULL,NULL,NULL,NULL,'',NULL,NULL,NULL,NULL,0.000,0.000,NULL,0.000,0,0.000,'null',0.000,0,0,0.000,NULL,NULL,NULL,NULL,NULL,NULL,NULL,NULL,NULL,NULL,NULL,NULL,NULL,NULL,'Common Area','Security','B','xgxyydydyd','1','','',0,NULL),
(639425,'631',NULL,NULL,NULL,NULL,NULL,'Created',NULL,NULL,NULL,NULL,NULL,NULL,NULL,NULL,'',NULL,NULL,NULL,NULL,0.000,0.000,NULL,0.000,0,0.000,'null',0.000,0,0,0.000,NULL,NULL,NULL,NULL,NULL,NULL,NULL,NULL,NULL,NULL,NULL,NULL,NULL,NULL,'Common Area','Plumbing','Club House','cgg','1','','',0,NULL),
(639444,'632',NULL,NULL,NULL,NULL,NULL,'Created',NULL,NULL,NULL,NULL,NULL,NULL,NULL,NULL,'',NULL,NULL,NULL,NULL,0.000,0.000,NULL,0.000,0,0.000,'null',0.000,0,0,0.000,NULL,NULL,NULL,NULL,NULL,NULL,NULL,NULL,NULL,NULL,NULL,NULL,NULL,NULL,'Common Area','Plumbing','Society Office','fyyf','0','','',0,NULL),
(639445,'633',NULL,NULL,NULL,NULL,NULL,'Created',NULL,NULL,NULL,NULL,NULL,NULL,NULL,NULL,'',NULL,NULL,NULL,NULL,0.000,0.000,NULL,0.000,0,0.000,'null',0.000,0,0,0.000,NULL,NULL,NULL,NULL,NULL,NULL,NULL,NULL,NULL,NULL,NULL,NULL,NULL,NULL,'Personal','Electricity','Block: A; Society No: A1','gc','0','','',0,NULL),
(639446,'634',NULL,NULL,NULL,NULL,NULL,'Resolve',NULL,NULL,NULL,NULL,NULL,NULL,NULL,NULL,'',NULL,NULL,NULL,NULL,0.000,0.000,NULL,0.000,0,0.000,'null',0.000,0,0,0.000,NULL,NULL,NULL,NULL,NULL,NULL,NULL,NULL,NULL,NULL,NULL,NULL,NULL,NULL,'Personal','Electricity','A','short circuit happening frequently in my flat','0','download.jpg','',0,NULL),
(639451,'635',NULL,NULL,NULL,NULL,NULL,'Created',NULL,NULL,NULL,NULL,NULL,NULL,NULL,NULL,'',NULL,NULL,NULL,NULL,0.000,0.000,NULL,0.000,0,0.000,'null',0.000,0,0,0.000,NULL,NULL,NULL,NULL,NULL,NULL,NULL,NULL,NULL,NULL,NULL,NULL,NULL,NULL,'Common Area','Electricity','Gate','jjh','1','','',0,NULL),
(639452,'636',NULL,NULL,NULL,NULL,NULL,'Created',NULL,NULL,NULL,NULL,NULL,NULL,NULL,NULL,'',NULL,NULL,NULL,NULL,0.000,0.000,NULL,0.000,0,0.000,'null',0.000,0,0,0.000,NULL,NULL,NULL,NULL,NULL,NULL,NULL,NULL,NULL,NULL,NULL,NULL,NULL,NULL,'Common Area','Electricity','Gate','jjh','1','','',0,NULL),
(639453,'637',NULL,NULL,NULL,NULL,NULL,'Created',NULL,NULL,NULL,NULL,NULL,NULL,NULL,NULL,'',NULL,NULL,NULL,NULL,0.000,0.000,NULL,0.000,0,0.000,'null',0.000,0,0,0.000,NULL,NULL,NULL,NULL,NULL,NULL,NULL,NULL,NULL,NULL,NULL,NULL,NULL,NULL,'Common Area','Electricity','Gate','jjh','1','','',0,NULL),
(639454,'638',NULL,NULL,NULL,NULL,NULL,'Created',NULL,NULL,NULL,NULL,NULL,NULL,NULL,NULL,'',NULL,NULL,NULL,NULL,0.000,0.000,NULL,0.000,0,0.000,'null',0.000,0,0,0.000,NULL,NULL,NULL,NULL,NULL,NULL,NULL,NULL,NULL,NULL,NULL,NULL,NULL,NULL,'Common Area','Plumbing','Society Office','bhhb','0','','',0,NULL),
(639455,'639',NULL,NULL,NULL,NULL,NULL,'Created',NULL,NULL,NULL,NULL,NULL,NULL,NULL,NULL,'',NULL,NULL,NULL,NULL,0.000,0.000,NULL,0.000,0,0.000,'null',0.000,0,0,0.000,NULL,NULL,NULL,NULL,NULL,NULL,NULL,NULL,NULL,NULL,NULL,NULL,NULL,NULL,'Common Area','Lift','Society Office','ygtg','0','','',0,NULL),
(639457,'640',NULL,NULL,NULL,NULL,NULL,'Created',NULL,NULL,NULL,NULL,NULL,NULL,NULL,NULL,'',NULL,NULL,NULL,NULL,0.000,0.000,NULL,0.000,0,0.000,'null',0.000,0,0,0.000,NULL,NULL,NULL,NULL,NULL,NULL,NULL,NULL,NULL,NULL,NULL,NULL,NULL,NULL,'Common Area','Electricity','Gate','jjh','1','','',0,NULL),
(639501,'641',NULL,NULL,NULL,NULL,NULL,'Created',NULL,NULL,NULL,NULL,NULL,NULL,NULL,NULL,'',NULL,NULL,NULL,NULL,0.000,0.000,NULL,0.000,0,0.000,'null',0.000,0,0,0.000,NULL,NULL,NULL,NULL,NULL,NULL,NULL,NULL,NULL,NULL,NULL,NULL,NULL,NULL,'Common Area','Plumbing','Society Office','gvgv','0','','',0,NULL),
(639509,'642',NULL,NULL,NULL,NULL,NULL,'Closed',NULL,NULL,NULL,NULL,NULL,NULL,NULL,NULL,'',NULL,NULL,NULL,NULL,0.000,0.000,NULL,0.000,0,0.000,'null',0.000,0,0,0.000,NULL,NULL,NULL,NULL,NULL,NULL,NULL,NULL,NULL,NULL,NULL,NULL,NULL,NULL,'Personal','Electricity','Block: A; Society No: A1','check','1','','',0,NULL),
(639522,'643',NULL,NULL,NULL,NULL,NULL,'Resolve',NULL,NULL,NULL,NULL,NULL,NULL,NULL,NULL,'',NULL,NULL,NULL,NULL,0.000,0.000,NULL,0.000,0,0.000,'null',0.000,0,0,0.000,NULL,NULL,NULL,NULL,NULL,NULL,NULL,NULL,NULL,NULL,NULL,NULL,NULL,NULL,'Personal','Electricity','Block: A; Society No: A1','cff','0','','',0,NULL),
(639525,'644',NULL,NULL,NULL,NULL,NULL,'Resolve',NULL,NULL,NULL,NULL,NULL,NULL,NULL,NULL,'',NULL,NULL,NULL,NULL,0.000,0.000,NULL,0.000,0,0.000,'null',0.000,0,0,0.000,NULL,NULL,NULL,NULL,NULL,NULL,NULL,NULL,NULL,NULL,NULL,NULL,NULL,NULL,'Common Area','Electricity','Club House','test','1','','',0,NULL),
(639530,'645',NULL,NULL,NULL,NULL,NULL,'Resolve',NULL,NULL,NULL,NULL,NULL,NULL,NULL,NULL,'',NULL,NULL,NULL,NULL,0.000,0.000,NULL,0.000,0,0.000,'null',0.000,0,0,0.000,NULL,NULL,NULL,NULL,NULL,NULL,NULL,NULL,NULL,NULL,NULL,NULL,NULL,NULL,'Personal','Electricity','Block: A; Society No: A1','gzgx','0','','',0,NULL),
(639531,'646',NULL,NULL,NULL,NULL,NULL,'Created',NULL,NULL,NULL,NULL,NULL,NULL,NULL,NULL,'',NULL,NULL,NULL,NULL,0.000,0.000,NULL,0.000,0,0.000,'null',0.000,0,0,0.000,NULL,NULL,NULL,NULL,NULL,NULL,NULL,NULL,NULL,NULL,NULL,NULL,NULL,NULL,'Common Area','Security','Society Office','gxgd','0','','',0,NULL),
(639532,'647',NULL,NULL,NULL,NULL,NULL,'Resolve',NULL,NULL,NULL,NULL,NULL,NULL,NULL,NULL,'',NULL,NULL,NULL,NULL,0.000,0.000,NULL,0.000,0,0.000,'null',0.000,0,0,0.000,NULL,NULL,NULL,NULL,NULL,NULL,NULL,NULL,NULL,NULL,NULL,NULL,NULL,NULL,'Personal','Electricity','Block: A; Society No: A1','xggx','0','','',0,NULL),
(639533,'648',NULL,NULL,NULL,NULL,NULL,'Resolve',NULL,NULL,NULL,NULL,NULL,NULL,NULL,NULL,'',NULL,NULL,NULL,NULL,0.000,0.000,NULL,0.000,0,0.000,'null',0.000,0,0,0.000,NULL,NULL,NULL,NULL,NULL,NULL,NULL,NULL,NULL,NULL,NULL,NULL,NULL,NULL,'Common Area','Security','A','hghf','0','','',0,NULL),
(639534,'649',NULL,NULL,NULL,NULL,NULL,'Closed',NULL,NULL,NULL,NULL,NULL,NULL,NULL,NULL,'',NULL,NULL,NULL,NULL,0.000,0.000,NULL,0.000,0,0.000,'null',0.000,0,0,0.000,NULL,NULL,NULL,NULL,NULL,NULL,NULL,NULL,NULL,NULL,NULL,NULL,NULL,NULL,'Common Area','Cleaning','Society Office','gcch','0','','',4,NULL),
(639535,'650',NULL,NULL,NULL,NULL,NULL,'Resolve',NULL,NULL,NULL,NULL,NULL,NULL,NULL,NULL,'',NULL,NULL,NULL,NULL,0.000,0.000,NULL,0.000,0,0.000,'null',0.000,0,0,0.000,NULL,NULL,NULL,NULL,NULL,NULL,NULL,NULL,NULL,NULL,NULL,NULL,NULL,NULL,'Common Area','Party Hall','A','hxhx','0','','',0,NULL),
(639543,'651',NULL,NULL,NULL,NULL,NULL,'Resolve',NULL,NULL,NULL,NULL,NULL,NULL,NULL,NULL,'',NULL,NULL,NULL,NULL,0.000,0.000,NULL,0.000,0,0.000,'null',0.000,0,0,0.000,NULL,NULL,NULL,NULL,NULL,NULL,NULL,NULL,NULL,NULL,NULL,NULL,NULL,NULL,'Common Area','Party Hall','B','hcch','0','','',0,NULL),
(639553,'652',NULL,NULL,NULL,NULL,NULL,'Closed',NULL,NULL,NULL,NULL,NULL,NULL,NULL,NULL,'',NULL,NULL,NULL,NULL,0.000,0.000,NULL,0.000,0,0.000,'null',0.000,0,0,0.000,NULL,NULL,NULL,NULL,NULL,NULL,NULL,NULL,NULL,NULL,NULL,NULL,NULL,NULL,'Common Area','Swimming Pool','Gate','gh','1','','',4,NULL),
(639560,'653',NULL,NULL,NULL,NULL,NULL,'Created',NULL,NULL,NULL,NULL,NULL,NULL,NULL,NULL,'',NULL,NULL,NULL,NULL,0.000,0.000,NULL,0.000,0,0.000,'null',0.000,0,0,0.000,NULL,NULL,NULL,NULL,NULL,NULL,NULL,NULL,NULL,NULL,NULL,NULL,NULL,NULL,'Personal','Plumbing','Block: A; Society No: A1','yffy','0','','',0,NULL),
(639561,'654',NULL,NULL,NULL,NULL,NULL,'Created',NULL,NULL,NULL,NULL,NULL,NULL,NULL,NULL,'',NULL,NULL,NULL,NULL,0.000,0.000,NULL,0.000,0,0.000,'null',0.000,0,0,0.000,NULL,NULL,NULL,NULL,NULL,NULL,NULL,NULL,NULL,NULL,NULL,NULL,NULL,NULL,'Common Area','Security','A','hh','0','','',0,NULL),
(639562,'655',NULL,NULL,NULL,NULL,NULL,'Created',NULL,NULL,NULL,NULL,NULL,NULL,NULL,NULL,'',NULL,NULL,NULL,NULL,0.000,0.000,NULL,0.000,0,0.000,'null',0.000,0,0,0.000,NULL,NULL,NULL,NULL,NULL,NULL,NULL,NULL,NULL,NULL,NULL,NULL,NULL,NULL,'Personal','Plumbing','Block: A; Society No: A1','lll','0','','',0,NULL),
(639563,'656',NULL,NULL,NULL,NULL,NULL,'Created',NULL,NULL,NULL,NULL,NULL,NULL,NULL,NULL,'',NULL,NULL,NULL,NULL,0.000,0.000,NULL,0.000,0,0.000,'null',0.000,0,0,0.000,NULL,NULL,NULL,NULL,NULL,NULL,NULL,NULL,NULL,NULL,NULL,NULL,NULL,NULL,'Common Area','Security','Society Office','gy','0','','',0,NULL),
(639564,'657',NULL,NULL,NULL,NULL,NULL,'Created',NULL,NULL,NULL,NULL,NULL,NULL,NULL,NULL,'',NULL,NULL,NULL,NULL,0.000,0.000,NULL,0.000,0,0.000,'null',0.000,0,0,0.000,NULL,NULL,NULL,NULL,NULL,NULL,NULL,NULL,NULL,NULL,NULL,NULL,NULL,NULL,'Personal','Electricity','Block: A; Society No: A1','uuu','0','','',0,NULL),
(639565,'658',NULL,NULL,NULL,NULL,NULL,'Created',NULL,NULL,NULL,NULL,NULL,NULL,NULL,NULL,'',NULL,NULL,NULL,NULL,0.000,0.000,NULL,0.000,0,0.000,'null',0.000,0,0,0.000,NULL,NULL,NULL,NULL,NULL,NULL,NULL,NULL,NULL,NULL,NULL,NULL,NULL,NULL,'Personal','Electricity','Block: A; Society No: A1','hhh','0','','',0,NULL),
(639566,'659',NULL,NULL,NULL,NULL,NULL,'Created',NULL,NULL,NULL,NULL,NULL,NULL,NULL,NULL,'',NULL,NULL,NULL,NULL,0.000,0.000,NULL,0.000,0,0.000,'null',0.000,0,0,0.000,NULL,NULL,NULL,NULL,NULL,NULL,NULL,NULL,NULL,NULL,NULL,NULL,NULL,NULL,'Common Area','Lift','Gate','gg','0','','',0,NULL),
(639567,'660',NULL,NULL,NULL,NULL,NULL,'Created',NULL,NULL,NULL,NULL,NULL,NULL,NULL,NULL,'',NULL,NULL,NULL,NULL,0.000,0.000,NULL,0.000,0,0.000,'null',0.000,0,0,0.000,NULL,NULL,NULL,NULL,NULL,NULL,NULL,NULL,NULL,NULL,NULL,NULL,NULL,NULL,'Personal','Electricity','Society Office','aa','0','','',0,NULL),
(639568,'661',NULL,NULL,NULL,NULL,NULL,'Created',NULL,NULL,NULL,NULL,NULL,NULL,NULL,NULL,'',NULL,NULL,NULL,NULL,0.000,0.000,NULL,0.000,0,0.000,'null',0.000,0,0,0.000,NULL,NULL,NULL,NULL,NULL,NULL,NULL,NULL,NULL,NULL,NULL,NULL,NULL,NULL,'Personal','Plumbing','Society Office','pp','0','','',0,NULL),
(639569,'662',NULL,NULL,NULL,NULL,NULL,'Created',NULL,NULL,NULL,NULL,NULL,NULL,NULL,NULL,'',NULL,NULL,NULL,NULL,0.000,0.000,NULL,0.000,0,0.000,'null',0.000,0,0,0.000,NULL,NULL,NULL,NULL,NULL,NULL,NULL,NULL,NULL,NULL,NULL,NULL,NULL,NULL,'Personal','Electricity','Society Office','tt','0','','',0,NULL),
(639570,'663',NULL,NULL,NULL,NULL,NULL,'Created',NULL,NULL,NULL,NULL,NULL,NULL,NULL,NULL,'',NULL,NULL,NULL,NULL,0.000,0.000,NULL,0.000,0,0.000,'null',0.000,0,0,0.000,NULL,NULL,NULL,NULL,NULL,NULL,NULL,NULL,NULL,NULL,NULL,NULL,NULL,NULL,'Common Area','Plumbing','Society Office','kk','0','','',0,NULL),
(639571,'664',NULL,NULL,NULL,NULL,NULL,'Created',NULL,NULL,NULL,NULL,NULL,NULL,NULL,NULL,'',NULL,NULL,NULL,NULL,0.000,0.000,NULL,0.000,0,0.000,'null',0.000,0,0,0.000,NULL,NULL,NULL,NULL,NULL,NULL,NULL,NULL,NULL,NULL,NULL,NULL,NULL,NULL,'Common Area','Housekeeping','C','gg','0','','',0,NULL),
(639572,'665',NULL,NULL,NULL,NULL,NULL,'Created',NULL,NULL,NULL,NULL,NULL,NULL,NULL,NULL,'',NULL,NULL,NULL,NULL,0.000,0.000,NULL,0.000,0,0.000,'null',0.000,0,0,0.000,NULL,NULL,NULL,NULL,NULL,NULL,NULL,NULL,NULL,NULL,NULL,NULL,NULL,NULL,'Common Area','Club House','B','ss','0','','',0,NULL),
(639573,'666',NULL,NULL,NULL,NULL,NULL,'Closed',NULL,NULL,NULL,NULL,NULL,NULL,NULL,NULL,'',NULL,NULL,NULL,NULL,0.000,0.000,NULL,0.000,0,0.000,'null',0.000,0,0,0.000,NULL,NULL,NULL,NULL,NULL,NULL,NULL,NULL,NULL,NULL,NULL,NULL,NULL,NULL,'Personal','Electricity','Club House','aa','0','','',1,NULL),
(639574,'667',NULL,NULL,NULL,NULL,NULL,'Created',NULL,NULL,NULL,NULL,NULL,NULL,NULL,NULL,'',NULL,NULL,NULL,NULL,0.000,0.000,NULL,0.000,0,0.000,'null',0.000,0,0,0.000,NULL,NULL,NULL,NULL,NULL,NULL,NULL,NULL,NULL,NULL,NULL,NULL,NULL,NULL,'Personal','Plumbing','Society Office','bb','0','','',0,NULL),
(639575,'668',NULL,NULL,NULL,NULL,NULL,'Created',NULL,NULL,NULL,NULL,NULL,NULL,NULL,NULL,'',NULL,NULL,NULL,NULL,0.000,0.000,NULL,0.000,0,0.000,'null',0.000,0,0,0.000,NULL,NULL,NULL,NULL,NULL,NULL,NULL,NULL,NULL,NULL,NULL,NULL,NULL,NULL,'Personal','Electricity','C','cc','0','','',0,NULL),
(639633,'669',NULL,NULL,NULL,NULL,NULL,'Closed',NULL,NULL,NULL,NULL,NULL,NULL,NULL,NULL,'',NULL,NULL,NULL,NULL,0.000,0.000,NULL,0.000,0,0.000,'null',0.000,0,0,0.000,NULL,NULL,NULL,NULL,NULL,NULL,NULL,NULL,NULL,NULL,NULL,NULL,NULL,NULL,'Personal','Electricity','Block: A; Society No: A1','hhh','1','','',0,NULL),
(639652,'670',NULL,NULL,NULL,NULL,NULL,'Closed',NULL,NULL,NULL,NULL,NULL,NULL,NULL,NULL,'',NULL,NULL,NULL,NULL,0.000,0.000,NULL,0.000,0,0.000,'null',0.000,0,0,0.000,NULL,NULL,NULL,NULL,NULL,NULL,NULL,NULL,NULL,NULL,NULL,NULL,NULL,NULL,'Personal','Electricity','Block: A; Society No: A1','hh','0','','',2,NULL),
(639782,'671',NULL,NULL,NULL,NULL,NULL,'Closed',NULL,NULL,NULL,NULL,NULL,NULL,NULL,NULL,'',NULL,NULL,NULL,NULL,0.000,0.000,NULL,0.000,0,0.000,'null',0.000,0,0,0.000,NULL,NULL,NULL,NULL,NULL,NULL,NULL,NULL,NULL,NULL,NULL,NULL,NULL,NULL,'Common Area','Electricity','Gate','jjh','1','','',2,NULL),
(639783,'672',NULL,NULL,NULL,NULL,NULL,'Closed',NULL,NULL,NULL,NULL,NULL,NULL,NULL,NULL,'',NULL,NULL,NULL,NULL,0.000,0.000,NULL,0.000,0,0.000,'null',0.000,0,0,0.000,NULL,NULL,NULL,NULL,NULL,NULL,NULL,NULL,NULL,NULL,NULL,NULL,NULL,NULL,'Personal','Electricity','A','test','1','','',4,NULL),
(639920,'673',NULL,NULL,NULL,NULL,NULL,'Created',NULL,NULL,NULL,NULL,NULL,NULL,NULL,NULL,'',NULL,NULL,NULL,NULL,0.000,0.000,NULL,0.000,0,0.000,'null',0.000,0,0,0.000,NULL,NULL,NULL,NULL,NULL,NULL,NULL,NULL,NULL,NULL,NULL,NULL,NULL,NULL,'Common Area','Plumbing','Society Office','dtvtc','1','','',0,NULL),
(639923,'674',NULL,NULL,NULL,NULL,NULL,'Closed',NULL,NULL,NULL,NULL,NULL,NULL,NULL,NULL,'',NULL,NULL,NULL,NULL,0.000,0.000,NULL,0.000,0,0.000,'null',0.000,0,0,0.000,NULL,NULL,NULL,NULL,NULL,NULL,NULL,NULL,NULL,NULL,NULL,NULL,NULL,NULL,'Common Area','Plumbing','Society Office','dtvtc','1','','',3,NULL),
(639930,'675',NULL,NULL,NULL,NULL,NULL,'Closed',NULL,NULL,NULL,NULL,NULL,NULL,NULL,NULL,'',NULL,NULL,NULL,NULL,0.000,0.000,NULL,0.000,0,0.000,'null',0.000,0,0,0.000,NULL,NULL,NULL,NULL,NULL,NULL,NULL,NULL,NULL,NULL,NULL,NULL,NULL,NULL,'Common Area','Plumbing','Society Office','dtvtc','1','','',1,NULL),
(639933,'676',NULL,NULL,NULL,NULL,NULL,'Closed',NULL,NULL,NULL,NULL,NULL,NULL,NULL,NULL,'',NULL,NULL,NULL,NULL,0.000,0.000,NULL,0.000,0,0.000,'null',0.000,0,0,0.000,NULL,NULL,NULL,NULL,NULL,NULL,NULL,NULL,NULL,NULL,NULL,NULL,NULL,NULL,'Common Area','Plumbing','Gate','vttg','1','','',0,NULL),
(639952,'677',NULL,NULL,NULL,NULL,NULL,'Closed',NULL,NULL,NULL,NULL,NULL,NULL,NULL,NULL,'',NULL,NULL,NULL,NULL,0.000,0.000,NULL,0.000,0,0.000,'null',0.000,0,0,0.000,NULL,NULL,NULL,NULL,NULL,NULL,NULL,NULL,NULL,NULL,NULL,NULL,NULL,NULL,'Personal','Electricity','Block: A; Society No: A1','gcgc','0','','',0,NULL),
(639967,'678',NULL,NULL,NULL,NULL,NULL,'Resolve',NULL,NULL,NULL,NULL,NULL,NULL,NULL,NULL,'',NULL,NULL,NULL,NULL,0.000,0.000,NULL,0.000,0,0.000,'null',0.000,0,0,0.000,NULL,NULL,NULL,NULL,NULL,NULL,NULL,NULL,NULL,NULL,NULL,NULL,NULL,NULL,'Common Area','Plumbing','Society Office','hh','0','','',0,NULL),
(639988,'679',NULL,NULL,NULL,NULL,NULL,'Created',NULL,NULL,NULL,NULL,NULL,NULL,NULL,NULL,'',NULL,NULL,NULL,NULL,0.000,0.000,NULL,0.000,0,0.000,'null',0.000,0,0,0.000,NULL,NULL,NULL,NULL,NULL,NULL,NULL,NULL,NULL,NULL,NULL,NULL,NULL,NULL,'Common Area','Plumbing','Society Office','fvtv','1','','',0,NULL),
(640281,'680',NULL,NULL,NULL,NULL,NULL,'Created',NULL,NULL,NULL,NULL,NULL,NULL,NULL,NULL,'',NULL,NULL,NULL,NULL,0.000,0.000,NULL,0.000,0,0.000,'null',0.000,0,0,0.000,NULL,NULL,NULL,NULL,NULL,NULL,NULL,NULL,NULL,NULL,NULL,NULL,NULL,NULL,'Personal','Electricity','A','testing','0','','',0,NULL),
(640282,'681',NULL,NULL,NULL,NULL,NULL,'Created',NULL,NULL,NULL,NULL,NULL,NULL,NULL,NULL,'',NULL,NULL,NULL,NULL,0.000,0.000,NULL,0.000,0,0.000,'null',0.000,0,0,0.000,NULL,NULL,NULL,NULL,NULL,NULL,NULL,NULL,NULL,NULL,NULL,NULL,NULL,NULL,'Personal','Electricity','C','testing','0','','',0,NULL),
(640283,'682',NULL,NULL,NULL,NULL,NULL,'Created',NULL,NULL,NULL,NULL,NULL,NULL,NULL,NULL,'',NULL,NULL,NULL,NULL,0.000,0.000,NULL,0.000,0,0.000,'null',0.000,0,0,0.000,NULL,NULL,NULL,NULL,NULL,NULL,NULL,NULL,NULL,NULL,NULL,NULL,NULL,NULL,'Personal','Plumbing','A','testing','0','','',0,NULL),
(640284,'683',NULL,NULL,NULL,NULL,NULL,'Created',NULL,NULL,NULL,NULL,NULL,NULL,NULL,NULL,'',NULL,NULL,NULL,NULL,0.000,0.000,NULL,0.000,0,0.000,'null',0.000,0,0,0.000,NULL,NULL,NULL,NULL,NULL,NULL,NULL,NULL,NULL,NULL,NULL,NULL,NULL,NULL,'Personal','Plumbing','A','testing','0','','',0,NULL),
(640285,'684',NULL,NULL,NULL,NULL,NULL,'Created',NULL,NULL,NULL,NULL,NULL,NULL,NULL,NULL,'',NULL,NULL,NULL,NULL,0.000,0.000,NULL,0.000,0,0.000,'null',0.000,0,0,0.000,NULL,NULL,NULL,NULL,NULL,NULL,NULL,NULL,NULL,NULL,NULL,NULL,NULL,NULL,'Personal','Plumbing','A','testing','0','','',0,NULL),
(640286,'685',NULL,NULL,NULL,NULL,NULL,'Created',NULL,NULL,NULL,NULL,NULL,NULL,NULL,NULL,'',NULL,NULL,NULL,NULL,0.000,0.000,NULL,0.000,0,0.000,'null',0.000,0,0,0.000,NULL,NULL,NULL,NULL,NULL,NULL,NULL,NULL,NULL,NULL,NULL,NULL,NULL,NULL,'Personal','Plumbing','A','testing','0','','',0,NULL),
(640287,'686',NULL,NULL,NULL,NULL,NULL,'Created',NULL,NULL,NULL,NULL,NULL,NULL,NULL,NULL,'',NULL,NULL,NULL,NULL,0.000,0.000,NULL,0.000,0,0.000,'null',0.000,0,0,0.000,NULL,NULL,NULL,NULL,NULL,NULL,NULL,NULL,NULL,NULL,NULL,NULL,NULL,NULL,'Personal','Plumbing','A','testing','0','','',0,NULL),
(640288,'687',NULL,NULL,NULL,NULL,NULL,'Created',NULL,NULL,NULL,NULL,NULL,NULL,NULL,NULL,'',NULL,NULL,NULL,NULL,0.000,0.000,NULL,0.000,0,0.000,'null',0.000,0,0,0.000,NULL,NULL,NULL,NULL,NULL,NULL,NULL,NULL,NULL,NULL,NULL,NULL,NULL,NULL,'Personal','Security','Club House','testing','0','','',0,NULL),
(640290,'688',NULL,NULL,NULL,NULL,NULL,'Created',NULL,NULL,NULL,NULL,NULL,NULL,NULL,NULL,'',NULL,NULL,NULL,NULL,0.000,0.000,NULL,0.000,0,0.000,'null',0.000,0,0,0.000,NULL,NULL,NULL,NULL,NULL,NULL,NULL,NULL,NULL,NULL,NULL,NULL,NULL,NULL,'Personal','Security','Club House','testing','0','','',0,NULL),
(640291,'689',NULL,NULL,NULL,NULL,NULL,'Created',NULL,NULL,NULL,NULL,NULL,NULL,NULL,NULL,'',NULL,NULL,NULL,NULL,0.000,0.000,NULL,0.000,0,0.000,'null',0.000,0,0,0.000,NULL,NULL,NULL,NULL,NULL,NULL,NULL,NULL,NULL,NULL,NULL,NULL,NULL,NULL,'Personal','Security','Club House','testing','0','','',0,NULL),
(640292,'690',NULL,NULL,NULL,NULL,NULL,'Created',NULL,NULL,NULL,NULL,NULL,NULL,NULL,NULL,'',NULL,NULL,NULL,NULL,0.000,0.000,NULL,0.000,0,0.000,'null',0.000,0,0,0.000,NULL,NULL,NULL,NULL,NULL,NULL,NULL,NULL,NULL,NULL,NULL,NULL,NULL,NULL,'Common Area','Security','Gate','ntg','0','','',0,NULL),
(640295,'691',NULL,NULL,NULL,NULL,NULL,'Created',NULL,NULL,NULL,NULL,NULL,NULL,NULL,NULL,'',NULL,NULL,NULL,NULL,0.000,0.000,NULL,0.000,0,0.000,'null',0.000,0,0,0.000,NULL,NULL,NULL,NULL,NULL,NULL,NULL,NULL,NULL,NULL,NULL,NULL,NULL,NULL,'Personal','Electricity','A','check','0','','',0,NULL),
(640296,'692',NULL,NULL,NULL,NULL,NULL,'Created',NULL,NULL,NULL,NULL,NULL,NULL,NULL,NULL,'',NULL,NULL,NULL,NULL,0.000,0.000,NULL,0.000,0,0.000,'null',0.000,0,0,0.000,NULL,NULL,NULL,NULL,NULL,NULL,NULL,NULL,NULL,NULL,NULL,NULL,NULL,NULL,'Personal','Plumbing','Gate','hbhjbjj','0','','',0,NULL),
(640297,'693',NULL,NULL,NULL,NULL,NULL,'Created',NULL,NULL,NULL,NULL,NULL,NULL,NULL,NULL,'',NULL,NULL,NULL,NULL,0.000,0.000,NULL,0.000,0,0.000,'null',0.000,0,0,0.000,NULL,NULL,NULL,NULL,NULL,NULL,NULL,NULL,NULL,NULL,NULL,NULL,NULL,NULL,'Personal','Electricity','Society Office','hbhjbjj','0','','',0,NULL),
(640298,'694',NULL,NULL,NULL,NULL,NULL,'Created',NULL,NULL,NULL,NULL,NULL,NULL,NULL,NULL,'',NULL,NULL,NULL,NULL,0.000,0.000,NULL,0.000,0,0.000,'null',0.000,0,0,0.000,NULL,NULL,NULL,NULL,NULL,NULL,NULL,NULL,NULL,NULL,NULL,NULL,NULL,NULL,'Personal','Electricity','Society Office','hbhjbjj','0','','',0,NULL),
(640299,'695',NULL,NULL,NULL,NULL,NULL,'Created',NULL,NULL,NULL,NULL,NULL,NULL,NULL,NULL,'',NULL,NULL,NULL,NULL,0.000,0.000,NULL,0.000,0,0.000,'null',0.000,0,0,0.000,NULL,NULL,NULL,NULL,NULL,NULL,NULL,NULL,NULL,NULL,NULL,NULL,NULL,NULL,'Personal','Electricity','Society Office','hbhjbjj','0','','',0,NULL),
(640300,'696',NULL,NULL,NULL,NULL,NULL,'Created',NULL,NULL,NULL,NULL,NULL,NULL,NULL,NULL,'',NULL,NULL,NULL,NULL,0.000,0.000,NULL,0.000,0,0.000,'null',0.000,0,0,0.000,NULL,NULL,NULL,NULL,NULL,NULL,NULL,NULL,NULL,NULL,NULL,NULL,NULL,NULL,'Personal','Electricity','Society Office','hbhjbjj','0','','',0,NULL),
(640301,'697',NULL,NULL,NULL,NULL,NULL,'Created',NULL,NULL,NULL,NULL,NULL,NULL,NULL,NULL,'',NULL,NULL,NULL,NULL,0.000,0.000,NULL,0.000,0,0.000,'null',0.000,0,0,0.000,NULL,NULL,NULL,NULL,NULL,NULL,NULL,NULL,NULL,NULL,NULL,NULL,NULL,NULL,'Personal','Electricity','Society Office','hbhjbjj','0','','',0,NULL),
(640302,'698',NULL,NULL,NULL,NULL,NULL,'Created',NULL,NULL,NULL,NULL,NULL,NULL,NULL,NULL,'',NULL,NULL,NULL,NULL,0.000,0.000,NULL,0.000,0,0.000,'null',0.000,0,0,0.000,NULL,NULL,NULL,NULL,NULL,NULL,NULL,NULL,NULL,NULL,NULL,NULL,NULL,NULL,'Personal','Electricity','Society Office','hbhjbjj','0','','',0,NULL),
(640303,'699',NULL,NULL,NULL,NULL,NULL,'Created',NULL,NULL,NULL,NULL,NULL,NULL,NULL,NULL,'',NULL,NULL,NULL,NULL,0.000,0.000,NULL,0.000,0,0.000,'null',0.000,0,0,0.000,NULL,NULL,NULL,NULL,NULL,NULL,NULL,NULL,NULL,NULL,NULL,NULL,NULL,NULL,'Personal','Electricity','Society Office','hbhjbjj','0','','',0,NULL),
(640304,'700',NULL,NULL,NULL,NULL,NULL,'Created',NULL,NULL,NULL,NULL,NULL,NULL,NULL,NULL,'',NULL,NULL,NULL,NULL,0.000,0.000,NULL,0.000,0,0.000,'null',0.000,0,0,0.000,NULL,NULL,NULL,NULL,NULL,NULL,NULL,NULL,NULL,NULL,NULL,NULL,NULL,NULL,'Personal','Electricity','Society Office','hbhjbjj','0','','',0,NULL),
(640305,'701',NULL,NULL,NULL,NULL,NULL,'Created',NULL,NULL,NULL,NULL,NULL,NULL,NULL,NULL,'',NULL,NULL,NULL,NULL,0.000,0.000,NULL,0.000,0,0.000,'null',0.000,0,0,0.000,NULL,NULL,NULL,NULL,NULL,NULL,NULL,NULL,NULL,NULL,NULL,NULL,NULL,NULL,'Personal','Electricity','B','hbhjbjj','0','','',0,NULL),
(640306,'702',NULL,NULL,NULL,NULL,NULL,'Created',NULL,NULL,NULL,NULL,NULL,NULL,NULL,NULL,'',NULL,NULL,NULL,NULL,0.000,0.000,NULL,0.000,0,0.000,'null',0.000,0,0,0.000,NULL,NULL,NULL,NULL,NULL,NULL,NULL,NULL,NULL,NULL,NULL,NULL,NULL,NULL,'Personal','Electricity','B','hbhjbjj','0','','',0,NULL),
(640307,'703',NULL,NULL,NULL,NULL,NULL,'Created',NULL,NULL,NULL,NULL,NULL,NULL,NULL,NULL,'',NULL,NULL,NULL,NULL,0.000,0.000,NULL,0.000,0,0.000,'null',0.000,0,0,0.000,NULL,NULL,NULL,NULL,NULL,NULL,NULL,NULL,NULL,NULL,NULL,NULL,NULL,NULL,'Personal','Electricity','B','hbhjbjj','0','','',0,NULL),
(640308,'704',NULL,NULL,NULL,NULL,NULL,'Created',NULL,NULL,NULL,NULL,NULL,NULL,NULL,NULL,'',NULL,NULL,NULL,NULL,0.000,0.000,NULL,0.000,0,0.000,'null',0.000,0,0,0.000,NULL,NULL,NULL,NULL,NULL,NULL,NULL,NULL,NULL,NULL,NULL,NULL,NULL,NULL,'Personal','Electricity','B','hbhjbjj','0','','',0,NULL),
(640309,'705',NULL,NULL,NULL,NULL,NULL,'Created',NULL,NULL,NULL,NULL,NULL,NULL,NULL,NULL,'',NULL,NULL,NULL,NULL,0.000,0.000,NULL,0.000,0,0.000,'null',0.000,0,0,0.000,NULL,NULL,NULL,NULL,NULL,NULL,NULL,NULL,NULL,NULL,NULL,NULL,NULL,NULL,'Personal','Electricity','B','hbhjbjj','0','','',0,NULL),
(640310,'706',NULL,NULL,NULL,NULL,NULL,'Created',NULL,NULL,NULL,NULL,NULL,NULL,NULL,NULL,'',NULL,NULL,NULL,NULL,0.000,0.000,NULL,0.000,0,0.000,'null',0.000,0,0,0.000,NULL,NULL,NULL,NULL,NULL,NULL,NULL,NULL,NULL,NULL,NULL,NULL,NULL,NULL,'Personal','Electricity','B','hbhjbjj','0','','',0,NULL),
(640311,'707',NULL,NULL,NULL,NULL,NULL,'Created',NULL,NULL,NULL,NULL,NULL,NULL,NULL,NULL,'',NULL,NULL,NULL,NULL,0.000,0.000,NULL,0.000,0,0.000,'null',0.000,0,0,0.000,NULL,NULL,NULL,NULL,NULL,NULL,NULL,NULL,NULL,NULL,NULL,NULL,NULL,NULL,'Personal','Electricity','B','hbhjbjj','0','','',0,NULL),
(640312,'708',NULL,NULL,NULL,NULL,NULL,'Created',NULL,NULL,NULL,NULL,NULL,NULL,NULL,NULL,'',NULL,NULL,NULL,NULL,0.000,0.000,NULL,0.000,0,0.000,'null',0.000,0,0,0.000,NULL,NULL,NULL,NULL,NULL,NULL,NULL,NULL,NULL,NULL,NULL,NULL,NULL,NULL,'Personal','Electricity','B','hbhjbjj','0','','',0,NULL),
(640313,'709',NULL,NULL,NULL,NULL,NULL,'Created',NULL,NULL,NULL,NULL,NULL,NULL,NULL,NULL,'',NULL,NULL,NULL,NULL,0.000,0.000,NULL,0.000,0,0.000,'null',0.000,0,0,0.000,NULL,NULL,NULL,NULL,NULL,NULL,NULL,NULL,NULL,NULL,NULL,NULL,NULL,NULL,'Personal','Electricity','B','hbhjbjj','0','','',0,NULL),
(640314,'710',NULL,NULL,NULL,NULL,NULL,'Created',NULL,NULL,NULL,NULL,NULL,NULL,NULL,NULL,'',NULL,NULL,NULL,NULL,0.000,0.000,NULL,0.000,0,0.000,'null',0.000,0,0,0.000,NULL,NULL,NULL,NULL,NULL,NULL,NULL,NULL,NULL,NULL,NULL,NULL,NULL,NULL,'Personal','Electricity','B','hbhjbjj','0','','',0,NULL),
(640315,'711',NULL,NULL,NULL,NULL,NULL,'Created',NULL,NULL,NULL,NULL,NULL,NULL,NULL,NULL,'',NULL,NULL,NULL,NULL,0.000,0.000,NULL,0.000,0,0.000,'null',0.000,0,0,0.000,NULL,NULL,NULL,NULL,NULL,NULL,NULL,NULL,NULL,NULL,NULL,NULL,NULL,NULL,'Personal','Electricity','B','hbhjbjj','0','','',0,NULL),
(640316,'712',NULL,NULL,NULL,NULL,NULL,'Created',NULL,NULL,NULL,NULL,NULL,NULL,NULL,NULL,'',NULL,NULL,NULL,NULL,0.000,0.000,NULL,0.000,0,0.000,'null',0.000,0,0,0.000,NULL,NULL,NULL,NULL,NULL,NULL,NULL,NULL,NULL,NULL,NULL,NULL,NULL,NULL,'Personal','Electricity','B','hbhjbjj','0','','',0,NULL),
(640317,'713',NULL,NULL,NULL,NULL,NULL,'Created',NULL,NULL,NULL,NULL,NULL,NULL,NULL,NULL,'',NULL,NULL,NULL,NULL,0.000,0.000,NULL,0.000,0,0.000,'null',0.000,0,0,0.000,NULL,NULL,NULL,NULL,NULL,NULL,NULL,NULL,NULL,NULL,NULL,NULL,NULL,NULL,'Personal','Electricity','B','hbhjbjj','0','','',0,NULL),
(640318,'714',NULL,NULL,NULL,NULL,NULL,'Created',NULL,NULL,NULL,NULL,NULL,NULL,NULL,NULL,'',NULL,NULL,NULL,NULL,0.000,0.000,NULL,0.000,0,0.000,'null',0.000,0,0,0.000,NULL,NULL,NULL,NULL,NULL,NULL,NULL,NULL,NULL,NULL,NULL,NULL,NULL,NULL,'Personal','Electricity','B','hbhjbjj','0','','',0,NULL),
(640327,'715',NULL,NULL,NULL,NULL,NULL,'Created',NULL,NULL,NULL,NULL,NULL,NULL,NULL,NULL,'',NULL,NULL,NULL,NULL,0.000,0.000,NULL,0.000,0,0.000,'null',0.000,0,0,0.000,NULL,NULL,NULL,NULL,NULL,NULL,NULL,NULL,NULL,NULL,NULL,NULL,NULL,NULL,'Personal','Electricity','Society Office','hbhjbjj','0','','',0,NULL),
(640329,'716',NULL,NULL,NULL,NULL,NULL,'Created',NULL,NULL,NULL,NULL,NULL,NULL,NULL,NULL,'',NULL,NULL,NULL,NULL,0.000,0.000,NULL,0.000,0,0.000,'null',0.000,0,0,0.000,NULL,NULL,NULL,NULL,NULL,NULL,NULL,NULL,NULL,NULL,NULL,NULL,NULL,NULL,'Common Area','Club House','Club House','just','0','','',0,NULL),
(640334,'717',NULL,NULL,NULL,NULL,NULL,'Created',NULL,NULL,NULL,NULL,NULL,NULL,NULL,NULL,'',NULL,NULL,NULL,NULL,0.000,0.000,NULL,0.000,0,0.000,'null',0.000,0,0,0.000,NULL,NULL,NULL,NULL,NULL,NULL,NULL,NULL,NULL,NULL,NULL,NULL,NULL,NULL,'Personal','Plumbing','B','anagha requiredment','0','','',0,NULL),
(640337,'718',NULL,NULL,NULL,NULL,NULL,'Created',NULL,NULL,NULL,NULL,NULL,NULL,NULL,NULL,'',NULL,NULL,NULL,NULL,0.000,0.000,NULL,0.000,0,0.000,'null',0.000,0,0,0.000,NULL,NULL,NULL,NULL,NULL,NULL,NULL,NULL,NULL,NULL,NULL,NULL,NULL,NULL,'Common Area','Plumbing','B','anagha requiredment','0','','',0,NULL),
(640338,'719',NULL,NULL,NULL,NULL,NULL,'Created',NULL,NULL,NULL,NULL,NULL,NULL,NULL,NULL,'',NULL,NULL,NULL,NULL,0.000,0.000,NULL,0.000,0,0.000,'null',0.000,0,0,0.000,NULL,NULL,NULL,NULL,NULL,NULL,NULL,NULL,NULL,NULL,NULL,NULL,NULL,NULL,'Common Area','Plumbing','B','anagha requiredment','0','','',0,NULL),
(640339,'720',NULL,NULL,NULL,NULL,NULL,'Created',NULL,NULL,NULL,NULL,NULL,NULL,NULL,NULL,'',NULL,NULL,NULL,NULL,0.000,0.000,NULL,0.000,0,0.000,'null',0.000,0,0,0.000,NULL,NULL,NULL,NULL,NULL,NULL,NULL,NULL,NULL,NULL,NULL,NULL,NULL,NULL,'Common Area','Cleaning','B','anagha requiredment','0','','',0,NULL),
(640340,'721',NULL,NULL,NULL,NULL,NULL,'Created',NULL,NULL,NULL,NULL,NULL,NULL,NULL,NULL,'',NULL,NULL,NULL,NULL,0.000,0.000,NULL,0.000,0,0.000,'null',0.000,0,0,0.000,NULL,NULL,NULL,NULL,NULL,NULL,NULL,NULL,NULL,NULL,NULL,NULL,NULL,NULL,'Common Area','Cleaning','B','anagha requiredment','0','','',0,NULL),
(640341,'722',NULL,NULL,NULL,NULL,NULL,'Created',NULL,NULL,NULL,NULL,NULL,NULL,NULL,NULL,'',NULL,NULL,NULL,NULL,0.000,0.000,NULL,0.000,0,0.000,'null',0.000,0,0,0.000,NULL,NULL,NULL,NULL,NULL,NULL,NULL,NULL,NULL,NULL,NULL,NULL,NULL,NULL,'Common Area','Security','B','anagha requiredment','0','','',0,NULL),
(640342,'723',NULL,NULL,NULL,NULL,NULL,'Created',NULL,NULL,NULL,NULL,NULL,NULL,NULL,NULL,'',NULL,NULL,NULL,NULL,0.000,0.000,NULL,0.000,0,0.000,'null',0.000,0,0,0.000,NULL,NULL,NULL,NULL,NULL,NULL,NULL,NULL,NULL,NULL,NULL,NULL,NULL,NULL,'Common Area','Security','B','anagha requiredment','0','','',0,NULL),
(640343,'724',NULL,NULL,NULL,NULL,NULL,'Created',NULL,NULL,NULL,NULL,NULL,NULL,NULL,NULL,'',NULL,NULL,NULL,NULL,0.000,0.000,NULL,0.000,0,0.000,'null',0.000,0,0,0.000,NULL,NULL,NULL,NULL,NULL,NULL,NULL,NULL,NULL,NULL,NULL,NULL,NULL,NULL,'Common Area','Security','Society Office','iuiuhjhj','0','','',0,NULL),
(640344,'725',NULL,NULL,NULL,NULL,NULL,'Created',NULL,NULL,NULL,NULL,NULL,NULL,NULL,NULL,'',NULL,NULL,NULL,NULL,0.000,0.000,NULL,0.000,0,0.000,'null',0.000,0,0,0.000,NULL,NULL,NULL,NULL,NULL,NULL,NULL,NULL,NULL,NULL,NULL,NULL,NULL,NULL,'Personal','Plumbing','Gate','yuhjjnnm','0','','',0,NULL),
(640346,'726',NULL,NULL,NULL,NULL,NULL,'Created',NULL,NULL,NULL,NULL,NULL,NULL,NULL,NULL,'',NULL,NULL,NULL,NULL,0.000,0.000,NULL,0.000,0,0.000,'null',0.000,0,0,0.000,NULL,NULL,NULL,NULL,NULL,NULL,NULL,NULL,NULL,NULL,NULL,NULL,NULL,NULL,'Personal','Plumbing','Gate','lll','1','','',0,NULL),
(640351,'727',NULL,NULL,NULL,NULL,NULL,'Created',NULL,NULL,NULL,NULL,NULL,NULL,NULL,NULL,'',NULL,NULL,NULL,NULL,0.000,0.000,NULL,0.000,0,0.000,'null',0.000,0,0,0.000,NULL,NULL,NULL,NULL,NULL,NULL,NULL,NULL,NULL,NULL,NULL,NULL,NULL,NULL,'Common Area','Lift','A','yuhjjnnm','0','','',0,NULL),
(640353,'728',NULL,NULL,NULL,NULL,NULL,'Created',NULL,NULL,NULL,NULL,NULL,NULL,NULL,NULL,'',NULL,NULL,NULL,NULL,0.000,0.000,NULL,0.000,0,0.000,'null',0.000,0,0,0.000,NULL,NULL,NULL,NULL,NULL,NULL,NULL,NULL,NULL,NULL,NULL,NULL,NULL,NULL,'Common Area','Club House','Gate','not','0','','',0,NULL),
(640357,'729',NULL,NULL,NULL,NULL,NULL,'Created',NULL,NULL,NULL,NULL,NULL,NULL,NULL,NULL,'',NULL,NULL,NULL,NULL,0.000,0.000,NULL,0.000,0,0.000,'null',0.000,0,0,0.000,NULL,NULL,NULL,NULL,NULL,NULL,NULL,NULL,NULL,NULL,NULL,NULL,NULL,NULL,'Common Area','Club House','Gate','not','0','','',0,NULL),
(640358,'730',NULL,NULL,NULL,NULL,NULL,'Created',NULL,NULL,NULL,NULL,NULL,NULL,NULL,NULL,'',NULL,NULL,NULL,NULL,0.000,0.000,NULL,0.000,0,0.000,'null',0.000,0,0,0.000,NULL,NULL,NULL,NULL,NULL,NULL,NULL,NULL,NULL,NULL,NULL,NULL,NULL,NULL,'Personal','Club House','Society Office','lll','1','','',0,NULL),
(640359,'731',NULL,NULL,NULL,NULL,NULL,'Created',NULL,NULL,NULL,NULL,NULL,NULL,NULL,NULL,'',NULL,NULL,NULL,NULL,0.000,0.000,NULL,0.000,0,0.000,'null',0.000,0,0,0.000,NULL,NULL,NULL,NULL,NULL,NULL,NULL,NULL,NULL,NULL,NULL,NULL,NULL,NULL,'Common Area','Cleaning','Gate','seeeeeeeeeee','0','','',0,NULL),
(640363,'732',NULL,NULL,NULL,NULL,NULL,'Created',NULL,NULL,NULL,NULL,NULL,NULL,NULL,NULL,'',NULL,NULL,NULL,NULL,0.000,0.000,NULL,0.000,0,0.000,'null',0.000,0,0,0.000,NULL,NULL,NULL,NULL,NULL,NULL,NULL,NULL,NULL,NULL,NULL,NULL,NULL,NULL,'Common Area','Cleaning','Gate','seeeeeeeeeee','0','','',0,NULL),
(640364,'733',NULL,NULL,NULL,NULL,NULL,'Created',NULL,NULL,NULL,NULL,NULL,NULL,NULL,NULL,'',NULL,NULL,NULL,NULL,0.000,0.000,NULL,0.000,0,0.000,'null',0.000,0,0,0.000,NULL,NULL,NULL,NULL,NULL,NULL,NULL,NULL,NULL,NULL,NULL,NULL,NULL,NULL,'Common Area','Gym','Gate','seeeeeeeeeee','0','','',0,NULL),
(640365,'734',NULL,NULL,NULL,NULL,NULL,'Created',NULL,NULL,NULL,NULL,NULL,NULL,NULL,NULL,'',NULL,NULL,NULL,NULL,0.000,0.000,NULL,0.000,0,0.000,'null',0.000,0,0,0.000,NULL,NULL,NULL,NULL,NULL,NULL,NULL,NULL,NULL,NULL,NULL,NULL,NULL,NULL,'Common Area','Gym','Gate','seeeeeeeeeee','0','','',0,NULL),
(640366,'735',NULL,NULL,NULL,NULL,NULL,'Created',NULL,NULL,NULL,NULL,NULL,NULL,NULL,NULL,'',NULL,NULL,NULL,NULL,0.000,0.000,NULL,0.000,0,0.000,'null',0.000,0,0,0.000,NULL,NULL,NULL,NULL,NULL,NULL,NULL,NULL,NULL,NULL,NULL,NULL,NULL,NULL,'Common Area','Club House','A','jjjjjjjjjjjjjjjjjjjjjjjjjjjjjjjjjjjjjjjj','0','','',0,NULL),
(640367,'736',NULL,NULL,NULL,NULL,NULL,'Created',NULL,NULL,NULL,NULL,NULL,NULL,NULL,NULL,'',NULL,NULL,NULL,NULL,0.000,0.000,NULL,0.000,0,0.000,'null',0.000,0,0,0.000,NULL,NULL,NULL,NULL,NULL,NULL,NULL,NULL,NULL,NULL,NULL,NULL,NULL,NULL,'Common Area','Cleaning','Gate','nocleaning','0','','',0,NULL),
(640368,'737',NULL,NULL,NULL,NULL,NULL,'Created',NULL,NULL,NULL,NULL,NULL,NULL,NULL,NULL,'',NULL,NULL,NULL,NULL,0.000,0.000,NULL,0.000,0,0.000,'null',0.000,0,0,0.000,NULL,NULL,NULL,NULL,NULL,NULL,NULL,NULL,NULL,NULL,NULL,NULL,NULL,NULL,'Personal','Plumbing','D','water','0','','',0,NULL),
(640369,'738',NULL,NULL,NULL,NULL,NULL,'Created',NULL,NULL,NULL,NULL,NULL,NULL,NULL,NULL,'',NULL,NULL,NULL,NULL,0.000,0.000,NULL,0.000,0,0.000,'null',0.000,0,0,0.000,NULL,NULL,NULL,NULL,NULL,NULL,NULL,NULL,NULL,NULL,NULL,NULL,NULL,NULL,'Personal','Electricity','A','elec','0','','',0,NULL),
(640370,'739',NULL,NULL,NULL,NULL,NULL,'Created',NULL,NULL,NULL,NULL,NULL,NULL,NULL,NULL,'',NULL,NULL,NULL,NULL,0.000,0.000,NULL,0.000,0,0.000,'null',0.000,0,0,0.000,NULL,NULL,NULL,NULL,NULL,NULL,NULL,NULL,NULL,NULL,NULL,NULL,NULL,NULL,'Personal','Electricity','B','eleccccccccc','0','','',0,NULL),
(640371,'740',NULL,NULL,NULL,NULL,NULL,'Created',NULL,NULL,NULL,NULL,NULL,NULL,NULL,NULL,'',NULL,NULL,NULL,NULL,0.000,0.000,NULL,0.000,0,0.000,'null',0.000,0,0,0.000,NULL,NULL,NULL,NULL,NULL,NULL,NULL,NULL,NULL,NULL,NULL,NULL,NULL,NULL,'Personal','Electricity','Gate','testing','0','','',0,NULL),
(640372,'741',NULL,NULL,NULL,NULL,NULL,'Created',NULL,NULL,NULL,NULL,NULL,NULL,NULL,NULL,'',NULL,NULL,NULL,NULL,0.000,0.000,NULL,0.000,0,0.000,'null',0.000,0,0,0.000,NULL,NULL,NULL,NULL,NULL,NULL,NULL,NULL,NULL,NULL,NULL,NULL,NULL,NULL,'Common Area','Cleaning','B','iuyiyiuyuyyyyy','0','','',0,NULL),
(640373,'742',NULL,NULL,NULL,NULL,NULL,'Created',NULL,NULL,NULL,NULL,NULL,NULL,NULL,NULL,'',NULL,NULL,NULL,NULL,0.000,0.000,NULL,0.000,0,0.000,'null',0.000,0,0,0.000,NULL,NULL,NULL,NULL,NULL,NULL,NULL,NULL,NULL,NULL,NULL,NULL,NULL,NULL,'Common Area','Club House','Club House','abcdeffgggg','0','','',0,NULL),
(640374,'743',NULL,NULL,NULL,NULL,NULL,'Created',NULL,NULL,NULL,NULL,NULL,NULL,NULL,NULL,'',NULL,NULL,NULL,NULL,0.000,0.000,NULL,0.000,0,0.000,'null',0.000,0,0,0.000,NULL,NULL,NULL,NULL,NULL,NULL,NULL,NULL,NULL,NULL,NULL,NULL,NULL,NULL,'Personal','Electricity','C','xyzytzyutzz','0','','',0,NULL),
(640654,'744',NULL,NULL,NULL,NULL,NULL,'Created',NULL,NULL,NULL,NULL,NULL,NULL,NULL,NULL,'',NULL,NULL,NULL,NULL,0.000,0.000,NULL,0.000,0,0.000,'null',0.000,0,0,0.000,NULL,NULL,NULL,NULL,NULL,NULL,NULL,NULL,NULL,NULL,NULL,NULL,NULL,NULL,'Personal','Electricity','Block: C; Society No: C4','test','0','','',0,NULL),
(640732,'745',NULL,NULL,NULL,NULL,NULL,'Created',NULL,NULL,NULL,NULL,NULL,NULL,NULL,NULL,'',NULL,NULL,NULL,NULL,0.000,0.000,NULL,0.000,0,0.000,'null',0.000,0,0,0.000,NULL,NULL,NULL,NULL,NULL,NULL,NULL,NULL,NULL,NULL,NULL,NULL,NULL,NULL,'Personal','Electricity','Society Office','mlllmlml','0','','',0,NULL),
(640733,'746',NULL,NULL,NULL,NULL,NULL,'Created',NULL,NULL,NULL,NULL,NULL,NULL,NULL,NULL,'',NULL,NULL,NULL,NULL,0.000,0.000,NULL,0.000,0,0.000,'null',0.000,0,0,0.000,NULL,NULL,NULL,NULL,NULL,NULL,NULL,NULL,NULL,NULL,NULL,NULL,NULL,NULL,'Common Area','Electricity','Gate','lplp','1','','',0,NULL),
(640734,'747',NULL,NULL,NULL,NULL,NULL,'Created',NULL,NULL,NULL,NULL,NULL,NULL,NULL,NULL,'',NULL,NULL,NULL,NULL,0.000,0.000,NULL,0.000,0,0.000,'null',0.000,0,0,0.000,NULL,NULL,NULL,NULL,NULL,NULL,NULL,NULL,NULL,NULL,NULL,NULL,NULL,NULL,'Personal','Electricity','Gate','aaaaaaaaaaa','1','','',0,NULL),
(640735,'748',NULL,NULL,NULL,NULL,NULL,'Created',NULL,NULL,NULL,NULL,NULL,NULL,NULL,NULL,'',NULL,NULL,NULL,NULL,0.000,0.000,NULL,0.000,0,0.000,'null',0.000,0,0,0.000,NULL,NULL,NULL,NULL,NULL,NULL,NULL,NULL,NULL,NULL,NULL,NULL,NULL,NULL,'Personal','Electricity','Gate','qqqqqqqqq','1','','',0,NULL),
(640738,'749',NULL,NULL,NULL,NULL,NULL,'Created',NULL,NULL,NULL,NULL,NULL,NULL,NULL,NULL,'',NULL,NULL,NULL,NULL,0.000,0.000,NULL,0.000,0,0.000,'null',0.000,0,0,0.000,NULL,NULL,NULL,NULL,NULL,NULL,NULL,NULL,NULL,NULL,NULL,NULL,NULL,NULL,'Personal','Electricity','Club House','aaa','1','','',0,NULL),
(640739,'750',NULL,NULL,NULL,NULL,NULL,'Created',NULL,NULL,NULL,NULL,NULL,NULL,NULL,NULL,'',NULL,NULL,NULL,NULL,0.000,0.000,NULL,0.000,0,0.000,'null',0.000,0,0,0.000,NULL,NULL,NULL,NULL,NULL,NULL,NULL,NULL,NULL,NULL,NULL,NULL,NULL,NULL,'Common Area','Plumbing','A','dsdsdd','0','','',0,NULL),
(640741,'751',NULL,NULL,NULL,NULL,NULL,'Created',NULL,NULL,NULL,NULL,NULL,NULL,NULL,NULL,'',NULL,NULL,NULL,NULL,0.000,0.000,NULL,0.000,0,0.000,'null',0.000,0,0,0.000,NULL,NULL,NULL,NULL,NULL,NULL,NULL,NULL,NULL,NULL,NULL,NULL,NULL,NULL,'Personal','Electricity','Gate','qwe','1','','',0,NULL),
(640743,'752',NULL,NULL,NULL,NULL,NULL,'Created',NULL,NULL,NULL,NULL,NULL,NULL,NULL,NULL,'',NULL,NULL,NULL,NULL,0.000,0.000,NULL,0.000,0,0.000,'null',0.000,0,0,0.000,NULL,NULL,NULL,NULL,NULL,NULL,NULL,NULL,NULL,NULL,NULL,NULL,NULL,NULL,'Common Area','Plumbing','A','zzzzzzzzzz','1','','',0,NULL),
(640745,'753',NULL,NULL,NULL,NULL,NULL,'Created',NULL,NULL,NULL,NULL,NULL,NULL,NULL,NULL,'',NULL,NULL,NULL,NULL,0.000,0.000,NULL,0.000,0,0.000,'null',0.000,0,0,0.000,NULL,NULL,NULL,NULL,NULL,NULL,NULL,NULL,NULL,NULL,NULL,NULL,NULL,NULL,'Common Area','Plumbing','Gate','ffffffff','1','','',0,NULL),
(640747,'754',NULL,NULL,NULL,NULL,NULL,'Created',NULL,NULL,NULL,NULL,NULL,NULL,NULL,NULL,'',NULL,NULL,NULL,NULL,0.000,0.000,NULL,0.000,0,0.000,'null',0.000,0,0,0.000,NULL,NULL,NULL,NULL,NULL,NULL,NULL,NULL,NULL,NULL,NULL,NULL,NULL,NULL,'Common Area','Plumbing','Gate','mmmmmmm','0','','',0,NULL),
(640748,'755',NULL,NULL,NULL,NULL,NULL,'Created',NULL,NULL,NULL,NULL,NULL,NULL,NULL,NULL,'',NULL,NULL,NULL,NULL,0.000,0.000,NULL,0.000,0,0.000,'null',0.000,0,0,0.000,NULL,NULL,NULL,NULL,NULL,NULL,NULL,NULL,NULL,NULL,NULL,NULL,NULL,NULL,'Common Area','Lift','B','nnnnnnnn','0','','',0,NULL),
(640749,'756',NULL,NULL,NULL,NULL,NULL,'Created',NULL,NULL,NULL,NULL,NULL,NULL,NULL,NULL,'',NULL,NULL,NULL,NULL,0.000,0.000,NULL,0.000,0,0.000,'null',0.000,0,0,0.000,NULL,NULL,NULL,NULL,NULL,NULL,NULL,NULL,NULL,NULL,NULL,NULL,NULL,NULL,'Common Area','Security','B','ggg','0','','',0,NULL),
(640751,'757',NULL,NULL,NULL,NULL,NULL,'Created',NULL,NULL,NULL,NULL,NULL,NULL,NULL,NULL,'',NULL,NULL,NULL,NULL,0.000,0.000,NULL,0.000,0,0.000,'null',0.000,0,0,0.000,NULL,NULL,NULL,NULL,NULL,NULL,NULL,NULL,NULL,NULL,NULL,NULL,NULL,NULL,'Common Area','Security','Society Office','mkmkmkm','1','','',0,NULL),
(640752,'758',NULL,NULL,NULL,NULL,NULL,'Created',NULL,NULL,NULL,NULL,NULL,NULL,NULL,NULL,'',NULL,NULL,NULL,NULL,0.000,0.000,NULL,0.000,0,0.000,'null',0.000,0,0,0.000,NULL,NULL,NULL,NULL,NULL,NULL,NULL,NULL,NULL,NULL,NULL,NULL,NULL,NULL,'Personal','Electricity','Society Office','mkkkkkkkkkkk','1','','',0,NULL),
(640753,'759',NULL,NULL,NULL,NULL,NULL,'Created',NULL,NULL,NULL,NULL,NULL,NULL,NULL,NULL,'',NULL,NULL,NULL,NULL,0.000,0.000,NULL,0.000,0,0.000,'null',0.000,0,0,0.000,NULL,NULL,NULL,NULL,NULL,NULL,NULL,NULL,NULL,NULL,NULL,NULL,NULL,NULL,'Common Area','Security','B','gvh','0','','',0,NULL),
(640754,'760',NULL,NULL,NULL,NULL,NULL,'Created',NULL,NULL,NULL,NULL,NULL,NULL,NULL,NULL,'',NULL,NULL,NULL,NULL,0.000,0.000,NULL,0.000,0,0.000,'null',0.000,0,0,0.000,NULL,NULL,NULL,NULL,NULL,NULL,NULL,NULL,NULL,NULL,NULL,NULL,NULL,NULL,'Common Area','Lift','Gate','nm','0','','',0,NULL),
(640756,'761',NULL,NULL,NULL,NULL,NULL,'Created',NULL,NULL,NULL,NULL,NULL,NULL,NULL,NULL,'',NULL,NULL,NULL,NULL,0.000,0.000,NULL,0.000,0,0.000,'null',0.000,0,0,0.000,NULL,NULL,NULL,NULL,NULL,NULL,NULL,NULL,NULL,NULL,NULL,NULL,NULL,NULL,'Personal','Electricity','A','dsfdsfdsfs','0','','',0,NULL),
(640757,'762',NULL,NULL,NULL,NULL,NULL,'Created',NULL,NULL,NULL,NULL,NULL,NULL,NULL,NULL,'',NULL,NULL,NULL,NULL,0.000,0.000,NULL,0.000,0,0.000,'null',0.000,0,0,0.000,NULL,NULL,NULL,NULL,NULL,NULL,NULL,NULL,NULL,NULL,NULL,NULL,NULL,NULL,'Common Area','Lift','Gate','nm','0','','',0,NULL),
(640758,'763',NULL,NULL,NULL,NULL,NULL,'Created',NULL,NULL,NULL,NULL,NULL,NULL,NULL,NULL,'',NULL,NULL,NULL,NULL,0.000,0.000,NULL,0.000,0,0.000,'null',0.000,0,0,0.000,NULL,NULL,NULL,NULL,NULL,NULL,NULL,NULL,NULL,NULL,NULL,NULL,NULL,NULL,'Personal','Electricity','Society Office','kmlkmkm','0','','',0,NULL),
(640759,'764',NULL,NULL,NULL,NULL,NULL,'Created',NULL,NULL,NULL,NULL,NULL,NULL,NULL,NULL,'',NULL,NULL,NULL,NULL,0.000,0.000,NULL,0.000,0,0.000,'null',0.000,0,0,0.000,NULL,NULL,NULL,NULL,NULL,NULL,NULL,NULL,NULL,NULL,NULL,NULL,NULL,NULL,'Personal','Electricity','A','poipoipo','0','','',0,NULL),
(640760,'765',NULL,NULL,NULL,NULL,NULL,'Created',NULL,NULL,NULL,NULL,NULL,NULL,NULL,NULL,'',NULL,NULL,NULL,NULL,0.000,0.000,NULL,0.000,0,0.000,'null',0.000,0,0,0.000,NULL,NULL,NULL,NULL,NULL,NULL,NULL,NULL,NULL,NULL,NULL,NULL,NULL,NULL,'Common Area','Plumbing','Club House','distance','0','','',0,NULL),
(640761,'766',NULL,NULL,NULL,NULL,NULL,'Created',NULL,NULL,NULL,NULL,NULL,NULL,NULL,NULL,'',NULL,NULL,NULL,NULL,0.000,0.000,NULL,0.000,0,0.000,'null',0.000,0,0,0.000,NULL,NULL,NULL,NULL,NULL,NULL,NULL,NULL,NULL,NULL,NULL,NULL,NULL,NULL,'Personal','Electricity','B','distance','0','','',0,NULL),
(640762,'767',NULL,NULL,NULL,NULL,NULL,'Created',NULL,NULL,NULL,NULL,NULL,NULL,NULL,NULL,'',NULL,NULL,NULL,NULL,0.000,0.000,NULL,0.000,0,0.000,'null',0.000,0,0,0.000,NULL,NULL,NULL,NULL,NULL,NULL,NULL,NULL,NULL,NULL,NULL,NULL,NULL,NULL,'Personal','Electricity','Society Office','kmlkmkm','0','','',0,NULL),
(640763,'768',NULL,NULL,NULL,NULL,NULL,'Created',NULL,NULL,NULL,NULL,NULL,NULL,NULL,NULL,'',NULL,NULL,NULL,NULL,0.000,0.000,NULL,0.000,0,0.000,'null',0.000,0,0,0.000,NULL,NULL,NULL,NULL,NULL,NULL,NULL,NULL,NULL,NULL,NULL,NULL,NULL,NULL,'Common Area','Plumbing','Club House','jnin','0','','',0,NULL),
(640764,'769',NULL,NULL,NULL,NULL,NULL,'Created',NULL,NULL,NULL,NULL,NULL,NULL,NULL,NULL,'',NULL,NULL,NULL,NULL,0.000,0.000,NULL,0.000,0,0.000,'null',0.000,0,0,0.000,NULL,NULL,NULL,NULL,NULL,NULL,NULL,NULL,NULL,NULL,NULL,NULL,NULL,NULL,'Common Area','Cleaning','Society Office','jkk','0','','',0,NULL),
(640766,'770',NULL,NULL,NULL,NULL,NULL,'Created',NULL,NULL,NULL,NULL,NULL,NULL,NULL,NULL,'',NULL,NULL,NULL,NULL,0.000,0.000,NULL,0.000,0,0.000,'null',0.000,0,0,0.000,NULL,NULL,NULL,NULL,NULL,NULL,NULL,NULL,NULL,NULL,NULL,NULL,NULL,NULL,'Personal','Electricity','Gate','hgytf','1','','',0,NULL),
(640767,'771',NULL,NULL,NULL,NULL,NULL,'Created',NULL,NULL,NULL,NULL,NULL,NULL,NULL,NULL,'',NULL,NULL,NULL,NULL,0.000,0.000,NULL,0.000,0,0.000,'null',0.000,0,0,0.000,NULL,NULL,NULL,NULL,NULL,NULL,NULL,NULL,NULL,NULL,NULL,NULL,NULL,NULL,'Personal','Electricity','Society Office','jjjjjjjjjjjjjjjjj','1','','',0,NULL),
(640777,'772',NULL,NULL,NULL,NULL,NULL,'Created',NULL,NULL,NULL,NULL,NULL,NULL,NULL,NULL,'',NULL,NULL,NULL,NULL,0.000,0.000,NULL,0.000,0,0.000,'null',0.000,0,0,0.000,NULL,NULL,NULL,NULL,NULL,NULL,NULL,NULL,NULL,NULL,NULL,NULL,NULL,NULL,'Personal','Plumbing','Club House','km','1','','',0,NULL),
(640780,'773',NULL,NULL,NULL,NULL,NULL,'Created',NULL,NULL,NULL,NULL,NULL,NULL,NULL,NULL,'',NULL,NULL,NULL,NULL,0.000,0.000,NULL,0.000,0,0.000,'null',0.000,0,0,0.000,NULL,NULL,NULL,NULL,NULL,NULL,NULL,NULL,NULL,NULL,NULL,NULL,NULL,NULL,'Common Area','Security','Gate','mkmkmkmkm','1','','',0,NULL),
(640785,'774',NULL,NULL,NULL,NULL,NULL,'Created',NULL,NULL,NULL,NULL,NULL,NULL,NULL,NULL,'',NULL,NULL,NULL,NULL,0.000,0.000,NULL,0.000,0,0.000,'null',0.000,0,0,0.000,NULL,NULL,NULL,NULL,NULL,NULL,NULL,NULL,NULL,NULL,NULL,NULL,NULL,NULL,'Common Area','Security','Society Office','jk','0','','',0,NULL),
(640786,'775',NULL,NULL,NULL,NULL,NULL,'Created',NULL,NULL,NULL,NULL,NULL,NULL,NULL,NULL,'',NULL,NULL,NULL,NULL,0.000,0.000,NULL,0.000,0,0.000,'null',0.000,0,0,0.000,NULL,NULL,NULL,NULL,NULL,NULL,NULL,NULL,NULL,NULL,NULL,NULL,NULL,NULL,'Personal','Plumbing','Gate','dxf','1','','',0,NULL),
(640842,'776',NULL,NULL,NULL,NULL,NULL,'Created',NULL,NULL,NULL,NULL,NULL,NULL,NULL,NULL,'',NULL,NULL,NULL,NULL,0.000,0.000,NULL,0.000,0,0.000,'null',0.000,0,0,0.000,NULL,NULL,NULL,NULL,NULL,NULL,NULL,NULL,NULL,NULL,NULL,NULL,NULL,NULL,'Personal','Electricity','Society Office','aqaq','0','','',0,NULL),
(640893,'777',NULL,NULL,NULL,NULL,NULL,'Created',NULL,NULL,NULL,NULL,NULL,NULL,NULL,NULL,'',NULL,NULL,NULL,NULL,0.000,0.000,NULL,0.000,0,0.000,'null',0.000,0,0,0.000,NULL,NULL,NULL,NULL,NULL,NULL,NULL,NULL,NULL,NULL,NULL,NULL,NULL,NULL,'Personal','Electricity','Block: A; Society No: A1','tctc','0','','',0,NULL),
(640907,'778',NULL,NULL,NULL,NULL,NULL,'Created',NULL,NULL,NULL,NULL,NULL,NULL,NULL,NULL,'',NULL,NULL,NULL,NULL,0.000,0.000,NULL,0.000,0,0.000,'null',0.000,0,0,0.000,NULL,NULL,NULL,NULL,NULL,NULL,NULL,NULL,NULL,NULL,NULL,NULL,NULL,NULL,'Personal','Plumbing','Society Office','ntg','0','','',0,NULL),
(640908,'779',NULL,NULL,NULL,NULL,NULL,'Created',NULL,NULL,NULL,NULL,NULL,NULL,NULL,NULL,'',NULL,NULL,NULL,NULL,0.000,0.000,NULL,0.000,0,0.000,'null',0.000,0,0,0.000,NULL,NULL,NULL,NULL,NULL,NULL,NULL,NULL,NULL,NULL,NULL,NULL,NULL,NULL,'Personal','Electricity','A','wewqewq','0','','',0,NULL),
(640924,'780',NULL,NULL,NULL,NULL,NULL,'Created',NULL,NULL,NULL,NULL,NULL,NULL,NULL,NULL,'',NULL,NULL,NULL,NULL,0.000,0.000,NULL,0.000,0,0.000,'null',0.000,0,0,0.000,NULL,NULL,NULL,NULL,NULL,NULL,NULL,NULL,NULL,NULL,NULL,NULL,NULL,NULL,'Personal','Plumbing','C','ntggggggggg','0','','',0,NULL),
(640925,'781',NULL,NULL,NULL,NULL,NULL,'Created',NULL,NULL,NULL,NULL,NULL,NULL,NULL,NULL,'',NULL,NULL,NULL,NULL,0.000,0.000,NULL,0.000,0,0.000,'null',0.000,0,0,0.000,NULL,NULL,NULL,NULL,NULL,NULL,NULL,NULL,NULL,NULL,NULL,NULL,NULL,NULL,'Personal','Plumbing','C','ntggggggggg','0','','',0,NULL),
(640927,'782',NULL,NULL,NULL,NULL,NULL,'Created',NULL,NULL,NULL,NULL,NULL,NULL,NULL,NULL,'',NULL,NULL,NULL,NULL,0.000,0.000,NULL,0.000,0,0.000,'null',0.000,0,0,0.000,NULL,NULL,NULL,NULL,NULL,NULL,NULL,NULL,NULL,NULL,NULL,NULL,NULL,NULL,'Common Area','Cleaning','Gate','nocleaning','0','1000004473.jpg','',0,NULL),
(641191,'783',NULL,NULL,NULL,NULL,NULL,'Created',NULL,NULL,NULL,NULL,NULL,NULL,NULL,NULL,'',NULL,NULL,NULL,NULL,0.000,0.000,NULL,0.000,0,0.000,'null',0.000,0,0,0.000,NULL,NULL,NULL,NULL,NULL,NULL,NULL,NULL,NULL,NULL,NULL,NULL,NULL,NULL,'Personal','Electricity','Block: A; Society No: A1','rt','0','','',0,NULL),
(641768,'784',NULL,NULL,NULL,NULL,NULL,'In Progress',NULL,NULL,NULL,NULL,NULL,NULL,NULL,NULL,'',NULL,NULL,NULL,NULL,0.000,0.000,NULL,0.000,0,0.000,'null',0.000,0,0,0.000,NULL,NULL,NULL,NULL,NULL,NULL,NULL,NULL,NULL,NULL,NULL,NULL,NULL,NULL,'Common Area','Electricity','Society Office','Radha Radha','0','','',5,NULL);

--
-- Table structure for table `vtiger_type_of_conrt`
--

CREATE TABLE `vtiger_type_of_conrt` (
  `type_of_conrtid` int(11) NOT NULL AUTO_INCREMENT,
  `type_of_conrt` varchar(200) NOT NULL,
  `sortorderid` int(11) DEFAULT NULL,
  `presence` int(11) NOT NULL DEFAULT 1,
  `color` varchar(10) DEFAULT NULL,
  PRIMARY KEY (`type_of_conrtid`)
) ENGINE=InnoDB AUTO_INCREMENT=6 DEFAULT CHARSET=utf8mb3 COLLATE=utf8mb3_general_ci;

--
-- Dumping data for table `vtiger_type_of_conrt`
--

INSERT INTO `vtiger_type_of_conrt` VALUES
(1,'GPCC',0,1,NULL),
(2,'COSTCAP',1,1,NULL),
(3,'FMC',2,1,NULL),
(4,'MARC',3,1,NULL),
(5,'AMC',4,1,NULL);

--
-- Table structure for table `vtiger_type_of_conrt_seq`
--

CREATE TABLE `vtiger_type_of_conrt_seq` (
  `id` int(11) NOT NULL
) ENGINE=InnoDB DEFAULT CHARSET=utf8mb3 COLLATE=utf8mb3_bin;

--
-- Dumping data for table `vtiger_type_of_conrt_seq`
--

INSERT INTO `vtiger_type_of_conrt_seq` VALUES
(5);

--
-- Table structure for table `vtiger_type_of_contract`
--

CREATE TABLE `vtiger_type_of_contract` (
  `type_of_contractid` int(11) NOT NULL AUTO_INCREMENT,
  `type_of_contract` varchar(200) NOT NULL,
  `sortorderid` int(11) DEFAULT NULL,
  `presence` int(11) NOT NULL DEFAULT 1,
  `color` varchar(10) DEFAULT NULL,
  PRIMARY KEY (`type_of_contractid`)
) ENGINE=InnoDB AUTO_INCREMENT=3 DEFAULT CHARSET=utf8mb3 COLLATE=utf8mb3_general_ci;

--
-- Dumping data for table `vtiger_type_of_contract`
--

INSERT INTO `vtiger_type_of_contract` VALUES
(1,'A',0,1,NULL),
(2,'B',1,1,NULL);

--
-- Table structure for table `vtiger_type_of_contract_seq`
--

CREATE TABLE `vtiger_type_of_contract_seq` (
  `id` int(11) NOT NULL
) ENGINE=InnoDB DEFAULT CHARSET=utf8mb3 COLLATE=utf8mb3_general_ci;

--
-- Dumping data for table `vtiger_type_of_contract_seq`
--

INSERT INTO `vtiger_type_of_contract_seq` VALUES
(2);

--
-- Table structure for table `vtiger_type_of_damage`
--

CREATE TABLE `vtiger_type_of_damage` (
  `type_of_damageid` int(11) NOT NULL AUTO_INCREMENT,
  `type_of_damage` varchar(200) NOT NULL,
  `sortorderid` int(11) DEFAULT NULL,
  `presence` int(11) NOT NULL DEFAULT 1,
  `color` varchar(10) DEFAULT NULL,
  PRIMARY KEY (`type_of_damageid`)
) ENGINE=InnoDB AUTO_INCREMENT=2 DEFAULT CHARSET=utf8mb3 COLLATE=utf8mb3_general_ci;

--
-- Dumping data for table `vtiger_type_of_damage`
--

INSERT INTO `vtiger_type_of_damage` VALUES
(1,'FRONT DRIVE SHAFT CROSS BEARING FAILED',0,1,NULL);

--
-- Table structure for table `vtiger_type_of_damage_seq`
--

CREATE TABLE `vtiger_type_of_damage_seq` (
  `id` int(11) NOT NULL
) ENGINE=InnoDB DEFAULT CHARSET=utf8mb3 COLLATE=utf8mb3_general_ci;

--
-- Dumping data for table `vtiger_type_of_damage_seq`
--

INSERT INTO `vtiger_type_of_damage_seq` VALUES
(1);

--
-- Table structure for table `vtiger_type_of_eq_availability`
--

CREATE TABLE `vtiger_type_of_eq_availability` (
  `type_of_eq_availabilityid` int(11) NOT NULL AUTO_INCREMENT,
  `type_of_eq_availability` varchar(200) NOT NULL,
  `sortorderid` int(11) DEFAULT NULL,
  `presence` int(11) NOT NULL DEFAULT 1,
  `color` varchar(10) DEFAULT NULL,
  PRIMARY KEY (`type_of_eq_availabilityid`)
) ENGINE=InnoDB AUTO_INCREMENT=3 DEFAULT CHARSET=utf8mb3 COLLATE=utf8mb3_general_ci;

--
-- Dumping data for table `vtiger_type_of_eq_availability`
--

INSERT INTO `vtiger_type_of_eq_availability` VALUES
(1,'Month',0,1,NULL),
(2,'Year',1,1,NULL);

--
-- Table structure for table `vtiger_type_of_eq_availability_seq`
--

CREATE TABLE `vtiger_type_of_eq_availability_seq` (
  `id` int(11) NOT NULL
) ENGINE=InnoDB DEFAULT CHARSET=utf8mb3 COLLATE=utf8mb3_general_ci;

--
-- Dumping data for table `vtiger_type_of_eq_availability_seq`
--

INSERT INTO `vtiger_type_of_eq_availability_seq` VALUES
(2);

--
-- Table structure for table `vtiger_type_of_parts`
--

CREATE TABLE `vtiger_type_of_parts` (
  `type_of_partsid` int(11) NOT NULL AUTO_INCREMENT,
  `type_of_parts` varchar(200) NOT NULL,
  `sortorderid` int(11) DEFAULT NULL,
  `presence` int(11) NOT NULL DEFAULT 1,
  `color` varchar(10) DEFAULT NULL,
  PRIMARY KEY (`type_of_partsid`)
) ENGINE=InnoDB AUTO_INCREMENT=3 DEFAULT CHARSET=utf8mb3 COLLATE=utf8mb3_general_ci;

--
-- Dumping data for table `vtiger_type_of_parts`
--

INSERT INTO `vtiger_type_of_parts` VALUES
(1,'FRR',0,1,NULL),
(2,'FRN',1,1,NULL);

--
-- Table structure for table `vtiger_type_of_parts_seq`
--

CREATE TABLE `vtiger_type_of_parts_seq` (
  `id` int(11) NOT NULL
) ENGINE=InnoDB DEFAULT CHARSET=utf8mb3 COLLATE=utf8mb3_general_ci;

--
-- Dumping data for table `vtiger_type_of_parts_seq`
--

INSERT INTO `vtiger_type_of_parts_seq` VALUES
(2);

--
-- Table structure for table `vtiger_type_resident`
--

CREATE TABLE `vtiger_type_resident` (
  `type_residentid` int(11) NOT NULL AUTO_INCREMENT,
  `type_resident` varchar(200) NOT NULL,
  `presence` int(1) NOT NULL DEFAULT 1,
  `picklist_valueid` int(11) NOT NULL DEFAULT 0,
  `sortorderid` int(11) DEFAULT 0,
  `color` varchar(10) DEFAULT NULL,
  PRIMARY KEY (`type_residentid`)
) ENGINE=InnoDB AUTO_INCREMENT=3 DEFAULT CHARSET=utf8mb3 COLLATE=utf8mb3_general_ci;

--
-- Dumping data for table `vtiger_type_resident`
--

INSERT INTO `vtiger_type_resident` VALUES
(1,'Owner',1,131441,1,NULL),
(2,'Resident',1,131442,2,NULL);

--
-- Table structure for table `vtiger_type_resident_seq`
--

CREATE TABLE `vtiger_type_resident_seq` (
  `id` int(11) NOT NULL
) ENGINE=InnoDB DEFAULT CHARSET=utf8mb3 COLLATE=utf8mb3_unicode_ci;

--
-- Dumping data for table `vtiger_type_resident_seq`
--

INSERT INTO `vtiger_type_resident_seq` VALUES
(2);

--
-- Table structure for table `vtiger_usageunit`
--

CREATE TABLE `vtiger_usageunit` (
  `usageunitid` int(19) NOT NULL AUTO_INCREMENT,
  `usageunit` varchar(200) NOT NULL,
  `presence` int(1) NOT NULL DEFAULT 1,
  `picklist_valueid` int(19) NOT NULL DEFAULT 0,
  `sortorderid` int(11) DEFAULT NULL,
  `color` varchar(10) DEFAULT NULL,
  PRIMARY KEY (`usageunitid`),
  UNIQUE KEY `usageunit_usageunit_idx` (`usageunit`)
) ENGINE=InnoDB AUTO_INCREMENT=17 DEFAULT CHARSET=utf8mb3 COLLATE=utf8mb3_general_ci;

--
-- Dumping data for table `vtiger_usageunit`
--

INSERT INTO `vtiger_usageunit` VALUES
(1,'Box',1,194,0,NULL),
(2,'Carton',1,195,1,NULL),
(3,'Dozen',1,196,2,NULL),
(4,'Each',1,197,3,NULL),
(5,'Hours',1,198,4,NULL),
(6,'Impressions',1,199,5,NULL),
(7,'Lb',1,200,6,NULL),
(8,'M',1,201,7,NULL),
(9,'Pack',1,202,8,NULL),
(10,'Pages',1,203,9,NULL),
(11,'Pieces',1,204,10,NULL),
(12,'Quantity',1,205,11,NULL),
(13,'Reams',1,206,12,NULL),
(14,'Sheet',1,207,13,NULL),
(15,'Spiral Binder',1,208,14,NULL),
(16,'Sq Ft',1,209,15,NULL);

--
-- Table structure for table `vtiger_usageunit_seq`
--

CREATE TABLE `vtiger_usageunit_seq` (
  `id` int(11) NOT NULL
) ENGINE=MyISAM DEFAULT CHARSET=utf8mb3 COLLATE=utf8mb3_general_ci;

--
-- Dumping data for table `vtiger_usageunit_seq`
--

INSERT INTO `vtiger_usageunit_seq` VALUES
(16);

--
-- Table structure for table `vtiger_user2mergefields`
--

CREATE TABLE `vtiger_user2mergefields` (
  `userid` int(11) DEFAULT NULL,
  `tabid` int(19) DEFAULT NULL,
  `fieldid` int(19) DEFAULT NULL,
  `visible` int(2) DEFAULT NULL,
  KEY `userid_tabid_idx` (`userid`,`tabid`)
) ENGINE=InnoDB DEFAULT CHARSET=utf8mb3 COLLATE=utf8mb3_general_ci;

--
-- Dumping data for table `vtiger_user2mergefields`
--


--
-- Table structure for table `vtiger_user2role`
--

CREATE TABLE `vtiger_user2role` (
  `userid` int(11) NOT NULL,
  `roleid` varchar(255) NOT NULL,
  PRIMARY KEY (`userid`),
  KEY `user2role_roleid_idx` (`roleid`),
  CONSTRAINT `fk_2_vtiger_user2role` FOREIGN KEY (`userid`) REFERENCES `vtiger_users` (`id`) ON DELETE CASCADE
) ENGINE=InnoDB DEFAULT CHARSET=utf8mb3 COLLATE=utf8mb3_general_ci;

--
-- Dumping data for table `vtiger_user2role`
--

INSERT INTO `vtiger_user2role` VALUES
(1,'H2'),
(1230,'H2'),
(1205,'H335'),
(1206,'H335'),
(1207,'H335'),
(1208,'H335'),
(1209,'H335'),
(1210,'H335'),
(1211,'H335'),
(1212,'H335'),
(1213,'H335'),
(1214,'H335'),
(1215,'H335'),
(1216,'H335'),
(1226,'H335'),
(1227,'H335'),
(1232,'H335'),
(1040,'H346'),
(1106,'H346'),
(1111,'H346'),
(1112,'H346'),
(1113,'H346'),
(1114,'H346'),
(1115,'H346'),
(1116,'H346'),
(1117,'H346'),
(1118,'H346'),
(1119,'H346'),
(1120,'H346'),
(1121,'H346'),
(1201,'H346'),
(1204,'H346'),
(1058,'H347'),
(1105,'H347'),
(1043,'H349'),
(1044,'H349'),
(1045,'H349'),
(1049,'H349'),
(1055,'H349'),
(1217,'H349'),
(1042,'H350'),
(1050,'H350'),
(1052,'H350'),
(1054,'H351'),
(1056,'H351'),
(1057,'H351'),
(1038,'H353'),
(1059,'H353'),
(1060,'H353'),
(1061,'H353'),
(1062,'H353'),
(1063,'H353'),
(1064,'H353'),
(1065,'H353'),
(1066,'H353'),
(1067,'H353'),
(1068,'H353'),
(1069,'H353'),
(1070,'H353'),
(1071,'H353'),
(1072,'H353'),
(1073,'H353'),
(1074,'H353'),
(1075,'H353'),
(1076,'H353'),
(1077,'H353'),
(1078,'H353'),
(1079,'H353'),
(1080,'H353'),
(1081,'H353'),
(1082,'H353'),
(1083,'H353'),
(1084,'H353'),
(1085,'H353'),
(1086,'H353'),
(1087,'H353'),
(1088,'H353'),
(1089,'H353'),
(1090,'H353'),
(1091,'H353'),
(1092,'H353'),
(1093,'H353'),
(1094,'H353'),
(1095,'H353'),
(1096,'H353'),
(1097,'H353'),
(1098,'H353'),
(1099,'H353'),
(1100,'H353'),
(1101,'H353'),
(1102,'H353'),
(1103,'H353'),
(1104,'H353'),
(1107,'H353'),
(1108,'H353'),
(1109,'H353'),
(1110,'H353'),
(1122,'H353'),
(1123,'H353'),
(1124,'H353'),
(1125,'H353'),
(1126,'H353'),
(1127,'H353'),
(1128,'H353'),
(1129,'H353'),
(1130,'H353'),
(1131,'H353'),
(1132,'H353'),
(1133,'H353'),
(1134,'H353'),
(1135,'H353'),
(1136,'H353'),
(1137,'H353'),
(1138,'H353'),
(1139,'H353'),
(1140,'H353'),
(1141,'H353'),
(1142,'H353'),
(1143,'H353'),
(1144,'H353'),
(1145,'H353'),
(1146,'H353'),
(1147,'H353'),
(1148,'H353'),
(1149,'H353'),
(1150,'H353'),
(1151,'H353'),
(1152,'H353'),
(1153,'H353'),
(1154,'H353'),
(1155,'H353'),
(1156,'H353'),
(1157,'H353'),
(1158,'H353'),
(1159,'H353'),
(1160,'H353'),
(1161,'H353'),
(1162,'H353'),
(1163,'H353'),
(1164,'H353'),
(1165,'H353'),
(1166,'H353'),
(1167,'H353'),
(1168,'H353'),
(1169,'H353'),
(1170,'H353'),
(1171,'H353'),
(1172,'H353'),
(1173,'H353'),
(1174,'H353'),
(1175,'H353'),
(1176,'H353'),
(1177,'H353'),
(1178,'H353'),
(1179,'H353'),
(1180,'H353'),
(1181,'H353'),
(1182,'H353'),
(1183,'H353'),
(1184,'H353'),
(1185,'H353'),
(1186,'H353'),
(1187,'H353'),
(1188,'H353'),
(1189,'H353'),
(1190,'H353'),
(1191,'H353'),
(1192,'H353'),
(1193,'H353'),
(1194,'H353'),
(1195,'H353'),
(1196,'H353'),
(1197,'H353'),
(1198,'H353'),
(1199,'H353'),
(1200,'H353'),
(1202,'H353'),
(1203,'H353'),
(1039,'H356'),
(1041,'H357'),
(1046,'H357'),
(1047,'H357'),
(1048,'H357'),
(1051,'H357'),
(1053,'H357'),
(1218,'H361'),
(1220,'H361'),
(1221,'H361'),
(1222,'H361'),
(1224,'H361'),
(1225,'H361'),
(1228,'H361'),
(1229,'H361'),
(1231,'H361');

--
-- Table structure for table `vtiger_user_module_preferences`
--

CREATE TABLE `vtiger_user_module_preferences` (
  `userid` int(19) NOT NULL,
  `tabid` int(19) NOT NULL,
  `default_cvid` int(19) NOT NULL,
  PRIMARY KEY (`userid`,`tabid`),
  KEY `fk_2_vtiger_user_module_preferences` (`tabid`),
  CONSTRAINT `fk_2_vtiger_user_module_preferences` FOREIGN KEY (`tabid`) REFERENCES `vtiger_tab` (`tabid`) ON DELETE CASCADE ON UPDATE CASCADE
) ENGINE=InnoDB DEFAULT CHARSET=utf8mb3 COLLATE=utf8mb3_general_ci;

--
-- Dumping data for table `vtiger_user_module_preferences`
--

INSERT INTO `vtiger_user_module_preferences` VALUES
(1,4,7),
(1,8,137),
(1,14,100),
(1,45,50),
(1,51,71),
(1,52,144),
(1,67,133),
(1,69,115),
(1,71,136),
(1,73,114),
(1,75,132),
(1,77,99),
(1,78,106),
(1,80,134),
(1,81,118),
(1,86,149),
(1,96,204),
(1,114,240),
(9,6,4),
(876,50,51),
(880,50,110),
(888,96,176),
(1040,86,218);

--
-- Table structure for table `vtiger_users`
--

CREATE TABLE `vtiger_users` (
  `id` int(11) NOT NULL AUTO_INCREMENT,
  `user_name` varchar(255) DEFAULT NULL,
  `user_password` varchar(200) DEFAULT NULL,
  `cal_color` varchar(25) DEFAULT '#E6FAD8',
  `first_name` varchar(30) DEFAULT NULL,
  `last_name` varchar(30) DEFAULT NULL,
  `reports_to_id` varchar(36) DEFAULT NULL,
  `is_admin` varchar(3) DEFAULT '0',
  `currency_id` int(19) NOT NULL DEFAULT 1,
  `description` text DEFAULT NULL,
  `date_entered` timestamp NOT NULL DEFAULT current_timestamp() ON UPDATE current_timestamp(),
  `date_modified` datetime DEFAULT NULL,
  `modified_user_id` varchar(36) DEFAULT NULL,
  `title` varchar(50) DEFAULT NULL,
  `department` varchar(50) DEFAULT NULL,
  `phone_home` varchar(50) DEFAULT NULL,
  `phone_mobile` varchar(50) DEFAULT NULL,
  `phone_work` varchar(50) DEFAULT NULL,
  `phone_other` varchar(50) DEFAULT NULL,
  `phone_fax` varchar(50) DEFAULT NULL,
  `email1` varchar(100) DEFAULT NULL,
  `email2` varchar(100) DEFAULT NULL,
  `secondaryemail` varchar(100) DEFAULT NULL,
  `status` varchar(25) DEFAULT NULL,
  `signature` text DEFAULT NULL,
  `address_street` varchar(150) DEFAULT NULL,
  `address_city` varchar(100) DEFAULT NULL,
  `address_state` varchar(100) DEFAULT NULL,
  `address_country` varchar(25) DEFAULT NULL,
  `address_postalcode` varchar(9) DEFAULT NULL,
  `user_preferences` text DEFAULT NULL,
  `tz` varchar(30) DEFAULT NULL,
  `holidays` varchar(60) DEFAULT NULL,
  `namedays` varchar(60) DEFAULT NULL,
  `workdays` varchar(30) DEFAULT NULL,
  `weekstart` int(11) DEFAULT NULL,
  `date_format` varchar(200) DEFAULT NULL,
  `hour_format` varchar(30) DEFAULT 'am/pm',
  `start_hour` varchar(30) DEFAULT '10:00',
  `end_hour` varchar(30) DEFAULT '23:00',
  `is_owner` varchar(100) DEFAULT '0',
  `activity_view` varchar(200) DEFAULT 'Today',
  `lead_view` varchar(200) DEFAULT 'Today',
  `imagename` varchar(250) DEFAULT NULL,
  `deleted` int(1) NOT NULL DEFAULT 0,
  `confirm_password` varchar(300) DEFAULT NULL,
  `internal_mailer` varchar(3) NOT NULL DEFAULT '1',
  `reminder_interval` varchar(100) DEFAULT NULL,
  `reminder_next_time` varchar(100) DEFAULT NULL,
  `crypt_type` varchar(20) NOT NULL DEFAULT 'MD5',
  `accesskey` varchar(36) DEFAULT NULL,
  `theme` varchar(100) DEFAULT NULL,
  `language` varchar(36) DEFAULT NULL,
  `time_zone` varchar(200) DEFAULT NULL,
  `currency_grouping_pattern` varchar(100) DEFAULT NULL,
  `currency_decimal_separator` varchar(2) DEFAULT NULL,
  `currency_grouping_separator` varchar(2) DEFAULT NULL,
  `currency_symbol_placement` varchar(20) DEFAULT NULL,
  `phone_crm_extension` varchar(100) DEFAULT NULL,
  `no_of_currency_decimals` varchar(2) DEFAULT NULL,
  `truncate_trailing_zeros` varchar(3) DEFAULT NULL,
  `dayoftheweek` varchar(100) DEFAULT NULL,
  `callduration` varchar(100) DEFAULT NULL,
  `othereventduration` varchar(100) DEFAULT NULL,
  `calendarsharedtype` varchar(100) DEFAULT NULL,
  `default_record_view` varchar(10) DEFAULT NULL,
  `leftpanelhide` varchar(3) DEFAULT NULL,
  `rowheight` varchar(10) DEFAULT NULL,
  `defaulteventstatus` varchar(50) DEFAULT NULL,
  `defaultactivitytype` varchar(50) DEFAULT NULL,
  `hidecompletedevents` int(11) DEFAULT NULL,
  `defaultcalendarview` varchar(100) DEFAULT NULL,
  `defaultlandingpage` varchar(100) DEFAULT NULL,
  `status_2` varchar(255) DEFAULT NULL,
  `unique_id` varchar(255) DEFAULT NULL,
  PRIMARY KEY (`id`),
  KEY `user_user_name_idx` (`user_name`),
  KEY `user_user_password_idx` (`user_password`)
) ENGINE=InnoDB AUTO_INCREMENT=1233 DEFAULT CHARSET=utf8mb3 COLLATE=utf8mb3_general_ci;

--
-- Dumping data for table `vtiger_users`
--

INSERT INTO `vtiger_users` VALUES
(1,'admin','$2y$10$ANDx5a2L2bjerP6SsGxeH.U0p9in2Qhs5dbyBSHYx27bBgZ/KAoEe','#E6FAD8','Master','Karan','','on',2,'','2025-02-26 06:07:55',NULL,NULL,'','','','7558632946','','','','karanb@gmail.com','','','Active','','','','','','',NULL,NULL,NULL,NULL,NULL,NULL,'dd/mm/yyyy','12','08:00','23:00','1','This Week','Today','SampleJPGImage_50kbmb.jpg',0,'$2y$10$ANDx5a2L2bjerP6SsGxeH.U0p9in2Qhs5dbyBSHYx27bBgZ/KAoEe','1','5 Minutes',NULL,'PHASH','wCdDHbpb83fmlLH','alphagrey','en_us','Asia/Kolkata','123,456,789','.',',','$1.0','','2','1','Monday','5','5','public','Detail','0','','Planned','Call',0,'MyCalendar','Home','Online','80467'),
(1038,'Infra638878','$2y$10$sLaO4ElR7qqWA9Otcn8nJOYsfAVMqWBLvLSUTPi9dUTd3T9Z45TaS','#E6FAD8','Scooby','Scooby','','off',2,'','2025-01-09 11:17:09',NULL,NULL,'','','','9632589658','','','','scooby@mailinator.com','',NULL,'Active','','','','','','',NULL,NULL,NULL,NULL,NULL,NULL,'yyyy-mm-dd','12','09:00','','','Today','Today','scooby.jpg',0,'$2y$10$sLaO4ElR7qqWA9Otcn8nJOYsfAVMqWBLvLSUTPi9dUTd3T9Z45TaS','0','',NULL,'PHASH','Dn4xARNKBwmlvnk8','softed','en_us','UTC','123,456,789','.',',','$1.0','','2','0','Sunday','5','5','public','Summary','0','',NULL,NULL,0,'','Home',NULL,NULL),
(1039,'Infra638883','$2y$10$UrhGiCK7YOPkB2OSdFuH7..779Hv52bz1UCeMAdtZN0pAhLkynQoK','#E6FAD8','','Jamine','','off',2,'','2025-02-06 06:59:50',NULL,NULL,'Asia','','','+918906745678','','','','jasmine@mailinator.com','',NULL,'Active','','','','','','',NULL,NULL,NULL,NULL,NULL,NULL,'dd/mm/yyyy','12','09:00','','','Today','Today','Screenshot_20250102-190212.jpg',0,'$2y$10$UrhGiCK7YOPkB2OSdFuH7..779Hv52bz1UCeMAdtZN0pAhLkynQoK','0','',NULL,'PHASH','8RFqdJLlG96LgPcV','softed','en_us','Asia/Kolkata','123,456,789','.',',','$1.0','','2','0','Sunday','5','5','public','Summary','0','',NULL,NULL,0,'','Home',NULL,NULL),
(1040,'Owntenant638893','$2y$10$Jp5hz13VH0KAIAUx1lZH9O65SDqeBrJVLU6C.QsSXyOc6M.GWGRLi','#E6FAD8','','Fredy','','off',2,'','2025-01-09 11:17:33',NULL,NULL,'Asia','','','9638526398','','','','fredy@mailinator.com','',NULL,'Active','','','','','','',NULL,NULL,NULL,NULL,NULL,NULL,'dd/mm/yyyy','12','09:00','','','Today','Today','fredy.jpg',0,'$2y$10$Jp5hz13VH0KAIAUx1lZH9O65SDqeBrJVLU6C.QsSXyOc6M.GWGRLi','0','',NULL,'PHASH','JAw1pY8PvMpml2by','softed','en_us','Asia/Kolkata','123,456,789','.',',','$1.0','','2','0','Sunday','5','5','public','Summary','0','',NULL,NULL,0,'','Home',NULL,NULL),
(1041,'Infra638895','$2y$10$Q9bK.ymcHvEs5J75DwXoPelbO9jeelo22V3GOgeKZJW/QjXAIFgdS','#E6FAD8','','Barney','','off',2,'','2025-01-09 11:17:56',NULL,NULL,'Asia','','','+919345678987','','','','barney@mailinator.com','',NULL,'Active','','','','','','',NULL,NULL,NULL,NULL,NULL,NULL,'dd/mm/yyyy','12','09:00','','','Today','Today','barney.jpg',0,'$2y$10$Q9bK.ymcHvEs5J75DwXoPelbO9jeelo22V3GOgeKZJW/QjXAIFgdS','0','',NULL,'PHASH','W1kFtkG1lFpVDAm','softed','en_us','Asia/Kolkata','123,456,789','.',',','$1.0','','2','0','Sunday','5','5','public','Summary','0','',NULL,NULL,0,'','Home',NULL,NULL),
(1042,'Infra638902','$2y$10$NuuGsZX1m7nbI/4MVmKPUOjvHgxf43amgEp/l9Hu/ZM8HH/o58EDu','#E6FAD8','','Yashil Raj','','off',2,'','2025-01-09 07:24:42',NULL,NULL,'Asia','','','8497063751','','','','yashilraj2011@gmail.com','',NULL,'Active','','','','','','',NULL,NULL,NULL,NULL,NULL,NULL,'dd/mm/yyyy','12','09:00','','','Today','','',0,'$2y$10$mptyqGIQ3X40SSjuEes03OTdrIrnF/8r0RVXEdJ/jTbh0ZHuQ5oGW','0','',NULL,'PHASH','39E5gMguPDXjqTBG','softed','en_us','Asia/Kolkata','','.',',','','','','0','Sunday','5','5','public','Summary','0','',NULL,NULL,0,'','',NULL,NULL),
(1043,'Infra638954','$2y$10$R9yy49T0xM6Kz861sqX7xuRE97ltYByEvSHXcwZ.MUQc7akgIzdEm','#E6FAD8','','Akash','','off',2,'','2025-01-09 10:12:51',NULL,NULL,'Asia','','','6985471235','','','','akash@mail.com','',NULL,'Active','','','','','','',NULL,NULL,NULL,NULL,NULL,NULL,'dd/mm/yyyy','12','09:00','','','Today','','',0,'$2y$10$dnkmWF9B02QY6mKaevGxVOsAq4XEzkz8kJtbHDJT7OaYmRrOLaBxK','0','',NULL,'PHASH','PqXiExBikg9QlAan','softed','en_us','Asia/Kolkata','','.',',','','','','0','Sunday','5','5','public','Summary','0','',NULL,NULL,0,'','',NULL,NULL),
(1044,'Infra638981','$2y$10$scQRbuh41fV5FmREKLWYuOh0OL6Q33hsuKwdKo9t3.Jo1EqIQ3xRG','#E6FAD8','','Ram','','off',2,'','2025-01-09 10:34:18',NULL,NULL,'Asia','','','8457908566','','','','ram@gmail.com','',NULL,'Active','','','','','','',NULL,NULL,NULL,NULL,NULL,NULL,'dd/mm/yyyy','12','09:00','','','Today','','',0,'$2y$10$mufcOh99vVtyH1DxaVH3euyuDGvlYY8JI4V8mOUob6sV73TXU5sJq','0','',NULL,'PHASH','6qGsCZc2z3Xz5VAz','softed','en_us','Asia/Kolkata','','.',',','','','','0','Sunday','5','5','public','Summary','0','',NULL,NULL,0,'','',NULL,NULL),
(1045,'Infra638987','$2y$10$ZfIpHKVNb2PzMgVNXF2lF.rLJcihKptBJmLR5e9oGnnoiuU.BLFOa','#E6FAD8','','Ramu','','off',2,'','2025-01-09 10:42:08',NULL,NULL,'Asia','','','7465863578','','','','ramu@mail.com','',NULL,'Active','','','','','','',NULL,NULL,NULL,NULL,NULL,NULL,'dd/mm/yyyy','12','09:00','','','Today','','',0,'$2y$10$3BkFRHMdONmrsHujABli2.0Lwrzf3EeufPXb/nhGn8pOR1H3BBIH6','0','',NULL,'PHASH','7gyafKLKOe2C7cH','softed','en_us','Asia/Kolkata','','.',',','','','','0','Sunday','5','5','public','Summary','0','',NULL,NULL,0,'','',NULL,NULL),
(1046,'Infra638997','$2y$10$YjD19NPjDdMfd.NG84ENsegFfEdgoLAhvW.3pZpj14iRgwY2n5Hzu','#E6FAD8','','vaibavi','','off',2,'','2025-01-10 04:42:24',NULL,NULL,'Asia','','','9643548183','','','','vaib@mailinator.com','',NULL,'Inactive','','','','','','',NULL,NULL,NULL,NULL,NULL,NULL,'dd/mm/yyyy','12','09:00','','','Today','','',1,'$2y$10$njaSZKAQtbpk3CMMM11HluUTiggDA0Q7SnOd2dj2dSo04AW0/n6.2','0','',NULL,'PHASH','gvs9InU5mdtKkNvd','softed','en_us','Asia/Kolkata','','.',',','','','','0','Sunday','5','5','public','Summary','0','',NULL,NULL,0,'','',NULL,NULL),
(1047,'Infra639044','$2y$10$5nQhAcDmdVbrH3XnUBtXWOqrhSbKjX2SZjLoAZiR.ABP0RV1x33aG','#E6FAD8','','Jackie','','off',2,'','2025-01-09 12:47:43',NULL,NULL,'Asia','','','+919865523123','','','','harry@mailinator.com','',NULL,'Active','','','','','','',NULL,NULL,NULL,NULL,NULL,NULL,'dd/mm/yyyy','12','09:00','','','Today','','',0,'$2y$10$2BlReU0g5wXC4soZBDUstO.QJSyCGIkFlh7tgZBySMdiGn/AVrrzG','0','',NULL,'PHASH','DfbUyjz8ZOO2ezU','softed','en_us','Asia/Kolkata','','.',',','','','','0','Sunday','5','5','public','Summary','0','',NULL,NULL,0,'','',NULL,NULL),
(1048,'Infra639056','$2y$10$7.akl23Tn2afU5oVMsb2jOrsdcvElsChyXmv2se.clqcOS1FEYVWO','#E6FAD8','','Vaibhavi','','off',2,'','2025-01-10 06:05:58',NULL,NULL,'Asia','','','9657329130','','','','vaibhavis@mailinator.com','',NULL,'Active','','','','','','',NULL,NULL,NULL,NULL,NULL,NULL,'dd/mm/yyyy','12','09:00','','','Today','Today','imresizer-1736489119546.jpg',0,'$2y$10$hKFmsggHjRRbUQ4YvwcTiuIwsV/9sgqTy1vCcLHe.EoLpT0SK0apy','0','',NULL,'PHASH','stzmDbZe6NSFJh7P','softed','en_us','Asia/Kolkata','123,456,789','.',',','$1.0','','2','0','Sunday','5','5','public','Summary','0','',NULL,NULL,0,'','Home',NULL,NULL),
(1049,'Infra639133','$2y$10$kLlBwgR/.27GC8zrQBTzHesB.ksI2TaF1grYD8w3UVRGXZfhMQiWq','#E6FAD8','','Tony','','off',2,'','2025-01-10 09:55:22',NULL,NULL,'Asia','','','8797979794','','','','ton@mailinator.com','',NULL,'Active','','','','','','',NULL,NULL,NULL,NULL,NULL,NULL,'dd/mm/yyyy','12','09:00','','','Today','','',0,'$2y$10$izM35j7hUtZW.h5nZdKK3ublMQyBEG6PMhY61C77MERVNmumwObLC','0','',NULL,'PHASH','1DHu1qQTULLDj7gp','softed','en_us','Asia/Kolkata','','.',',','','','','0','Sunday','5','5','public','Summary','0','',NULL,NULL,0,'','',NULL,NULL),
(1050,'Infra639141','$2y$10$TbXPY0pibpKUpxBat5vwgu9g/iEE1UT8gGIWUq6KQGMlczTyE2XES','#E6FAD8','','Anagha','','off',2,'','2025-01-10 10:01:14',NULL,NULL,'Asia','','','9868986868','','','','an@mailinator.com','',NULL,'Active','','','','','','',NULL,NULL,NULL,NULL,NULL,NULL,'dd/mm/yyyy','12','09:00','','','Today','','',0,'$2y$10$d82Wlbx30AyV8pXpaYmWM.EW19NkUsXeSFxIUmV.v4cotQv0ZxJgO','0','',NULL,'PHASH','cdY5NaCgY6gyXOFQ','softed','en_us','Asia/Kolkata','','.',',','','','','0','Sunday','5','5','public','Summary','0','',NULL,NULL,0,'','',NULL,NULL),
(1051,'Infra639147','$2y$10$Npcx9QOlaSisR/TGgtfx.uDs.RhsOeNRQhsp5jTyJtOWS/fBdQdVu','#E6FAD8','','Prashant Ranjan Singh','','off',2,'','2025-01-10 10:06:09',NULL,NULL,'Asia','','','9525826855','','','','prashantsingh@gmail.com','',NULL,'Active','','','','','','',NULL,NULL,NULL,NULL,NULL,NULL,'dd/mm/yyyy','12','09:00','','','Today','','',0,'$2y$10$cx3IELFh.0B8SaycpHd3ZuTEJ.B4DveveJmXgyM8hbYHYc/34uUWe','0','',NULL,'PHASH','H131hADSvcHsAHYO','softed','en_us','Asia/Kolkata','','.',',','','','','0','Sunday','5','5','public','Summary','0','',NULL,NULL,0,'','',NULL,NULL),
(1052,'Infra639152','$2y$10$/MgiJ127OYttAc/qg.hEe.kcNKCy33C5/YAYSrajhavuhxCO3MNDS','#E6FAD8','','Sri','','off',2,'','2025-01-10 10:06:25',NULL,NULL,'Asia','','','9434575485','','','','anyone@mailinator.com','',NULL,'Active','','','','','','',NULL,NULL,NULL,NULL,NULL,NULL,'dd/mm/yyyy','12','09:00','','','Today','','',0,'$2y$10$7P1INhNlOYScjth6NAEJ9uQjwkSCYNJ8NVk1n5BYczTPZXoHHLQhO','0','',NULL,'PHASH','PLrPIpO7OemGRNFI','softed','en_us','Asia/Kolkata','','.',',','','','','0','Sunday','5','5','public','Summary','0','',NULL,NULL,0,'','',NULL,NULL),
(1053,'Infra639160','$2y$10$9/lleAlSmc0nqfPZGp1lWOVmGdEXJmrV42iY5LpFiVK1lOWqhvFNa','#E6FAD8','','vs','','off',2,'','2025-01-10 10:12:18',NULL,NULL,'Asia','','','8569433685','','','','vs@mailinator.com','',NULL,'Active','','','','','','',NULL,NULL,NULL,NULL,NULL,NULL,'dd/mm/yyyy','12','09:00','','','Today','','',0,'$2y$10$0.WLK6KNiPF17gpIjGHLxuAZehrFnAd9fYCiJA9l.dlVSuimm0Nde','0','',NULL,'PHASH','IXWgcKU3Pv6BL3lH','softed','en_us','Asia/Kolkata','','.',',','','','','0','Sunday','5','5','public','Summary','0','',NULL,NULL,0,'','',NULL,NULL),
(1054,'Infra639168','$2y$10$TB.Vp/oOlTH3z/2AzOameugldmiZjNzufz6nSUjnDdrLyGjzstYV6','#E6FAD8','','Prem','','off',2,'','2025-01-10 10:50:33',NULL,NULL,'Asia','','','2589632587','','','','prem@mailinator.com','',NULL,'Active','','','','','','',NULL,NULL,NULL,NULL,NULL,NULL,'dd/mm/yyyy','12','09:00','','','Today','','',0,'$2y$10$N88nbKSi9jMezTEpDJLQfe9Yg4shlk.G6ISJWNX64aqoM.HRv/QJq','0','',NULL,'PHASH','qg8M2a6KHqr1z2p','softed','en_us','Asia/Kolkata','','.',',','','','','0','Sunday','5','5','public','Summary','0','',NULL,NULL,0,'','',NULL,NULL),
(1055,'Infra639172','$2y$10$aFoQiwzouZLBA20UttNT2.pT3HixfaiT3TZSM9rnb3DaEEWV4zwEm','#E6FAD8','','Roy','','off',2,'','2025-01-10 11:05:40',NULL,NULL,'Asia','','','8523698572','','','','roy@mailinator.com','',NULL,'Active','','','','','','',NULL,NULL,NULL,NULL,NULL,NULL,'dd/mm/yyyy','12','09:00','','','Today','','',0,'$2y$10$gPcO9fotnXMBEyfTamZdqO0JZ.NX5pYW0/eKQpdecpngczIqDsOx.','0','',NULL,'PHASH','JaGpGhJIYWek5oti','softed','en_us','Asia/Kolkata','','.',',','','','','0','Sunday','5','5','public','Summary','0','',NULL,NULL,0,'','',NULL,NULL),
(1056,'Infra639332','$2y$10$89n5idx8MqAll/XQ/eoaPuy4QlhxAVzw9vC6aN9Cy7qmn6qiVQ1am','#E6FAD8','','Yadav','','off',2,'','2025-01-13 09:40:32',NULL,NULL,'Asia','','','8523697412','','','','ya@mailinator.com','',NULL,'Active','','','','','','',NULL,NULL,NULL,NULL,NULL,NULL,'dd/mm/yyyy','12','09:00','','','Today','','',0,'$2y$10$9IcvtzUFpH66ZHxdaLeer.c.g.rU.ZKiewcUt8lHIljPYiiFlkQ/.','0','',NULL,'PHASH','CNa28TQ6zTZ7HVzE','softed','en_us','Asia/Kolkata','','.',',','','','','0','Sunday','5','5','public','Summary','0','',NULL,NULL,0,'','',NULL,NULL),
(1057,'Infra639369','$2y$10$96RLjgnmEwy5ETnOfMFvqu4CSlfSrZUABc60BFFjXC57zFxaQs/vq','#E6FAD8','','denzil jose','','off',2,'','2025-01-15 06:48:51',NULL,NULL,'Asia','','','9686504103','','','','denzil@gmail.com','',NULL,'Active','','','','','','',NULL,NULL,NULL,NULL,NULL,NULL,'dd/mm/yyyy','12','09:00','','','Today','','',0,'$2y$10$O1mFD2.UPMEUrDo6R.JFwOCJlZkB20VuOqTbVfFKDceNM1mvx7FFm','0','',NULL,'PHASH','HLZ4XpiE4i0WDZ1','softed','en_us','Asia/Kolkata','123,456,789','.',',','$1.0','','2','0','Sunday','5','5','public','Summary','0','',NULL,NULL,0,'','',NULL,NULL),
(1058,'Owntenant639415','$2y$10$sm6BCZoKh3aC.XMp3yzqUe21u/KKBK9uxXO2AkNpydN/z9BnbGYim','#E6FAD8','','Rahul','','off',2,'','2025-01-21 06:05:13',NULL,NULL,'Asia','','','8523698741','','','','rahul@mailinator.com','',NULL,'Active','','','','','','',NULL,NULL,NULL,NULL,NULL,NULL,'dd/mm/yyyy','12','09:00','','','Today','','1000002791.jpg',0,'$2y$10$sm6BCZoKh3aC.XMp3yzqUe21u/KKBK9uxXO2AkNpydN/z9BnbGYim','0','',NULL,'PHASH','XnG2gEiIGxU6oPC0','softed','en_us','Asia/Kolkata','','.',',','','','','0','Sunday','5','5','public','Summary','0','',NULL,NULL,0,'','',NULL,NULL),
(1059,'Infra639972','$2y$10$iD8oLFSxM9txILhteSQhbO3SUJpnuPWkc2FZg39wo6YbbXSf8cAS2','#E6FAD8','Jain','','','',2,'','2025-01-24 11:56:45',NULL,NULL,'','','','9685236655','','','','jain@mailinator.com','',NULL,'Active','','','','','','',NULL,NULL,NULL,NULL,NULL,NULL,'yyyy-mm-dd','12','09:00','','','Today','','',0,'$2y$10$iD8oLFSxM9txILhteSQhbO3SUJpnuPWkc2FZg39wo6YbbXSf8cAS2','0','',NULL,'PHASH','8vtWzf6cB7HsWbxm','softed','en_us','UTC','','.',',','','','','0','Sunday','5','5','public','Summary','0','',NULL,NULL,0,'','',NULL,NULL),
(1060,'Infra639977','$2y$10$D9JT8XrIr2NCELqlh7UZq.fTezIXTxbpF5CZPMLa0Ly8yJndmVa1G','#E6FAD8','Roopa','','','',2,'','2025-01-24 11:30:06',NULL,NULL,'','','','9767686564','','','','roopa@yopmail.com','',NULL,'Active','','','','','','',NULL,NULL,NULL,NULL,NULL,NULL,'yyyy-mm-dd','12','09:00','','','Today','','',0,'$2y$10$Vi2e5S2ncZu1HFxPgJr40e/d.9iPmiDRXiMymP/qCVuqD2bLnl7JW','0','',NULL,'PHASH','PTKuntuQYGeHDd12','softed','en_us','UTC','','.',',','','','','0','Sunday','5','5','public','Summary','0','',NULL,NULL,0,'','',NULL,NULL),
(1061,'Infra639983','$2y$10$fjKZLfdEsn.D7a7PFeDKc.S2SrfO0QGlF6BtK8Dup1rpo0MkvCpXy','#E6FAD8','Suman','','','',2,'','2025-01-24 11:41:31',NULL,NULL,'','','','98762754524','','','','suman@mailinator.com','',NULL,'Active','','','','','','',NULL,NULL,NULL,NULL,NULL,NULL,'yyyy-mm-dd','12','09:00','','','Today','','',0,'$2y$10$H6vpsZXasXBIjsVkYblkvOD/dGFgZsBQB8wzY7Qt8zm1tSe9XPAwe','0','',NULL,'PHASH','tmdj1yKRmQcVShi0','softed','en_us','UTC','','.',',','','','','0','Sunday','5','5','public','Summary','0','',NULL,NULL,0,'','',NULL,NULL),
(1062,'Infra639990','$2y$10$BlYY853adF/lZg61zVPFnuPSXk9yga9ix8JdYcwbR9lNCEjLmC1tu','#E6FAD8','shree','','','',2,'','2025-01-24 11:58:18',NULL,NULL,'','','','94643542554','','','','devv@mailinator.com','',NULL,'Active','','','','','','',NULL,NULL,NULL,NULL,NULL,NULL,'yyyy-mm-dd','12','09:00','','','Today','','',0,'$2y$10$OPij//f7MOqFXqCQq8xyse5M7WJNrSHvPeLS33x/dqT9ut6avUMyu','0','',NULL,'PHASH','1BwWsUTGtex43Uiy','softed','en_us','UTC','','.',',','','','','0','Sunday','5','5','public','Summary','0','',NULL,NULL,0,'','',NULL,NULL),
(1063,'Infra639996','$2y$10$mlgip2qJNJ52ELblQYN.VOAk96W/m19vOpNf7GL09xcx/cnCBGkSq','#E6FAD8','Arnav','','','',2,'','2025-01-24 12:07:13',NULL,NULL,'','','','7890788990','','','','arnav@mailinator.com','',NULL,'Active','','','','','','',NULL,NULL,NULL,NULL,NULL,NULL,'yyyy-mm-dd','12','09:00','','','Today','','',0,'$2y$10$mlgip2qJNJ52ELblQYN.VOAk96W/m19vOpNf7GL09xcx/cnCBGkSq','0','',NULL,'PHASH','DNCNEesQXNassfgT','softed','en_us','UTC','','.',',','','','','0','Sunday','5','5','public','Summary','0','',NULL,NULL,0,'','',NULL,NULL),
(1064,'Infra640010','$2y$10$q8BBHCMXjscwLHM6ggdx2OHh5lvhTx9DlcAhjBvYOpdz343NYWIPu','#E6FAD8','Emerald','','','',2,'','2025-01-24 12:24:47',NULL,NULL,'','','','9685258658','','','','emerald@mailinator.com','',NULL,'Active','','','','','','',NULL,NULL,NULL,NULL,NULL,NULL,'yyyy-mm-dd','12','09:00','','','Today','','',0,'$2y$10$Jjs23scccbWhRviV8WnkVu3Q4ByoQ9HHn4.HeSas3ELnR9yl1rac6','0','',NULL,'PHASH','bUdtFRzZF5B5m2cc','softed','en_us','UTC','','.',',','','','','0','Sunday','5','5','public','Summary','0','',NULL,NULL,0,'','',NULL,NULL),
(1065,'Infra640016','$2y$10$n0b3jD5K8HKYRqtfUFJ9MuU05SSMC1kz1/RWnVFz939bPoJcNkNR.','#E6FAD8','Sim','','','',2,'','2025-01-24 12:29:11',NULL,NULL,'','','','8908908909','','','','sim@mailinator.com','',NULL,'Active','','','','','','',NULL,NULL,NULL,NULL,NULL,NULL,'yyyy-mm-dd','12','09:00','','','Today','','',0,'$2y$10$QcQnfCafqTa7.e1t.nN6fuo4jeqtwLuK7PhJZOgs2A42uyaMODoYa','0','',NULL,'PHASH','tNH5N0OF6RyaQepw','softed','en_us','UTC','','.',',','','','','0','Sunday','5','5','public','Summary','0','',NULL,NULL,0,'','',NULL,NULL),
(1066,'Infra640028','$2y$10$Uor4Yf84cBIxMtH3.yh76u2ERS2Svu7qaHsj74/h0G7pQvVWoZIeK','#E6FAD8','Suman','','','',2,'','2025-01-24 12:37:23',NULL,NULL,'','','','7762476347','','','','cansa@mailinator.com','',NULL,'Active','','','','','','',NULL,NULL,NULL,NULL,NULL,NULL,'yyyy-mm-dd','12','09:00','','','Today','','',0,'$2y$10$iGNZ0KU.DplY6Vu7UdatZOI/HM.la51fhvJhU/eQCbziwC7FiffUu','0','',NULL,'PHASH','IoPaBlCZnnSR39v','softed','en_us','UTC','','.',',','','','','0','Sunday','5','5','public','Summary','0','',NULL,NULL,0,'','',NULL,NULL),
(1067,'Infra640034','$2y$10$27kDv.bUvBVNl1mebNf5LOHtCf8Uh/W3uh3CR3ZApkcCqQGiNxthC','#E6FAD8','Harini','','','',2,'','2025-01-24 12:55:28',NULL,NULL,'','','','9886646341','','','','spark@mailinator.com','',NULL,'Active','','','','','','',NULL,NULL,NULL,NULL,NULL,NULL,'yyyy-mm-dd','12','09:00','','','Today','','',0,'$2y$10$1zH4JsKOk0HaEi0hweS2t.pXk98uPlw8V.fNR0NVAgLVZUaXClDb2','0','',NULL,'PHASH','q3zR1PMy85X4yfh4','softed','en_us','UTC','','.',',','','','','0','Sunday','5','5','public','Summary','0','',NULL,NULL,0,'','',NULL,NULL),
(1068,'Infra640040','$2y$10$SZw.lcTQd.cXXFtQYmVDdexDeSeLy8dJkivOZJgqKFFc66x2XwCEO','#E6FAD8','Suman','','','',2,'','2025-01-27 05:38:16',NULL,NULL,'','','','9834763412','','','','melody@mailinator.com','',NULL,'Active','','','','','','',NULL,NULL,NULL,NULL,NULL,NULL,'yyyy-mm-dd','12','09:00','','','Today','','',0,'$2y$10$sfxYtcluT3rR/2Wn/3UlW.JIH85uxNpYDXHxtKx7slcgCsI13g6SW','0','',NULL,'PHASH','TND3l7K55KSTEsH6','softed','en_us','UTC','','.',',','','','','0','Sunday','5','5','public','Summary','0','',NULL,NULL,0,'','',NULL,NULL),
(1069,'Infra640046','$2y$10$JyF/kyPZlqB6uwjIKc645eDVBitYONU.H26hSqCPtmGp9uHrWIqPG','#E6FAD8','Nethra','','','',2,'','2025-01-27 06:01:38',NULL,NULL,'','','','98765430213','','','','shravan@mailinator.com','',NULL,'Active','','','','','','',NULL,NULL,NULL,NULL,NULL,NULL,'yyyy-mm-dd','12','09:00','','','Today','','',0,'$2y$10$AVDkfankzpj27k8.0Qfcf.phtvqbYBmN7L61p/ttgaOMxR3NxRzmS','0','',NULL,'PHASH','3i7Bhvp0NUmheDo4','softed','en_us','UTC','','.',',','','','','0','Sunday','5','5','public','Summary','0','',NULL,NULL,0,'','',NULL,NULL),
(1070,'Infra640052','$2y$10$.2oeOxqzUS9qqdQ9LdzTcOnCe.ISTgCrTkU/MtqV0oH4Ynb2LgqLC','#E6FAD8','Rahul','','','',2,'','2025-01-27 06:08:39',NULL,NULL,'','','','8989898989','','','','rahul@mailinator.com','',NULL,'Active','','','','','','',NULL,NULL,NULL,NULL,NULL,NULL,'yyyy-mm-dd','12','09:00','','','Today','','',0,'$2y$10$rfxtnacN4t7GJaPFtvDTNO683eu0dmFmShnCCQnGh0hX4.I2BSLDe','0','',NULL,'PHASH','BfhktxFswlf5fX1X','softed','en_us','UTC','','.',',','','','','0','Sunday','5','5','public','Summary','0','',NULL,NULL,0,'','',NULL,NULL),
(1071,'Infra640061','$2y$10$VHaUpw9axypxZP/UPEQ20./M3gMp93AgyF9Ycg1iZAXOwo8fI4hk.','#E6FAD8','Sumitha','','','',2,'','2025-01-27 07:16:15',NULL,NULL,'','','','9807654123','','','','shravani@mailinator.com','',NULL,'Active','','','','','','',NULL,NULL,NULL,NULL,NULL,NULL,'yyyy-mm-dd','12','09:00','','','Today','','',0,'$2y$10$L5qdLWFQGRl6id4gSWyAzeh8MdWwXrdp.qK7MTbXcoEv/JO7TvAS2','0','',NULL,'PHASH','L7beSEgYl1W7erYL','softed','en_us','UTC','','.',',','','','','0','Sunday','5','5','public','Summary','0','',NULL,NULL,0,'','',NULL,NULL),
(1072,'Infra640068','$2y$10$QjBPoL1o8T18eTdeZ1WAR.qUheoaceVQ1oam7N9UzWm9BtNd4iTXG','#E6FAD8','Suman Kumar','','','',2,'','2025-01-27 07:35:55',NULL,NULL,'','','','9846753451','','','','sparkstay@mailinator.com','',NULL,'Active','','','','','','',NULL,NULL,NULL,NULL,NULL,NULL,'yyyy-mm-dd','12','09:00','','','Today','','',0,'$2y$10$Ojjqm4F0l9VL6S3C5Cq1SucxApmnMMQW37Jgp42olz1xDpwZC0DXG','0','',NULL,'PHASH','er2Fh5QU32T4POPm','softed','en_us','UTC','','.',',','','','','0','Sunday','5','5','public','Summary','0','',NULL,NULL,0,'','',NULL,NULL),
(1073,'Infra640073','$2y$10$bNyOuvOsxaLMAyMU6xM47eVAT.oFM6m4VvyMJWBNcN.lOOi.1yx9C','#E6FAD8','Suman Kumar','','','',2,'','2025-01-27 07:36:38',NULL,NULL,'','','','9846753451','','','','sparkstay@mailinator.com','',NULL,'Active','','','','','','',NULL,NULL,NULL,NULL,NULL,NULL,'yyyy-mm-dd','12','09:00','','','Today','','',0,'$2y$10$BvcGJ5xUmu79YGE.SqUDreIQHwFrDremN..hNyrapuNwcw1.HU2w6','0','',NULL,'PHASH','gtyyW3YIeM0FbAyK','softed','en_us','UTC','','.',',','','','','0','Sunday','5','5','public','Summary','0','',NULL,NULL,0,'','',NULL,NULL),
(1074,'Infra640086','$2y$10$CrdR.v5mMwCiYStNV1WdpuBvNI38bC1Jcza/9NlwRYTQwgum2E7HS','#E6FAD8','Nethra','','','',2,'','2025-01-27 08:00:21',NULL,NULL,'','','','9870654123','','','','sparksite@mailinator.com','',NULL,'Active','','','','','','',NULL,NULL,NULL,NULL,NULL,NULL,'yyyy-mm-dd','12','09:00','','','Today','','',0,'$2y$10$k27GP9hStSBYrXMQc9I69OQBZ70upaSUA/z2c7jTSU2QwIEcSZOkK','0','',NULL,'PHASH','iVggQKqawG446NdI','softed','en_us','UTC','','.',',','','','','0','Sunday','5','5','public','Summary','0','',NULL,NULL,0,'','',NULL,NULL),
(1075,'Infra640091','$2y$10$oTHtZSHqyd5jIMKHqeaNc.6t7V0uVftJTpaqUx6LPez0xioiI53iy','#E6FAD8','Nethra','','','',2,'','2025-01-27 08:01:03',NULL,NULL,'','','','9870654123','','','','sparksite@mailinator.com','',NULL,'Active','','','','','','',NULL,NULL,NULL,NULL,NULL,NULL,'yyyy-mm-dd','12','09:00','','','Today','','',0,'$2y$10$xrEKCuQ6pNMU0vkDnKq3iuQnnHj7wod8FkkIZ/E7o0BCSNpdTV7GW','0','',NULL,'PHASH','qbV6Lq36QeDXcf1B','softed','en_us','UTC','','.',',','','','','0','Sunday','5','5','public','Summary','0','',NULL,NULL,0,'','',NULL,NULL),
(1076,'Infra640095','$2y$10$Z7UiL32Pu7XRPo.nXYd7E.6P12qQClfIeArUY8gsXEO.V5oc7x6dK','#E6FAD8','Nethra','','','',2,'','2025-01-27 08:02:37',NULL,NULL,'','','','9870654123','','','','sparksite@mailinator.com','',NULL,'Active','','','','','','',NULL,NULL,NULL,NULL,NULL,NULL,'yyyy-mm-dd','12','09:00','','','Today','','',0,'$2y$10$LSlWkIqrWsyoycKNiePvsOeuISOXCrD8BElysFYnkvnLy77f4gQKu','0','',NULL,'PHASH','cl2gRITw3MiCSpqg','softed','en_us','UTC','','.',',','','','','0','Sunday','5','5','public','Summary','0','',NULL,NULL,0,'','',NULL,NULL),
(1077,'Infra640100','$2y$10$hQtDokQU/IRsMW4HUWpGaOAjITimZn8349xHJFOnM45LQWy8Kf48m','#E6FAD8','Nainika Singh','','','',2,'','2025-01-27 09:15:36',NULL,NULL,'','','','9846475231','','','','hustlestays@mailinator.com','',NULL,'Active','','','','','','',NULL,NULL,NULL,NULL,NULL,NULL,'yyyy-mm-dd','12','09:00','','','Today','','',0,'$2y$10$Oq/jBJ9UACFuHyoMVYOYsu4Oi.gvn48JpWwETlBwY6WyJ1//3ZNOy','0','',NULL,'PHASH','eAVPXaQ2QvRxqB84','softed','en_us','UTC','','.',',','','','','0','Sunday','5','5','public','Summary','0','',NULL,NULL,0,'','',NULL,NULL),
(1078,'Infra640106','$2y$10$34KiISOxVdKevO6LlnFNzu.ThWif6LMkNRC24FIjziK6GUnzrIOty','#E6FAD8','Tony','','','',2,'','2025-01-27 09:25:23',NULL,NULL,'','','','9898789876','','','','tony@mailinator.com','',NULL,'Active','','','','','','',NULL,NULL,NULL,NULL,NULL,NULL,'yyyy-mm-dd','12','09:00','','','Today','','',0,'$2y$10$Y7NY54gy9u1VeOUTcOYA7uCfDoreY0IbWLn4HOq/kYMaJszi/e.EW','0','',NULL,'PHASH','iZij9VOk5eRmM0ow','softed','en_us','UTC','','.',',','','','','0','Sunday','5','5','public','Summary','0','',NULL,NULL,0,'','',NULL,NULL),
(1079,'Infra640132','$2y$10$w1MOboxRZ8FAPhREtdjfj.3cJmjrc8LZhrzBNduiAQ/rDbmYwiW5G','#E6FAD8','Denzil','','','',2,'','2025-01-27 10:13:31',NULL,NULL,'','','','8987656789','','','','denzil@mailinator.com','',NULL,'Active','','','','','','',NULL,NULL,NULL,NULL,NULL,NULL,'yyyy-mm-dd','12','09:00','','','Today','','',0,'$2y$10$eQRbiogiA0L4g/iRnAa7XuiUdMC48VV4v5pUPau3JNm9RqZF.E6SW','0','',NULL,'PHASH','fyvldRDAGbTDAVE','softed','en_us','UTC','','.',',','','','','0','Sunday','5','5','public','Summary','0','',NULL,NULL,0,'','',NULL,NULL),
(1080,'Infra640139','$2y$10$PgswKB8V5VX3Sg.Qhr.SdOGMAumnEZvV8/6ru3ybnK3DPNkDPbxcS','#E6FAD8','Kumar','','','',2,'','2025-01-27 10:45:08',NULL,NULL,'','','','7896540321','','','','sparkleshine@mailinator.com','',NULL,'Active','','','','','','',NULL,NULL,NULL,NULL,NULL,NULL,'yyyy-mm-dd','12','09:00','','','Today','','',0,'$2y$10$95X5Hl5BmVN9ecInIDtOEOsKxLGnFtrzaLR2f53zgGsqCfJqGzajK','0','',NULL,'PHASH','2fdSMQpmzGnXk0In','softed','en_us','UTC','','.',',','','','','0','Sunday','5','5','public','Summary','0','',NULL,NULL,0,'','',NULL,NULL),
(1081,'Infra640155','$2y$10$UNvYwdM9MweSxMYIPp66nOvQk3wCl2/sZQ0LpfBCUvv3LY0ZaMni6','#E6FAD8','Sunaina','','','',2,'','2025-01-27 12:51:18',NULL,NULL,'','','','8924641345','','','','hunting@mailiantor.com','',NULL,'Active','','','','','','',NULL,NULL,NULL,NULL,NULL,NULL,'yyyy-mm-dd','12','09:00','','','Today','','',0,'$2y$10$bM64iuKyUtwQJe3Wvkql3et.0OwkjNPXzhqz.PaFkK8PKVps9shOS','0','',NULL,'PHASH','xfoHoliVURFEEUpz','softed','en_us','UTC','','.',',','','','','0','Sunday','5','5','public','Summary','0','',NULL,NULL,0,'','',NULL,NULL),
(1082,'Infra640164','$2y$10$leiXY.NeZ6OZcBRA/rUzMO2QUI.ij1WI5zVxjo8nK6ZzxGwZE5JUO','#E6FAD8','Sunaina','','','',2,'','2025-01-27 12:58:35',NULL,NULL,'','','','8923266231','','','','hunting@mailinator.com','',NULL,'Active','','','','','','',NULL,NULL,NULL,NULL,NULL,NULL,'yyyy-mm-dd','12','09:00','','','Today','','',0,'$2y$10$AE6TZs5CfSqcbAWaNr196eQHfSZa1Ds6CgOb6lbY3pQenC0JtxGFG','0','',NULL,'PHASH','knxcK40ljCUsvvVj','softed','en_us','UTC','','.',',','','','','0','Sunday','5','5','public','Summary','0','',NULL,NULL,0,'','',NULL,NULL),
(1083,'Infra640171','$2y$10$gT4HjSnazrw5OOfgQpxzAeNrxRhzWz6kKC7o9uu/9enJiDINqTuu.','#E6FAD8','Anamika','','','',2,'','2025-01-27 13:23:54',NULL,NULL,'','','','987065213','','','','hustle@mailinator.com','',NULL,'Active','','','','','','',NULL,NULL,NULL,NULL,NULL,NULL,'yyyy-mm-dd','12','09:00','','','Today','','',0,'$2y$10$oQxqzOJtUe9Oxq0T6st5EOoHj/Yjb/bhlyvG7Szrv66zn5j5QimkC','0','',NULL,'PHASH','eMAj9FUaWwQoDz0l','softed','en_us','UTC','','.',',','','','','0','Sunday','5','5','public','Summary','0','',NULL,NULL,0,'','',NULL,NULL),
(1084,'Infra640177','$2y$10$AtTLcfCM2KRGHmddNR.NXuXVYyiZ.SmLHjFWSpUt14mlFVZBl2ahK','#E6FAD8','Ken','','','',2,'','2025-01-27 13:35:22',NULL,NULL,'','','','9807654231','','','','sun@mailinator.com','',NULL,'Active','','','','','','',NULL,NULL,NULL,NULL,NULL,NULL,'yyyy-mm-dd','12','09:00','','','Today','','',0,'$2y$10$RiRZn5lX.cV88SIu0JkqterzWWLfceP7NQjg1vtxvNmGviqTgUmXe','0','',NULL,'PHASH','47KaVRkUzW64Zf52','softed','en_us','UTC','','.',',','','','','0','Sunday','5','5','public','Summary','0','',NULL,NULL,0,'','',NULL,NULL),
(1085,'Infra640183','$2y$10$qUUB7jULUz/12uJlSIJz/uK80ZI9m0yrhUErIs2MLcXd1.ifa4n66','#E6FAD8','Kiran','','','',2,'','2025-01-28 05:23:07',NULL,NULL,'','','','9802456217','','','','shobhatulip@mailinator.com','',NULL,'Active','','','','','','',NULL,NULL,NULL,NULL,NULL,NULL,'yyyy-mm-dd','12','09:00','','','Today','','',0,'$2y$10$KPHHorZml22PR3BlPaDuhO7XRbOeXlhbFWMgBaesC1s5LyKYNvISS','0','',NULL,'PHASH','BlHxuY6blTHJfsK','softed','en_us','UTC','','.',',','','','','0','Sunday','5','5','public','Summary','0','',NULL,NULL,0,'','',NULL,NULL),
(1086,'Infra640190','$2y$10$VVDYozTCA839QtEM07MvqevD0UYuTIOK3YBNdY/dS4NwJGI9uPzPa','#E6FAD8','Metha','','','',2,'','2025-01-28 05:49:53',NULL,NULL,'','','','9087345621','','','','sparkside@mailinator.com','',NULL,'Active','','','','','','',NULL,NULL,NULL,NULL,NULL,NULL,'yyyy-mm-dd','12','09:00','','','Today','','',0,'$2y$10$XYRTMwj24y3CVUIlGsLdTuyQtkeYuBKKShkQBOQJ4NOIjt/kQWxF6','0','',NULL,'PHASH','fJilUqGcL7DU580c','softed','en_us','UTC','','.',',','','','','0','Sunday','5','5','public','Summary','0','',NULL,NULL,0,'','',NULL,NULL),
(1087,'Infra640195','$2y$10$dKTjYHymSPIItCktVSNOKO0CNj5XcX5Kqn1RfLHdWo21ZwWdSgmWm','#E6FAD8','Metha','','','',2,'','2025-01-28 05:50:35',NULL,NULL,'','','','9087345621','','','','sparkside@mailinator.com','',NULL,'Active','','','','','','',NULL,NULL,NULL,NULL,NULL,NULL,'yyyy-mm-dd','12','09:00','','','Today','','',0,'$2y$10$sRVnigGEYDnNNrlthSyZIOSal0QjnY1Av6rp9xxlaXIGqkCPLDbXm','0','',NULL,'PHASH','Tg5kIbqS4bfmHtBY','softed','en_us','UTC','','.',',','','','','0','Sunday','5','5','public','Summary','0','',NULL,NULL,0,'','',NULL,NULL),
(1088,'Infra640199','$2y$10$kDD6uWHPpYRM4Oba8hscL.jzQNda4uZ.B62LYPs8wv6vcCBZ6oDrK','#E6FAD8','Metha','','','',2,'','2025-01-28 05:50:49',NULL,NULL,'','','','9087345621','','','','sparkside@mailinator.com','',NULL,'Active','','','','','','',NULL,NULL,NULL,NULL,NULL,NULL,'yyyy-mm-dd','12','09:00','','','Today','','',0,'$2y$10$kimESsF.Fo9Z3qoXK4.PMuSAZes2VhbMUDHqntFLjCt2ezV71u3Z2','0','',NULL,'PHASH','JEK7n0G0xzKbJcMS','softed','en_us','UTC','','.',',','','','','0','Sunday','5','5','public','Summary','0','',NULL,NULL,0,'','',NULL,NULL),
(1089,'Infra640203','$2y$10$Y3LYnLQRuYD.8my5xfgNS.M0jz2JKfktLj2kwQ/AmOudEecxTxFoC','#E6FAD8','bony','','','',2,'','2025-01-28 06:15:47',NULL,NULL,'','','','2478136914','','','','gokuldham@mailinator.com','',NULL,'Active','','','','','','',NULL,NULL,NULL,NULL,NULL,NULL,'yyyy-mm-dd','12','09:00','','','Today','','',0,'$2y$10$lX.Tx.aC5wwHrgf3vBh8P.vBl2S5vMIKqEkjPoLak3O/JabE165cm','0','',NULL,'PHASH','UWDYHYkIUUtb6Td','softed','en_us','UTC','','.',',','','','','0','Sunday','5','5','public','Summary','0','',NULL,NULL,0,'','',NULL,NULL),
(1090,'Infra640209','$2y$10$X4lxbPRHvX58Wgy4sy86LOoSktBY6juvjVgHfXiBGoeddwMb34u1m','#E6FAD8','Lily','','','',2,'','2025-01-28 06:28:57',NULL,NULL,'','','','9685745869','','','','lily@mailinator.com','',NULL,'Active','','','','','','',NULL,NULL,NULL,NULL,NULL,NULL,'yyyy-mm-dd','12','09:00','','','Today','','',0,'$2y$10$zeysZEB0VVEG/lL7zyh6SuXC7dJENkEl3bp9QkZveFXGcWZ/7OWLu','0','',NULL,'PHASH','JK4cCwtafIGE2Q0C','softed','en_us','UTC','','.',',','','','','0','Sunday','5','5','public','Summary','0','',NULL,NULL,0,'','',NULL,NULL),
(1091,'Infra640247','$2y$10$L37b2vMrgUrIFlPy/HvN9eJ/fqlenBKGtpffe1cBDzY9FO/a4NeuW','#E6FAD8','Hema','','','',2,'','2025-01-28 09:11:58',NULL,NULL,'','','','9635884455','','','','hema@mailinator.com','',NULL,'Active','','','','','','',NULL,NULL,NULL,NULL,NULL,NULL,'yyyy-mm-dd','12','09:00','','','Today','','',0,'$2y$10$Zr4udBR44EbxkwFPyARf8./Acu1OI.87MUYPEzTb2M597t/qJR7Qi','0','',NULL,'PHASH','KBcYE5Oy27EmfAiD','softed','en_us','UTC','','.',',','','','','0','Sunday','5','5','public','Summary','0','',NULL,NULL,0,'','',NULL,NULL),
(1092,'Infra640257','$2y$10$7OS/GK3hq6URVPlAktnO4elsXRVv/lphG3LPKPP4CV2f2kCmywWzu','#E6FAD8','Sun','','','',2,'','2025-01-28 09:25:05',NULL,NULL,'','','','9807654321','','','','sin@mailinator.com','',NULL,'Active','','','','','','',NULL,NULL,NULL,NULL,NULL,NULL,'yyyy-mm-dd','12','09:00','','','Today','','',0,'$2y$10$N7hy0ZvhG5PrUE.5imrUc.wR/7PmbMSB11u1t9Wk/IBel8HdHDb6S','0','',NULL,'PHASH','WZo22jRYjsWTZtz','softed','en_us','UTC','','.',',','','','','0','Sunday','5','5','public','Summary','0','',NULL,NULL,0,'','',NULL,NULL),
(1093,'Infra640263','$2y$10$hOqeUuHbDgoB0v7Cm6ZtpOgkVYQxBI1ifoIWfJJBOLzpnh4mYXeSC','#E6FAD8','Chan','','','',2,'','2025-01-28 11:14:45',NULL,NULL,'','','','9685471288','','','','chan@mailinator.com','',NULL,'Active','','','','','','',NULL,NULL,NULL,NULL,NULL,NULL,'yyyy-mm-dd','12','09:00','','','Today','','',0,'$2y$10$hOqeUuHbDgoB0v7Cm6ZtpOgkVYQxBI1ifoIWfJJBOLzpnh4mYXeSC','0','',NULL,'PHASH','YYSiWFIURlt8au','softed','en_us','UTC','','.',',','','','','0','Sunday','5','5','public','Summary','0','',NULL,NULL,0,'','',NULL,NULL),
(1094,'Infra640347','$2y$10$EW9GEY4nlndnEOnMLolIkeit7Ngn1rOVbyN6y71Zdyr2iHco22y6y','#E6FAD8','Ram','','','',2,'','2025-01-28 12:50:22',NULL,NULL,'','','','8976504321','','','','rainy@mailinator.com','',NULL,'Active','','','','','','',NULL,NULL,NULL,NULL,NULL,NULL,'yyyy-mm-dd','12','09:00','','','Today','','',0,'$2y$10$ajVizpHa9Gr3Rhq1n7/DnO6g0TgAYpq5CM3/FdOAnoflenG2kYUOS','0','',NULL,'PHASH','J3mukdnBhrtTgWSH','softed','en_us','UTC','','.',',','','','','0','Sunday','5','5','public','Summary','0','',NULL,NULL,0,'','',NULL,NULL),
(1095,'Infra640377','$2y$10$avsfOZvlx9odToVbbaIPi.ESjfhTTxBltQDLYksGnta4c2tnTCfnW','#E6FAD8','anam','','','',2,'','2025-01-28 13:14:27',NULL,NULL,'','','','8905432156','','','','abc@mailinator.com','',NULL,'Active','','','','','','',NULL,NULL,NULL,NULL,NULL,NULL,'yyyy-mm-dd','12','09:00','','','Today','','',0,'$2y$10$NyjHLzRuoIQyL2A9oqhDCeZhhV47nDGIbNQ/W2NC4YWJ2kfhiVQxu','0','',NULL,'PHASH','rqNZHsJvtdgZTXgQ','softed','en_us','UTC','','.',',','','','','0','Sunday','5','5','public','Summary','0','',NULL,NULL,0,'','',NULL,NULL),
(1096,'Infra640384','$2y$10$Rp2uTuaV0AhWGmZcLU6c.u6iGt9Jq/hACQkgD8.bkcywsnTcqp3Ay','#E6FAD8','ran','','','',2,'','2025-01-28 13:21:14',NULL,NULL,'','','','9087654321','','','','ran@mailinator.com','',NULL,'Active','','','','','','',NULL,NULL,NULL,NULL,NULL,NULL,'yyyy-mm-dd','12','09:00','','','Today','','',0,'$2y$10$iK1qJKz62T7IQQacqCSBdOboxrFGLKwjbci0zLwyKqIujyeqGLN4y','0','',NULL,'PHASH','yVVYynUYBDfTMH2V','softed','en_us','UTC','','.',',','','','','0','Sunday','5','5','public','Summary','0','',NULL,NULL,0,'','',NULL,NULL),
(1097,'Infra640390','$2y$10$L2IgDv/cGuUt3s9xwp91PuLMeiv8Vt50jxvCJBYQq/mf2IAyi9NTO','#E6FAD8','Annam','','','',2,'','2025-01-28 13:31:02',NULL,NULL,'','','','6829103445','','','','abc@mailinator.com','',NULL,'Active','','','','','','',NULL,NULL,NULL,NULL,NULL,NULL,'yyyy-mm-dd','12','09:00','','','Today','','',0,'$2y$10$9IWmVy/AFPfYJ7Xobu2kRuJSFxnQCdFSGUMl6dw/RkC0mAOHiMJOC','0','',NULL,'PHASH','vcLBvMlFCFmmwLMh','softed','en_us','UTC','','.',',','','','','0','Sunday','5','5','public','Summary','0','',NULL,NULL,0,'','',NULL,NULL),
(1098,'Infra640396','$2y$10$2iEBZnRxAkc0ulqxj0yWbu4y9s9457tcCgZKWOyik4fbTUPCUJBAy','#E6FAD8','Neha','','','',2,'','2025-01-29 04:51:45',NULL,NULL,'','','','7865943210','','','','neha@mailinator.com','',NULL,'Active','','','','','','',NULL,NULL,NULL,NULL,NULL,NULL,'yyyy-mm-dd','12','09:00','','','Today','','',0,'$2y$10$HFOrq4BL/4CPXeGRfeaEsuTgsaj3oe54FCUHQcmfnFU6xjaaBRKeq','0','',NULL,'PHASH','XtmjyLK7pGEihw4z','softed','en_us','UTC','','.',',','','','','0','Sunday','5','5','public','Summary','0','',NULL,NULL,0,'','',NULL,NULL),
(1099,'Infra640402','$2y$10$F4SE84m/uM8wfYCfwVI4ce2FuaTW15uFn8jqcbzjEZMfd17JNA6Ne','#E6FAD8','Emma','','','',2,'','2025-01-29 05:01:07',NULL,NULL,'','','','9669898444','','','','emma@mailinator.com','',NULL,'Active','','','','','','',NULL,NULL,NULL,NULL,NULL,NULL,'yyyy-mm-dd','12','09:00','','','Today','','',0,'$2y$10$x9MRZXyTMorD6238p2v0l.ShqAjKwpH61gW/g1kl5kFuKnuKAdg1K','0','',NULL,'PHASH','W6jDgtuaA17Tvke3','softed','en_us','UTC','','.',',','','','','0','Sunday','5','5','public','Summary','0','',NULL,NULL,0,'','',NULL,NULL),
(1100,'Infra640407','$2y$10$jGzmjWCwop0mIW1KRaZOy.0OKaXxr/r6V2OV4L58Ci12PERzSK02i','#E6FAD8','Emma','','','',2,'','2025-01-29 05:01:49',NULL,NULL,'','','','9669898444','','','','emma@mailinator.com','',NULL,'Active','','','','','','',NULL,NULL,NULL,NULL,NULL,NULL,'yyyy-mm-dd','12','09:00','','','Today','','',0,'$2y$10$RK2nJ4dHqFDG/bMH.JMlm.1GQCuv1hDWI2/d3VfMZbb8XArHW2MT.','0','',NULL,'PHASH','Z9GSxyQaB9EFUVC','softed','en_us','UTC','','.',',','','','','0','Sunday','5','5','public','Summary','0','',NULL,NULL,0,'','',NULL,NULL),
(1101,'Infra640412','$2y$10$Ulf2LfTApdt198D174bG7eCmc61HzIwZaULbFkbR/8DdTNcuvV7fm','#E6FAD8','sunny','','','',2,'','2025-01-29 05:06:00',NULL,NULL,'','','','98786656545','','','','sunny@yopmail.com','',NULL,'Active','','','','','','',NULL,NULL,NULL,NULL,NULL,NULL,'yyyy-mm-dd','12','09:00','','','Today','','',0,'$2y$10$QdeX3sJHue1Tk6krBQrhAeN2VdWFh0mMqNxRgunze/miQ6C./6BOa','0','',NULL,'PHASH','VRaOFkGvxmbhfDa','softed','en_us','UTC','','.',',','','','','0','Sunday','5','5','public','Summary','0','',NULL,NULL,0,'','',NULL,NULL),
(1102,'Infra640418','$2y$10$MO0rrPAhdZXiuBrRn1etHO84RDyQBAvMOYPS9q2DjLi4RhRBn9MoW','#E6FAD8','Bunny','','','',2,'','2025-01-29 05:12:54',NULL,NULL,'','','','9932555566','','','','sunny@yopmail.com','',NULL,'Active','','','','','','',NULL,NULL,NULL,NULL,NULL,NULL,'yyyy-mm-dd','12','09:00','','','Today','','',0,'$2y$10$XaQeKmyP/BSliUsO3qcw4uBh33QHmRWSmDiYtMphSrQty3PsKlpFa','0','',NULL,'PHASH','HXQPKDpLZbFEz5gb','softed','en_us','UTC','','.',',','','','','0','Sunday','5','5','public','Summary','0','',NULL,NULL,0,'','',NULL,NULL),
(1103,'Infra640424','$2y$10$VMyigPbNfxCO5xdQ71hj9.M/HX2w6FIVA1WYuspDg9NB61r5KpZC.','#E6FAD8','Bella','','','',2,'','2025-01-29 05:25:18',NULL,NULL,'','','','8956231477','','','','bella@mailinator.com','',NULL,'Active','','','','','','',NULL,NULL,NULL,NULL,NULL,NULL,'yyyy-mm-dd','12','09:00','','','Today','','',0,'$2y$10$sPflylZAgzP1pPFn6pcMhOJbPa0FlF9cpuUBCooRj6hOk/noJNCfy','0','',NULL,'PHASH','EVgeOxintuEF5xxl','softed','en_us','UTC','','.',',','','','','0','Sunday','5','5','public','Summary','0','',NULL,NULL,0,'','',NULL,NULL),
(1104,'Infra640439','$2y$10$0eu5oWBK.C806dNisr26U.CqNwgW6Ny6l.DH1u1T67jwW7B7K7rmC','#E6FAD8','Severus','','','',2,'','2025-01-29 06:19:29',NULL,NULL,'','','','8796504321','','','','sweethome@yopmail.com','',NULL,'Active','','','','','','',NULL,NULL,NULL,NULL,NULL,NULL,'yyyy-mm-dd','12','09:00','','','Today','','',0,'$2y$10$Ui1zDL2jFzRaCYkzD9Za1eh6ZbPCq0iwkPnjt1kUY.Jn/qDXshpAa','0','',NULL,'PHASH','Ih4F12Saw2mEqgq6','softed','en_us','UTC','','.',',','','','','0','Sunday','5','5','public','Summary','0','',NULL,NULL,0,'','',NULL,NULL),
(1105,'Owntenant640463','$2y$10$nHCNQO31NqLA6dpM6ALWdu4/faiZBcsqSQ6tchyneFE8f97r/Y0Xy','#E6FAD8','','Enola','','off',2,'','2025-01-29 07:01:19',NULL,NULL,'Asia','','','9089789098','','','','enola@mailinator.com','',NULL,'Active','','','','','','',NULL,NULL,NULL,NULL,NULL,NULL,'dd/mm/yyyy','12','09:00','','','Today','','',0,'$2y$10$nHCNQO31NqLA6dpM6ALWdu4/faiZBcsqSQ6tchyneFE8f97r/Y0Xy','0','',NULL,'PHASH','x5aGhz6dASBwYtL','softed','en_us','Asia/Kolkata','','.',',','','','','0','Sunday','5','5','public','Summary','0','',NULL,NULL,0,'','',NULL,NULL),
(1106,'Owntenant640476','$2y$10$e/pVsv6pC9VegmLjjI32.O.Tt/QVM.VUEwPUzoB3S2HGu8YBC2.yq','#E6FAD8','','Green','','off',2,'','2025-01-29 07:09:20',NULL,NULL,'Asia','','','8908908909','','','','green@mailinator.com','',NULL,'Active','','','','','','',NULL,NULL,NULL,NULL,NULL,NULL,'dd/mm/yyyy','12','09:00','','','Today','','',0,'$2y$10$xM1RZyjWyr81HTglrjpAv.0q27pG9F84k/qYF21AGl9zRYk6el5pC','0','',NULL,'PHASH','5TWmuxbE0wO0SVxL','softed','en_us','Asia/Kolkata','','.',',','','','','0','Sunday','5','5','public','Summary','0','',NULL,NULL,0,'','',NULL,NULL),
(1107,'Infra640486','$2y$10$Y3pvNB0Au3mhg81SmVN1munqsEV.BRfjIP1y9qLd2XteuGo7cc0DG','#E6FAD8','yogi','','','',2,'','2025-01-29 07:16:10',NULL,NULL,'','','','8908908902','','','','yogi@mailinator.com','',NULL,'Active','','','','','','',NULL,NULL,NULL,NULL,NULL,NULL,'yyyy-mm-dd','12','09:00','','','Today','','',0,'$2y$10$Dqyq0gH/xWpweAlTkNIXWuzvn5qDw3CjvRDV9LebTuIEgzGfUCqgW','0','',NULL,'PHASH','nuM6DhN3YPDcCqPt','softed','en_us','UTC','','.',',','','','','0','Sunday','5','5','public','Summary','0','',NULL,NULL,0,'','',NULL,NULL),
(1108,'Infra640518','$2y$10$KuGpuNW5ZA7l5LeBXK2iK.mRYOjiE2IHjPlotYloxPc20TNdzVibe','#E6FAD8','Yogan','','','',2,'','2025-01-29 07:50:48',NULL,NULL,'','','','7890654321','','','','yogurt@yopmail.com','',NULL,'Active','','','','','','',NULL,NULL,NULL,NULL,NULL,NULL,'yyyy-mm-dd','12','09:00','','','Today','','',0,'$2y$10$HZFw7j8o1KoWSQ0TNZPAdOC9OfPR7x6V/O/mLMlDR3Z3.2iTQYfSK','0','',NULL,'PHASH','isYdMWKMKJaJwEAW','softed','en_us','UTC','','.',',','','','','0','Sunday','5','5','public','Summary','0','',NULL,NULL,0,'','',NULL,NULL),
(1109,'Infra640529','$2y$10$Mnc.rt4/MyNaKvKunpd..eRhQ11vu1rH7KyXaTqF1r/IzSTMOhwQq','#E6FAD8','Suman','','','',2,'','2025-01-29 07:59:47',NULL,NULL,'','','','7890654321','','','','soceity@yopmail.com','',NULL,'Active','','','','','','',NULL,NULL,NULL,NULL,NULL,NULL,'yyyy-mm-dd','12','09:00','','','Today','','',0,'$2y$10$l7wRRkddV.4edJ0uz2CapeUrx18Yr5kO9HXDPrY2LzfqEAxRcD2QW','0','',NULL,'PHASH','SHunvq0c5wC1QgX1','softed','en_us','UTC','','.',',','','','','0','Sunday','5','5','public','Summary','0','',NULL,NULL,0,'','',NULL,NULL),
(1110,'Infra640577','$2y$10$Obzi.RbIjaFz/Lki/NpjXuEY7lwlxb7vvlJEO.EL9YpyOJHYeBO.K','#E6FAD8','Sundhar','','','',2,'','2025-01-29 10:30:09',NULL,NULL,'','','','8976054321','','','','sunnybunny@yopmail.com','',NULL,'Active','','','','','','',NULL,NULL,NULL,NULL,NULL,NULL,'yyyy-mm-dd','12','09:00','','','Today','','',0,'$2y$10$uCp9X2k8/.hcqGZslcPUHuLheXOxF/Oxj4n7CFB9rQD8jGLphBad2','0','',NULL,'PHASH','j4SuyMMoldBDIoft','softed','en_us','UTC','','.',',','','','','0','Sunday','5','5','public','Summary','0','',NULL,NULL,0,'','',NULL,NULL),
(1111,'Owntenant640598','$2y$10$npR.dMihFVcXiN.hnY82ouzIhNJ9rAUlzzW9QFW2TkJR4MKGnx6gm','#E6FAD8','','Prashant','','off',2,'','2025-01-29 10:49:09',NULL,NULL,'Asia','','','7897898765','','','','prashantr@mailinator.com','',NULL,'Active','','','','','','',NULL,NULL,NULL,NULL,NULL,NULL,'dd/mm/yyyy','12','09:00','','','Today','','',0,'$2y$10$iV9jAUpHtMvdBoY6kpHCfumve7MmgpzK.J9jzlSHWx2xB7PJFiGV2','0','',NULL,'PHASH','LnM2q56Dcrq7tEs2','softed','en_us','Asia/Kolkata','','.',',','','','','0','Sunday','5','5','public','Summary','0','',NULL,NULL,0,'','',NULL,NULL),
(1112,'Owntenant640606','$2y$10$bpn4rNaTD0BspTpuBq6N2u/Tmbzlyv.wOLoUu3IAJY6gE2q6CyW7y','#E6FAD8','','Yashil','','off',2,'','2025-01-29 10:58:30',NULL,NULL,'Asia','','','7656789098','','','','yashilr@mailinator.com','',NULL,'Active','','','','','','',NULL,NULL,NULL,NULL,NULL,NULL,'dd/mm/yyyy','12','09:00','','','Today','','',0,'$2y$10$V3Oud/hKINERpTWC.lP.tOt/lFmI3ev2jRLFkaL0SEPakfUjzyJ2W','0','',NULL,'PHASH','uLkeK91qsgMSP9Ob','softed','en_us','Asia/Kolkata','','.',',','','','','0','Sunday','5','5','public','Summary','0','',NULL,NULL,0,'','',NULL,NULL),
(1113,'Owntenant640621','$2y$10$szJ8BAM4b7HzS1GB/XbGE.nlTw/ZSil9qurw4NqiAeFC3kFlKVlvq','#E6FAD8','','Akshansh','','off',2,'','2025-01-29 11:16:30',NULL,NULL,'Asia','','','9090908989','','','','aksh@mailinator.com','',NULL,'Active','','','','','','',NULL,NULL,NULL,NULL,NULL,NULL,'dd/mm/yyyy','12','09:00','','','Today','','',0,'$2y$10$t3wKuJFdUxBsQt2xBn0vTOB3htCuADAN4O0hlzWOGMT801l.buLr.','0','',NULL,'PHASH','IbprYDm9UNBv0YnL','softed','en_us','Asia/Kolkata','','.',',','','','','0','Sunday','5','5','public','Summary','0','',NULL,NULL,0,'','',NULL,NULL),
(1114,'Owntenant640626','$2y$10$Uf165UqKzrrw9x/sQ/giNuKHKMZOWQUljvq3HhzIDUc9Xa8iBcAoe','#E6FAD8','','LalMohan','','off',2,'','2025-01-29 11:18:10',NULL,NULL,'Asia','','','9045432345','','','','lal@mailinator.com','',NULL,'Active','','','','','','',NULL,NULL,NULL,NULL,NULL,NULL,'dd/mm/yyyy','12','09:00','','','Today','','',0,'$2y$10$A/EY4kxAQSrDB8accJYnbuMljbS8CmV67duw0/e0ng2tzW37nQSPK','0','',NULL,'PHASH','YI2uUpE8Tdf0Rx3c','softed','en_us','Asia/Kolkata','','.',',','','','','0','Sunday','5','5','public','Summary','0','',NULL,NULL,0,'','',NULL,NULL),
(1115,'Owntenant640630','$2y$10$Or0.Wfjnatfi9MECgaj6luv.eSTzIiN5GKi1AGqlb7dBKHRj9NxC6','#E6FAD8','','shree','','off',2,'','2025-01-29 11:31:27',NULL,NULL,'Asia','','','9323234566','','','','shree@mailinator.com','',NULL,'Active','','','','','','',NULL,NULL,NULL,NULL,NULL,NULL,'dd/mm/yyyy','12','09:00','','','Today','','',0,'$2y$10$J7gv8JJZ7bkgFLhJZcfwC.vQ6FmeELagG4Y1xkYX8HTGa6yNXVunK','0','',NULL,'PHASH','w9LhL3qE9Vi6Xic6','softed','en_us','Asia/Kolkata','','.',',','','','','0','Sunday','5','5','public','Summary','0','',NULL,NULL,0,'','',NULL,NULL),
(1116,'Owntenant640642','$2y$10$9oT9fQrsxLuvPkzeM6ykfeqqXV1GT0ncAQcW9MYgMWaujH1BRf7ZG','#E6FAD8','','Jiffin','','off',2,'','2025-01-29 11:40:20',NULL,NULL,'Asia','','','8908976567','','','','jiffin@mailinator.com','',NULL,'Active','','','','','','',NULL,NULL,NULL,NULL,NULL,NULL,'dd/mm/yyyy','12','09:00','','','Today','','',0,'$2y$10$IN0zzXoY9tbLFCPjWgJ21uH3Tl82fx66BjNaO4i/9ZbNk1lHMW/VG','0','',NULL,'PHASH','KNmpK2Z1egUKDz7y','softed','en_us','Asia/Kolkata','','.',',','','','','0','Sunday','5','5','public','Summary','0','',NULL,NULL,0,'','',NULL,NULL),
(1117,'Owntenant640647','$2y$10$jtlXvwNN4Tlr6cqXicKfZuS2JTvXB8sPdVX60Ossx06G7NRjVWfra','#E6FAD8','','anagha','','off',2,'','2025-02-07 06:57:21',NULL,NULL,'Asia','','','8907654567','','','','anagha@mailinator.com','',NULL,'Active','','','','','','',NULL,NULL,NULL,NULL,NULL,NULL,'dd/mm/yyyy','12','09:00','','','Today','','',0,'$2y$10$jtlXvwNN4Tlr6cqXicKfZuS2JTvXB8sPdVX60Ossx06G7NRjVWfra','0','',NULL,'PHASH','ZUUGXfentKcSEJuh','softed','en_us','Asia/Kolkata','','.',',','','','','0','Sunday','5','5','public','Summary','0','',NULL,NULL,0,'','',NULL,NULL),
(1118,'Owntenant640656','$2y$10$fDw/oVytOxW2LBZCSBQOAecYlGndgl1gArsY9.Y/PfvY6SkXntOoK','#E6FAD8','','Newaks','','off',2,'','2025-01-29 11:56:48',NULL,NULL,'Asia','','','9089890987','','','','newaks@mailinator.com','',NULL,'Active','','','','','','',NULL,NULL,NULL,NULL,NULL,NULL,'dd/mm/yyyy','12','09:00','','','Today','','',0,'$2y$10$zOZygm4NZxPBeCV/rQ/jju5JYMuIe3wIZgBu/g/BwtoR0OkMBUWqu','0','',NULL,'PHASH','3R5NnZPlqxvul6na','softed','en_us','Asia/Kolkata','','.',',','','','','0','Sunday','5','5','public','Summary','0','',NULL,NULL,0,'','',NULL,NULL),
(1119,'Owntenant640673','$2y$10$jsMndoLzV.ALOInbCvfZse4mdAiRUdxwXuBKCRIEU3T4NfdsXJuV.','#E6FAD8','','Disha','','off',2,'','2025-01-29 12:22:43',NULL,NULL,'Asia','','','8909878909','','','','disha@mailinator.com','',NULL,'Active','','','','','','',NULL,NULL,NULL,NULL,NULL,NULL,'dd/mm/yyyy','12','09:00','','','Today','','',0,'$2y$10$jWwIMUscZ/yOHPLQIyWRv.pwmkFq0BnwfrJiiVDWQY9uUoFlgJPPS','0','',NULL,'PHASH','2cmivJvD4N1Ek8Gm','softed','en_us','Asia/Kolkata','','.',',','','','','0','Sunday','5','5','public','Summary','0','',NULL,NULL,0,'','',NULL,NULL),
(1120,'Owntenant640684','$2y$10$mdYoVTZJRQcFt63OK1q2JenIK5k8V84OLihUhJQIevhQ9Sf6rjlSi','#E6FAD8','','Arun','','off',2,'','2025-01-29 12:32:23',NULL,NULL,'Asia','','','7898767890','','','','arun@mailinator.com','',NULL,'Active','','','','','','',NULL,NULL,NULL,NULL,NULL,NULL,'dd/mm/yyyy','12','09:00','','','Today','','',0,'$2y$10$CP.eVd4OebgcSP2XQcMrOuCl9o3ZzOhkPNdOhO.oiL/l71b.QG4u6','0','',NULL,'PHASH','9nsfNsU7OrHrFi','softed','en_us','Asia/Kolkata','','.',',','','','','0','Sunday','5','5','public','Summary','0','',NULL,NULL,0,'','',NULL,NULL),
(1121,'Owntenant640691','$2y$10$lAL58wnzOlxt.bVTZJe1K.rmw1.OGyKabJM55582tzzerbPgJBV06','#E6FAD8','','Bhargav','','off',2,'','2025-01-29 12:38:08',NULL,NULL,'Asia','','','8909878909','','','','bhargav@mailinator.com','',NULL,'Active','','','','','','',NULL,NULL,NULL,NULL,NULL,NULL,'dd/mm/yyyy','12','09:00','','','Today','','',0,'$2y$10$NrZEG7SwWrskugVULVe44.JJF34fmrh2HdfPQ1ROeA6PB8XKg5eYK','0','',NULL,'PHASH','GFmnVQca9bci395J','softed','en_us','Asia/Kolkata','','.',',','','','','0','Sunday','5','5','public','Summary','0','',NULL,NULL,0,'','',NULL,NULL),
(1122,'Infra640725','$2y$10$WXNakGxvCPjRvWjeyo9TwOEowxFDYQJ4gozbu1yw7CFWWhj2L1XAO','#E6FAD8','Dev','','','',2,'','2025-01-29 13:13:56',NULL,NULL,'','','','8983457752','','','','dev@mailinator.com','',NULL,'Active','','','','','','',NULL,NULL,NULL,NULL,NULL,NULL,'yyyy-mm-dd','12','09:00','','','Today','','',0,'$2y$10$.XY2swAWJEbd7DHw3TiIUuJxpolINkWZhqUcOHUSAHVAcIq9rA.4m','0','',NULL,'PHASH','uuV4QQHpN8VKWW','softed','en_us','UTC','','.',',','','','','0','Sunday','5','5','public','Summary','0','',NULL,NULL,0,'','',NULL,NULL),
(1123,'Infra640910','$2y$10$l5c37Rndlz5563sUUiOrAeML5brIIgFbLg7WxzxPqY93mACVnsrPK','#E6FAD8','Lucy','','','',2,'','2025-01-30 12:06:18',NULL,NULL,'','','','9658472545','','','','lucy@mailinator.com','',NULL,'Active','','','','','','',NULL,NULL,NULL,NULL,NULL,NULL,'yyyy-mm-dd','12','09:00','','','Today','','',0,'$2y$10$ZkALpReZSazZ5VD8G9EqNeQXznOTfk4S7dlFUJwkbNTlRY2w9XNw6','0','',NULL,'PHASH','Tbn3XIQ1Vg01LUpL','softed','en_us','UTC','','.',',','','','','0','Sunday','5','5','public','Summary','0','',NULL,NULL,0,'','',NULL,NULL),
(1124,'Infra640956','$2y$10$8O23RDF8J0hzgHQW9kGPHOguC7.KrpOTMFcNSg12x/CJhcuZTGfma','#E6FAD8','Kavana','','','',2,'','2025-01-30 12:35:33',NULL,NULL,'','','','9658884557','','','','kavana@mailinator.com','',NULL,'Active','','','','','','',NULL,NULL,NULL,NULL,NULL,NULL,'yyyy-mm-dd','12','09:00','','','Today','','',0,'$2y$10$2JTXaaUV05ZB.OIOIHci1uWGTJz/LfwzBlnTBcrzGt2gnreET/mb2','0','',NULL,'PHASH','IzjSn27DKM9TduXo','softed','en_us','UTC','','.',',','','','','0','Sunday','5','5','public','Summary','0','',NULL,NULL,0,'','',NULL,NULL),
(1125,'Infra640962','$2y$10$Pan4r92SkfPLTlstNNL0TO2rcNDuZRLIdzQyeSIy3Nem5k91pv9Iq','#E6FAD8','Brindha','','','',2,'','2025-01-30 12:40:03',NULL,NULL,'','','','9632581470','','','','brindha@mailinator.com','',NULL,'Active','','','','','','',NULL,NULL,NULL,NULL,NULL,NULL,'yyyy-mm-dd','12','09:00','','','Today','','',0,'$2y$10$lt0o1HJzTTncD62sEnNlguWRbOCnG4Ra55uV45OUsAkRtCsL2yTzm','0','',NULL,'PHASH','ZQcevHDfKmOWmiq','softed','en_us','UTC','','.',',','','','','0','Sunday','5','5','public','Summary','0','',NULL,NULL,0,'','',NULL,NULL),
(1126,'Infra640969','$2y$10$hduAhjw0ZHwwuv9DI1qXTujmcyAJtbejD.MDQNCvlk//1Kxky60Hy','#E6FAD8','Angelina','','','',2,'','2025-01-31 05:18:25',NULL,NULL,'','','','6789043210','','','','ivory@mailinator.com','',NULL,'Active','','','','','','',NULL,NULL,NULL,NULL,NULL,NULL,'yyyy-mm-dd','12','09:00','','','Today','','',0,'$2y$10$E.bVAhSKT9PjTrRe.Hg69uC/.Kub0uGB3x56haNLhelDg1DEph96e','0','',NULL,'PHASH','BToGgzwmnIoaFrWw','softed','en_us','UTC','','.',',','','','','0','Sunday','5','5','public','Summary','0','',NULL,NULL,0,'','',NULL,NULL),
(1127,'Infra640976','$2y$10$Tp5/1m3yniIaEfT1Eii4MuNASnrojMItwOy3/e2skdOOlTzWipajG','#E6FAD8','Angelina July','','','',2,'','2025-01-31 05:28:46',NULL,NULL,'','','','6789342517','','','','ivorian@mailinator.com','',NULL,'Active','','','','','','',NULL,NULL,NULL,NULL,NULL,NULL,'yyyy-mm-dd','12','09:00','','','Today','','',0,'$2y$10$7iEHdU/DXETTzkjRo4MQgeZIvDsYVwZZwlIx07HlPSz2fD7ZLC2Mm','0','',NULL,'PHASH','myrW9JjUJDc2lcQQ','softed','en_us','UTC','','.',',','','','','0','Sunday','5','5','public','Summary','0','',NULL,NULL,0,'','',NULL,NULL),
(1128,'Infra640982','$2y$10$l//SKO3FETQI7AO4Pp6eo.P0xItuWSgV1MdOKn7HPGJ3.rQqZ4kdK','#E6FAD8','Jai','','','',2,'','2025-01-31 05:36:58',NULL,NULL,'','','','9879576464','','','','jai@mailinator.com','',NULL,'Active','','','','','','',NULL,NULL,NULL,NULL,NULL,NULL,'yyyy-mm-dd','12','09:00','','','Today','','',0,'$2y$10$f5efQDcSy7S9.MiCw9tIreY6zuv5kqqhzgCrINHwaNo5JU2L9G/jW','0','',NULL,'PHASH','M8gsTa04tQg3CRHK','softed','en_us','UTC','','.',',','','','','0','Sunday','5','5','public','Summary','0','',NULL,NULL,0,'','',NULL,NULL),
(1129,'Infra640988','$2y$10$Tt3MBh6S07hD/nW1UEgzCOriQE47MZImpeJv02ePc2LZnObGPGvS.','#E6FAD8','Vaibhavi','','','',2,'','2025-01-31 05:48:39',NULL,NULL,'','','','6789432156','','','','vaibhavi@mailinator.com','',NULL,'Active','','','','','','',NULL,NULL,NULL,NULL,NULL,NULL,'yyyy-mm-dd','12','09:00','','','Today','','',0,'$2y$10$MNJCQtJ7/IPiEQgLYXQs6eEcP0mCfIeqFrj2Vst0E3pqNOFH2Bw6u','0','',NULL,'PHASH','HPquLEB08646wJ5c','softed','en_us','UTC','','.',',','','','','0','Sunday','5','5','public','Summary','0','',NULL,NULL,0,'','',NULL,NULL),
(1130,'Infra640993','$2y$10$AinS1eIofergXXldgyGMZ.ZXEIkS8NUgsmq6Jvp0/lwGLyFLvi9uu','#E6FAD8','Vaibhavi','','','',2,'','2025-01-31 05:50:26',NULL,NULL,'','','','6789432156','','','','vaibhavi@mailinator.com','',NULL,'Active','','','','','','',NULL,NULL,NULL,NULL,NULL,NULL,'yyyy-mm-dd','12','09:00','','','Today','','',0,'$2y$10$t3I59I7iWMEwDaQIXSsnHu/u87LGFKDabL0v8EW1C/OEkG5siLe/m','0','',NULL,'PHASH','o4gTmZ7VGYVAeW6H','softed','en_us','UTC','','.',',','','','','0','Sunday','5','5','public','Summary','0','',NULL,NULL,0,'','',NULL,NULL),
(1131,'Infra640997','$2y$10$r/0Y1ejtv4oO2FSO.KgFGedPJoJk2c8kKQSH3817hhkFC.xDS5C7S','#E6FAD8','Vaibhavi','','','',2,'','2025-01-31 05:50:40',NULL,NULL,'','','','6789432156','','','','vaibhavi@mailinator.com','',NULL,'Active','','','','','','',NULL,NULL,NULL,NULL,NULL,NULL,'yyyy-mm-dd','12','09:00','','','Today','','',0,'$2y$10$GqNQKu9a8DLfHH81/6TVgON2jOQAqZlrsJHSjQgQa5FgpAxJo0PV6','0','',NULL,'PHASH','wHVwyMeswVabUaqa','softed','en_us','UTC','','.',',','','','','0','Sunday','5','5','public','Summary','0','',NULL,NULL,0,'','',NULL,NULL),
(1132,'Infra641002','$2y$10$EWT.8iuTVIl5IzpfQP9j2OBJEOSz9qrn0HlS3SPLlXAYMd6zJaBcO','#E6FAD8','vaibhavi','','','',2,'','2025-01-31 05:57:39',NULL,NULL,'','','','6789453210','','','','vaibhavi@mailinator.com','',NULL,'Active','','','','','','',NULL,NULL,NULL,NULL,NULL,NULL,'yyyy-mm-dd','12','09:00','','','Today','','',0,'$2y$10$CmQ66f5GS2RSLMfVECUuFO6kFSlJvTzIq1nGSPDA41Ic6pxRpdT06','0','',NULL,'PHASH','9XWJ2uW3RV4QmskE','softed','en_us','UTC','','.',',','','','','0','Sunday','5','5','public','Summary','0','',NULL,NULL,0,'','',NULL,NULL),
(1133,'Infra641008','$2y$10$Yefg2oyKWha.yR2qg.bOGuV5vMcEQq7erA7M.AvC9SChyDdfUgJh.','#E6FAD8','Sharon','','','',2,'','2025-01-31 06:47:48',NULL,NULL,'','','','6754328901','','','','sharon@mailinator.com','',NULL,'Active','','','','','','',NULL,NULL,NULL,NULL,NULL,NULL,'yyyy-mm-dd','12','09:00','','','Today','','',0,'$2y$10$eL4VKxJD4wPCX3dlFLkS.uQ.86/Pef/PyuvCs8cW7XHMQ8xBxkzWG','0','',NULL,'PHASH','VwnGryWcSdS3yrOr','softed','en_us','UTC','','.',',','','','','0','Sunday','5','5','public','Summary','0','',NULL,NULL,0,'','',NULL,NULL),
(1134,'Infra641014','$2y$10$S.QzUJXOETEBY7hM/uZiMetuQFx5TJkXYRxPHwBnHkTlVWCpbk1rW','#E6FAD8','Sharanya','','','',2,'','2025-01-31 06:57:29',NULL,NULL,'','','','7689054321','','','','sharanya@mailinator.com','',NULL,'Active','','','','','','',NULL,NULL,NULL,NULL,NULL,NULL,'yyyy-mm-dd','12','09:00','','','Today','','',0,'$2y$10$vWWgtjn6vrO7PuiOX8TV9e1QE3UmH7ch3SJNQdcLPfbAWATgjZSiq','0','',NULL,'PHASH','c3hzFM9JcwHoHODq','softed','en_us','UTC','','.',',','','','','0','Sunday','5','5','public','Summary','0','',NULL,NULL,0,'','',NULL,NULL),
(1135,'Infra641020','$2y$10$07HnUPpcNoi.N/KOo1fg6.7Xbynk4nq2GJAu1IG8nV.0s9Rti67uy','#E6FAD8','Sharanya','','','',2,'','2025-01-31 07:04:51',NULL,NULL,'','','','6789034215','','','','sharanya@mailinator.com','',NULL,'Active','','','','','','',NULL,NULL,NULL,NULL,NULL,NULL,'yyyy-mm-dd','12','09:00','','','Today','','',0,'$2y$10$D36vgP77K53XgyMVl8wxqeHSUE5E/qQ5p/hx/SPK89LOmvH8pjnxm','0','',NULL,'PHASH','HhQlgrrCEyCVkE4S','softed','en_us','UTC','','.',',','','','','0','Sunday','5','5','public','Summary','0','',NULL,NULL,0,'','',NULL,NULL),
(1136,'Infra641025','$2y$10$g1OAHA8qlYSZl4ci2xrBs.orSY3NAVs3c1/RNBLQ7XOJbj0.iBlai','#E6FAD8','lokesh','','','',2,'','2025-01-31 07:12:01',NULL,NULL,'','','','98777666543','','','','lokesh@mailinator.com','',NULL,'Active','','','','','','',NULL,NULL,NULL,NULL,NULL,NULL,'yyyy-mm-dd','12','09:00','','','Today','','',0,'$2y$10$ZCuuVWdjbqyEBcCwSZIGo.hpbS5b4oR3QT9d6PfvVKykTrYlPkUEa','0','',NULL,'PHASH','Y0GsiuSm4pUpH6o1','softed','en_us','UTC','','.',',','','','','0','Sunday','5','5','public','Summary','0','',NULL,NULL,0,'','',NULL,NULL),
(1137,'Infra641031','$2y$10$LVdqdVWE8dbdGEgZu9iesu/wzh.gNYF4eRAALgscNFpm6ljZq4atC','#E6FAD8','Mickey','','','',2,'','2025-01-31 07:37:47',NULL,NULL,'','','','9685745858','','','','mickey@mailinator.com','',NULL,'Active','','','','','','',NULL,NULL,NULL,NULL,NULL,NULL,'yyyy-mm-dd','12','09:00','','','Today','','',0,'$2y$10$p4Rj6Epf73hynh5mYYshX.nkAPp9pQ92DoINwi2V8B3hgQ4Svhr6O','0','',NULL,'PHASH','HG8MhEDyVFVgjs3u','softed','en_us','UTC','','.',',','','','','0','Sunday','5','5','public','Summary','0','',NULL,NULL,0,'','',NULL,NULL),
(1138,'Infra641037','$2y$10$2Ok2bRuIzXfEZNAdyvkyT.W5la/s..kjSzgB3TFj7YdAKjJ.2st4C','#E6FAD8','pikachu','','','',2,'','2025-01-31 08:02:58',NULL,NULL,'','','','98787876634','','','','pikachu@mailinator.com','',NULL,'Active','','','','','','',NULL,NULL,NULL,NULL,NULL,NULL,'yyyy-mm-dd','12','09:00','','','Today','','',0,'$2y$10$1LHVRkCeixpnZew/up2xseXYhA9hx9pqM2KQBnFShsg8BEKbvSqH6','0','',NULL,'PHASH','ziUXp6AwTZHCIfUF','softed','en_us','UTC','','.',',','','','','0','Sunday','5','5','public','Summary','0','',NULL,NULL,0,'','',NULL,NULL),
(1139,'Infra641043','$2y$10$ehxD6fIpLxArFW43lEu1JOTl6pbTbb5Ko4Dv/lY8RibWunz3BxTE2','#E6FAD8','Bheem','','','',2,'','2025-01-31 08:08:51',NULL,NULL,'','','','9858866696','','','','bheema@mailinator.com','',NULL,'Active','','','','','','',NULL,NULL,NULL,NULL,NULL,NULL,'yyyy-mm-dd','12','09:00','','','Today','','',0,'$2y$10$/rP4kJWEdWE/NwKfoXcxf.P7aYDAgNnelM8jsWOanfFKAkXacHuSS','0','',NULL,'PHASH','tli0LpN9EPdRbt3','softed','en_us','UTC','','.',',','','','','0','Sunday','5','5','public','Summary','0','',NULL,NULL,0,'','',NULL,NULL),
(1140,'Infra641049','$2y$10$04jDoVOk7/t4suIaciLqx.oDMp5VG8cIQaO1JRUN3ODN0OHmq1TSS','#E6FAD8','Tom','','','',2,'','2025-01-31 08:18:59',NULL,NULL,'','','','9587585885','','','','tom@mailinator.com','',NULL,'Active','','','','','','',NULL,NULL,NULL,NULL,NULL,NULL,'yyyy-mm-dd','12','09:00','','','Today','','',0,'$2y$10$m5UR8TKXQbucQVkvo.HrD.ZzOzHiUPaC66ahC8zFtTPXNkFUbZXqa','0','',NULL,'PHASH','hk9DAjR3QdxGrojU','softed','en_us','UTC','','.',',','','','','0','Sunday','5','5','public','Summary','0','',NULL,NULL,0,'','',NULL,NULL),
(1141,'Infra641055','$2y$10$HltxWGI/20yxJxnV5HbfGOJ.ecszTTzFfCdTCGssNkgkCW/t2OZ2m','#E6FAD8','Gokul Dam','','','',2,'','2025-01-31 09:32:22',NULL,NULL,'','','','6789453216','','','','gokul@mailinator.com','',NULL,'Active','','','','','','',NULL,NULL,NULL,NULL,NULL,NULL,'yyyy-mm-dd','12','09:00','','','Today','','',0,'$2y$10$vdHso4MgGlRVPoB3MPEpBO6oFmm4TV552t2F2lV5cnE.YUcoCRY0W','0','',NULL,'PHASH','DSDlw7DqWgaX91m','softed','en_us','UTC','','.',',','','','','0','Sunday','5','5','public','Summary','0','',NULL,NULL,0,'','',NULL,NULL),
(1142,'Infra641061','$2y$10$.eTnLAP9efAs3IfR4qA2ceZcd2dMWrO/jKFBlgQwbyxwKZMt7eRKq','#E6FAD8','Gokul Dam','','','',2,'','2025-01-31 10:06:33',NULL,NULL,'','','','6789054321','','','','gokul@mailinator.com','',NULL,'Active','','','','','','',NULL,NULL,NULL,NULL,NULL,NULL,'yyyy-mm-dd','12','09:00','','','Today','','',0,'$2y$10$1x8xeAHgFij9M7864sOBiuvxJdQYy22dx4LP/uwkXkJt2Dsnfbopm','0','',NULL,'PHASH','rGOXdcKCsh7tlp30','softed','en_us','UTC','','.',',','','','','0','Sunday','5','5','public','Summary','0','',NULL,NULL,0,'','',NULL,NULL),
(1143,'Infra641067','$2y$10$XjqcmuTFJnfaKJ5RBFRfs.TWcLPZedGp3zK6x9jjEnVJPFO.x6u6a','#E6FAD8','Pinky','','','',2,'','2025-01-31 10:34:26',NULL,NULL,'','','','7896543210','','','','pinky@mailinator.com','',NULL,'Active','','','','','','',NULL,NULL,NULL,NULL,NULL,NULL,'yyyy-mm-dd','12','09:00','','','Today','','',0,'$2y$10$Rw.ogdN//IdaolnOOS4Lt.Vub7px8VO/CibDamhSvwoumZK6xxbEO','0','',NULL,'PHASH','RLxOxKhSnWrDwQS','softed','en_us','UTC','','.',',','','','','0','Sunday','5','5','public','Summary','0','',NULL,NULL,0,'','',NULL,NULL),
(1144,'Infra641073','$2y$10$m/gV9mb.c4rY2Tn2aO3p3uiN40lYeVn8VJ.ZGyEIlQZXDULiYphPy','#E6FAD8','Dev','','','',2,'','2025-01-31 10:40:31',NULL,NULL,'','','','6789543210','','','','devi@mailinator.com','',NULL,'Active','','','','','','',NULL,NULL,NULL,NULL,NULL,NULL,'yyyy-mm-dd','12','09:00','','','Today','','',0,'$2y$10$ro5eObZJCLfn1KF/xn6q0eXInslJCi7sp1nN/90G7zrXgDGr7wD2S','0','',NULL,'PHASH','i6leMZOBFhaXygY','softed','en_us','UTC','','.',',','','','','0','Sunday','5','5','public','Summary','0','',NULL,NULL,0,'','',NULL,NULL),
(1145,'Infra641079','$2y$10$MJLs2iw2LC/e3.4o.UCBZuupQXaHcUQ2bgk39XxhNM0Qqv8Yq6sMq','#E6FAD8','Vinaya','','','',2,'','2025-01-31 11:20:30',NULL,NULL,'','','','8976098123','','','','vinaya@mailinator.com','',NULL,'Active','','','','','','',NULL,NULL,NULL,NULL,NULL,NULL,'yyyy-mm-dd','12','09:00','','','Today','','',0,'$2y$10$XswdjXZ6MRxcYwG5YdvMGOxrWqCexShD0avsRy/MprJ0Zwi6rkJDm','0','',NULL,'PHASH','GV5q6c7qKq7AJKg','softed','en_us','UTC','','.',',','','','','0','Sunday','5','5','public','Summary','0','',NULL,NULL,0,'','',NULL,NULL),
(1146,'Infra641087','$2y$10$Pj1JhwuoKb1jGFR.DlN8pO1k2pLbZ01pyKosZMmWwhsTejyA5d8jq','#E6FAD8','Venus','','','',2,'','2025-02-02 17:03:47',NULL,NULL,'','','','8976098123','','','','vinaya@mailinator.com','',NULL,'Active','','','','','','',NULL,NULL,NULL,NULL,NULL,NULL,'yyyy-mm-dd','12','09:00','','','Today','','',0,'$2y$10$dRoCfF9gaUKLUW4KXoLtuuitwn.jH522E.B4OMorQDGfOfnvvF6Tm','0','',NULL,'PHASH','jhXZaqVCY3hR9Gql','softed','en_us','UTC','','.',',','','','','0','Sunday','5','5','public','Summary','0','',NULL,NULL,0,'','',NULL,NULL),
(1147,'Infra641091','$2y$10$B0o3NxD0atZSqpZK1T0OpensFwMFbxXrfi4K4J5mxnayu5U1uJyEC','#E6FAD8','Venus','','','',2,'','2025-02-02 17:06:30',NULL,NULL,'','','','8976098123','','','','vinaya@mailinator.com','',NULL,'Active','','','','','','',NULL,NULL,NULL,NULL,NULL,NULL,'yyyy-mm-dd','12','09:00','','','Today','','',0,'$2y$10$bGRmFop0OfdmHnw3sLW/J.j5FYUDC6BJFS1zOecvjXrOuLawla.OO','0','',NULL,'PHASH','i76pX0FCZ4VaMRw5','softed','en_us','UTC','','.',',','','','','0','Sunday','5','5','public','Summary','0','',NULL,NULL,0,'','',NULL,NULL),
(1148,'Infra641095','$2y$10$gogmPorSoCkeZFPaethKKuBT3W0DocHi0DNPeGNjI71WtebZa/O.q','#E6FAD8','Venus','','','',2,'','2025-02-02 17:08:11',NULL,NULL,'','','','8976098123','','','','vinaya@mailinator.com','',NULL,'Active','','','','','','',NULL,NULL,NULL,NULL,NULL,NULL,'yyyy-mm-dd','12','09:00','','','Today','','',0,'$2y$10$1VYFAJoKmOoLOx.pyWd1KeUmvaJ8a4d.86L5yNzW5AXgmgan9unSO','0','',NULL,'PHASH','AYXhXVQfEKJAVV','softed','en_us','UTC','','.',',','','','','0','Sunday','5','5','public','Summary','0','',NULL,NULL,0,'','',NULL,NULL),
(1149,'Infra641099','$2y$10$KMDjtZ4ZPnnLwIag13Q0/efpl5LaSKg6NJEiVvsYCY1yN5a80TDtK','#E6FAD8','Venus','','','',2,'','2025-02-02 17:10:29',NULL,NULL,'','','','8976098123','','','','vinaya@mailinator.com','',NULL,'Active','','','','','','',NULL,NULL,NULL,NULL,NULL,NULL,'yyyy-mm-dd','12','09:00','','','Today','','',0,'$2y$10$vWR7eErff3GPoWl9wAlkXuDuIRlur1CK.tt0TmyNmfGaCJy8r0Tzu','0','',NULL,'PHASH','5tFkiD07sWks3Wk6','softed','en_us','UTC','','.',',','','','','0','Sunday','5','5','public','Summary','0','',NULL,NULL,0,'','',NULL,NULL),
(1150,'SE641083','$2y$10$IK2RR4n3MW8.zjpQTJ6NuelBmShd1tQkKZHtuD2SgmwHulFtiwkcK','#E6FAD8','Venus','','','1',2,'','2025-02-03 04:42:01',NULL,NULL,'','','','8976098123','','','','vinaya@mailinator.com','',NULL,'Active','','','','','','',NULL,NULL,NULL,NULL,NULL,NULL,'yyyy-mm-dd','12','09:00','','','Today','','',0,'$2y$10$5PGnZZIzaev83B6iBKVEBupW/gDFI1ggXGFe7Z6lhhIERUMJUt00O','0','',NULL,'PHASH','Alh1Db1IFOq8i5qe','softed','en_us','UTC','','.',',','','','','0','Sunday','5','5','public','Summary','0','',NULL,NULL,0,'','',NULL,NULL),
(1151,'SE641083','$2y$10$zs9PpAe.AVFXdYAwWRNzruin6IiiGAXScJfPuiOvi6Wd77EmDzH6i','#E6FAD8','Venus','','','1',2,'','2025-02-03 04:44:57',NULL,NULL,'','','','8976098123','','','','vinaya@mailinator.com','',NULL,'Active','','','','','','',NULL,NULL,NULL,NULL,NULL,NULL,'yyyy-mm-dd','12','09:00','','','Today','','',0,'$2y$10$a6yiLW1peKORyO5u5KRlL.G6MZUutnzjUqrtaN9wmK81bO6/lZrzW','0','',NULL,'PHASH','QQ5neEuAeyRWiUMJ','softed','en_us','UTC','','.',',','','','','0','Sunday','5','5','public','Summary','0','',NULL,NULL,0,'','',NULL,NULL),
(1152,'SE641083','$2y$10$gtUVoYU/TwxPB.kiC6Uz3ORt3WLAO.AikDgw4i2fablqMXbIsv3wG','#E6FAD8','Venus','','','1',2,'','2025-02-03 04:46:56',NULL,NULL,'','','','8976098123','','','','vinaya@mailinator.com','',NULL,'Active','','','','','','',NULL,NULL,NULL,NULL,NULL,NULL,'yyyy-mm-dd','12','09:00','','','Today','','',0,'$2y$10$ZkAJ0FCJf0.88J7523r6dOkKLRyE6WlCbBHIWHOaBhZeF5HOHPX3m','0','',NULL,'PHASH','5McZsu6dopHqkBFj','softed','en_us','UTC','','.',',','','','','0','Sunday','5','5','public','Summary','0','',NULL,NULL,0,'','',NULL,NULL),
(1153,'SE641083','$2y$10$2XWrbxL.usHFohK70jnXpODVLMff8AQrOc6NsRLRt4y4u/xDn8Yiy','#E6FAD8','Venus','','','1',2,'','2025-02-03 04:47:56',NULL,NULL,'','','','8976098123','','','','vinaya@mailinator.com','',NULL,'Active','','','','','','',NULL,NULL,NULL,NULL,NULL,NULL,'yyyy-mm-dd','12','09:00','','','Today','','',0,'$2y$10$HAgkr81yb6MKTPMbjIkWr.FiUqnjgX2Nzyxz/4JhXg4Pb06hwjfTW','0','',NULL,'PHASH','SGrN55lLlvY4TszJ','softed','en_us','UTC','','.',',','','','','0','Sunday','5','5','public','Summary','0','',NULL,NULL,0,'','',NULL,NULL),
(1154,'SE641083','$2y$10$.8JMtl8PtoEJlDUedLZMMuZf65CHBcyvm/znzUJPEhdMryG.nnvzO','#E6FAD8','Venus','','','1',2,'','2025-02-03 04:53:56',NULL,NULL,'','','','8976098123','','','','vinaya@mailinator.com','',NULL,'Active','','','','','','',NULL,NULL,NULL,NULL,NULL,NULL,'yyyy-mm-dd','12','09:00','','','Today','','',0,'$2y$10$l8K7kS9BOHUBqBoMhpZCwOsD4FPJUO2QDHkIMA6JlNNVXxeagnm7O','0','',NULL,'PHASH','lNOgSzND1lLMCFoW','softed','en_us','UTC','','.',',','','','','0','Sunday','5','5','public','Summary','0','',NULL,NULL,0,'','',NULL,NULL),
(1155,'Infra641083','$2y$10$VlHUugRM7ZcM/5XyM5Jya.6xXyivppumk/BTf922C.GYfvb7ulApG','#E6FAD8','Venus','','','1',2,'','2025-02-03 04:54:55',NULL,NULL,'','','','8976098123','','','','vinaya@mailinator.com','',NULL,'Active','','','','','','',NULL,NULL,NULL,NULL,NULL,NULL,'yyyy-mm-dd','12','09:00','','','Today','','',0,'$2y$10$ilVkc9biqwLINu1/8kARbuGwpLhPXO3O1E.rUhMALGVL1Kf.jK6iC','0','',NULL,'PHASH','ZMkYvI5K1X3pdDGS','softed','en_us','UTC','','.',',','','','','0','Sunday','5','5','public','Summary','0','',NULL,NULL,0,'','',NULL,NULL),
(1156,'Infra641083','$2y$10$VTVwAtZ0mBVufHpfbWjAQe743TsjV/VjTA4mewyH1IxBlKiGMMZqy','#E6FAD8','Venus','','','1',2,'','2025-02-03 04:55:23',NULL,NULL,'','','','8976098123','','','','vinaya@mailinator.com','',NULL,'Active','','','','','','',NULL,NULL,NULL,NULL,NULL,NULL,'yyyy-mm-dd','12','09:00','','','Today','','',0,'$2y$10$5QQz7IJ4IUlttXmXVaghMuu2nZ/i5a.Lkb0JZLOY/ohUsMOmbqlCS','0','',NULL,'PHASH','MiXvchkxStzKoK9D','softed','en_us','UTC','','.',',','','','','0','Sunday','5','5','public','Summary','0','',NULL,NULL,0,'','',NULL,NULL),
(1157,'Infra641083','$2y$10$u43N9QxN8QOkE2ixIRI7j..ePed2jsLFBK4nNiWdZyegqXyfGYL6q','#E6FAD8','Vinaya','','','1',2,'','2025-02-03 05:04:37',NULL,NULL,'','','','8976098123','','','','vinaya@mailinator.com','',NULL,'Active','','','','','','',NULL,NULL,NULL,NULL,NULL,NULL,'yyyy-mm-dd','12','09:00','','','Today','','',0,'$2y$10$NSaFjRvpo5YRdg87/OpoBuLrFbWjFf/42YzsXT2S8wyiAEHrYnsDm','0','',NULL,'PHASH','iAY0BwWJxjfsuQWU','softed','en_us','UTC','','.',',','','','','0','Sunday','5','5','public','Summary','0','',NULL,NULL,0,'','',NULL,NULL),
(1158,'Infra641083','$2y$10$t/YXP.w8WPJUrnuP7IGrzeYB8MBuy.bnvvYMpDdCP60UixgqJxD9y','#E6FAD8','Vinaya','','','on',2,'','2025-02-03 05:08:41',NULL,NULL,'','','','8976098123','','','','vinaya@mailinator.com','',NULL,'Active','','','','','','',NULL,NULL,NULL,NULL,NULL,NULL,'yyyy-mm-dd','12','09:00','','','Today','','',0,'$2y$10$XBLT59MT0.3wFyHTwBv4Wus0o2xs9Kh44iFZqqAOHVvFW2l.cDJru','0','',NULL,'PHASH','PiBjHKN4rRplTXlF','softed','en_us','UTC','','.',',','','','','0','Sunday','5','5','public','Summary','0','',NULL,NULL,0,'','',NULL,NULL),
(1159,'Infra641083','$2y$10$VzkGnkSWAWI.tg8bmEqfpeMhLbrWOwAthX.164MaMviNvXk1P3jGm','#E6FAD8','Vinaya','','','on',2,'','2025-02-03 05:10:18',NULL,NULL,'','','','8976098123','','','','vinaya@mailinator.com','',NULL,'Active','','','','','','',NULL,NULL,NULL,NULL,NULL,NULL,'yyyy-mm-dd','12','09:00','','','Today','','',0,'$2y$10$wxAIeAdI9xZkGmI3irAMIeDd3HprC3wMJFfV855lM2zOMoUR2GDKy','0','',NULL,'PHASH','8puIJj5wzBlKrqMN','softed','en_us','UTC','','.',',','','','','0','Sunday','5','5','public','Summary','0','',NULL,NULL,0,'','',NULL,NULL),
(1160,'Infra641083','$2y$10$QCXqb5wJLHnRnSK9bfWncODDESt4r9ITAXqbfxHsXtqw2fvfzOEu6','#E6FAD8','Vinaya','','','on',2,'','2025-02-03 05:10:55',NULL,NULL,'','','','8976098123','','','','vinaya@mailinator.com','',NULL,'Active','','','','','','',NULL,NULL,NULL,NULL,NULL,NULL,'yyyy-mm-dd','12','09:00','','','Today','','',0,'$2y$10$OvCBgGUE3sKnxEiDOHs9SeBi5KniWcwJFLtI6yUeLoKVG5qf4QGBa','0','',NULL,'PHASH','bJ74At3BEMfaRUhA','softed','en_us','UTC','','.',',','','','','0','Sunday','5','5','public','Summary','0','',NULL,NULL,0,'','',NULL,NULL),
(1161,'Infra641083','$2y$10$150PYxXfAZ5OWOtDOLIoqe4mYaR6i/W2noZzS/ySvmWX.YX.NhXlW','#E6FAD8','Vinaya','','','on',2,'','2025-02-03 05:11:32',NULL,NULL,'','','','8976098123','','','','vinaya@mailinator.com','',NULL,'Active','','','','','','',NULL,NULL,NULL,NULL,NULL,NULL,'yyyy-mm-dd','12','09:00','','','Today','','',0,'$2y$10$7sY9tPNEU53sEDvHhqT4vuL3QsmfAwcE6JtHrHzDAeptsYOrKmF8W','0','',NULL,'PHASH','fb1hrOLjPJiRfd9d','softed','en_us','UTC','','.',',','','','','0','Sunday','5','5','public','Summary','0','',NULL,NULL,0,'','',NULL,NULL),
(1162,'Infra641083','$2y$10$acNCxCONHJ17WFM62zhMx.j2LDZXqTYmQgqXjGEK.IQdVrxilwVLm','#E6FAD8','Vinaya','','','on',2,'','2025-02-03 05:14:18',NULL,NULL,'','','','8976098123','','','','vinaya@mailinator.com','',NULL,'Active','','','','','','',NULL,NULL,NULL,NULL,NULL,NULL,'yyyy-mm-dd','12','09:00','','','Today','','',0,'$2y$10$GEw15tPNHTTP4Pz.HujhHuFyN49w/jCxCqNGw2oaDoyi9yeTtja/6','0','',NULL,'PHASH','ypMqN2vbYgFbQ','softed','en_us','UTC','','.',',','','','','0','Sunday','5','5','public','Summary','0','',NULL,NULL,0,'','',NULL,NULL),
(1163,'Infra641083','$2y$10$h5YJTkaSVlEj6WlrTPEaju30msZTZmOwl5MecJ3SpqPnX9DVmtRGC','#E6FAD8','Vinaya','','','1',2,'','2025-02-03 05:14:32',NULL,NULL,'','','','8976098123','','','','vinaya@mailinator.com','',NULL,'Active','','','','','','',NULL,NULL,NULL,NULL,NULL,NULL,'yyyy-mm-dd','12','09:00','','','Today','','',0,'$2y$10$hsqrn9c7htDWaWqfGrpUte0PgP41.WBWLvGyU33P/LRQfDTOSG9z2','0','',NULL,'PHASH','BCgYsDHjxwnxMsc','softed','en_us','UTC','','.',',','','','','0','Sunday','5','5','public','Summary','0','',NULL,NULL,0,'','',NULL,NULL),
(1164,'Infra641083','$2y$10$GHFnI.JxpV6pxoodm1qfouc0HCtSJO0SiqBmRxGbp8jor3L1WzbCG','#E6FAD8','Vinaya','','','on',2,'','2025-02-03 05:21:00',NULL,NULL,'','','','8976098123','','','','vinaya@mailinator.com','',NULL,'Active','','','','','','',NULL,NULL,NULL,NULL,NULL,NULL,'yyyy-mm-dd','12','09:00','','','Today','','',0,'$2y$10$43P5UR.RyJAJd7OnyYSV6OaSBbFFhdySw9RGV8LQ3V3HdmOIIr81a','0','',NULL,'PHASH','8iVFPDHrHVgFKFcs','softed','en_us','UTC','','.',',','','','','0','Sunday','5','5','public','Summary','0','',NULL,NULL,0,'','',NULL,NULL),
(1165,'Infra641083','$2y$10$xF1rLtRNx5WxOAvrOa69dOJsTat/14uV5tC4svBLEmityCWlmj0vy','#E6FAD8','Vinaya','','','1',2,'','2025-02-03 05:21:14',NULL,NULL,'','','','8976098123','','','','vinaya@mailinator.com','',NULL,'Active','','','','','','',NULL,NULL,NULL,NULL,NULL,NULL,'yyyy-mm-dd','12','09:00','','','Today','','',0,'$2y$10$4pQ2hQXRtHNgDX3EUUxpPeYc34A2G7AW4qgh8V3wya2HunOJjuIQy','0','',NULL,'PHASH','pt0afZp60zwgFX20','softed','en_us','UTC','','.',',','','','','0','Sunday','5','5','public','Summary','0','',NULL,NULL,0,'','',NULL,NULL),
(1166,'Infra641083','$2y$10$gCZvvX7yjIugIMf4oLGLy.AL5ljhILnP2Rpnag/E4RVFEbOvkJiCu','#E6FAD8','Vinaya','Admin','','1',2,'','2025-02-03 07:36:46',NULL,NULL,'','','','8976098123','','','','vinaya@mailinator.com','',NULL,'Active','','','','','','',NULL,NULL,NULL,NULL,NULL,NULL,'yyyy-mm-dd','12','09:00','','','Today','','',0,'$2y$10$O5cMN5Dsp6sAfDckN/zNwedvJpNMLklrseb3AQKqHn6mrumvIj5li','0','',NULL,'PHASH','cWTf4p9n4LJmt4Ki','softed','en_us','UTC','','.',',','','','','0','Sunday','5','5','public','Summary','0','',NULL,NULL,0,'','',NULL,NULL),
(1167,'Infra641238','$2y$10$KzzzE3Nz72ne3S7N6bNjJunSEHtf5dcyPkHzcuxZ5NRekwOkjnvO.','#E6FAD8','Jeny','','','',2,'','2025-02-03 10:03:27',NULL,NULL,'','','','6789034521','','','','jeny@mailinator.com','',NULL,'Active','','','','','','',NULL,NULL,NULL,NULL,NULL,NULL,'yyyy-mm-dd','12','09:00','','','Today','','',0,'$2y$10$WJFRoYCFlAl3P2WIA3fvUOwDARy31Mcf2OX/Bt27DU/8gwA7xHwDi','0','',NULL,'PHASH','vaUEVigatJJdN5D','softed','en_us','UTC','','.',',','','','','0','Sunday','5','5','public','Summary','0','',NULL,NULL,0,'','',NULL,NULL),
(1168,'Infra641238','$2y$10$m4vvaVJvTD4Gt1mqKY8JgeNOn1XH6cY1gJJeMUyGmfa1EauDUEGSu','#E6FAD8','Jupiter','Jeny','','1',2,'','2025-02-03 10:35:32',NULL,NULL,'','','','6789034521','','','','jeny@mailinator.com','',NULL,'Active','','','','','','',NULL,NULL,NULL,NULL,NULL,NULL,'yyyy-mm-dd','12','09:00','','','Today','','',0,'$2y$10$y50mcrKBNiFzDLPE/hZKZOTMNILhhbn.0lRDt81oQPe9cesgBaome','0','',NULL,'PHASH','UihvtqafMgQJCQ3H','softed','en_us','UTC','','.',',','','','','0','Sunday','5','5','public','Summary','0','',NULL,NULL,0,'','',NULL,NULL),
(1169,'Infra641263','$2y$10$PHRG6.SQFfzepWZmReor1.VRgOFl46ZIwolIcj83pCAX73KVLuv4.','#E6FAD8','Ozler','','','',2,'','2025-02-03 11:05:06',NULL,NULL,'','','','7890456321','','','','ozler@mailinator.com','',NULL,'Active','','','','','','',NULL,NULL,NULL,NULL,NULL,NULL,'yyyy-mm-dd','12','09:00','','','Today','','',0,'$2y$10$3OuGyY/oc7BZ3iWwYuBjreI0ogCJaJJQ8pNCatp3YYkB.NJrjCC5q','0','',NULL,'PHASH','6UzlMd32ul2iNbih','softed','en_us','UTC','','.',',','','','','0','Sunday','5','5','public','Summary','0','',NULL,NULL,0,'','',NULL,NULL),
(1170,'Infra641263','$2y$10$g3t4zAHU.z77FRoaqY2StelBn6r49Gie6x4KrYUW28kLp5ugmnkvi','#E6FAD8','AbrahamHeights','Ozler','','1',2,'','2025-02-03 11:06:12',NULL,NULL,'','','','7890456321','','','','ozler@mailinator.com','',NULL,'Active','','','','','','',NULL,NULL,NULL,NULL,NULL,NULL,'yyyy-mm-dd','12','09:00','','','Today','','',0,'$2y$10$iKB4UOyyyuGJH468NdaODuwuq6GGf0cpttNzACjzlrc7hLSeGekoG','0','',NULL,'PHASH','5GNWDFcKcj8BOO8','softed','en_us','UTC','','.',',','','','','0','Sunday','5','5','public','Summary','0','',NULL,NULL,0,'','',NULL,NULL),
(1171,'Infra641277','$2y$10$0ch76yxGd6D/onKVtfjLdOadn4ehKQBFWA6MEHuUwp0NWdFNQuO.q','#E6FAD8','Severus','','','',2,'','2025-02-03 11:23:05',NULL,NULL,'','','','7890654321','','','','severus@mailinator.com','',NULL,'Active','','','','','','',NULL,NULL,NULL,NULL,NULL,NULL,'yyyy-mm-dd','12','09:00','','','Today','','',0,'$2y$10$ueFbT0MtrQ9wF0qAtMIou.1/zOvG8kJkm4gp89AtESUreXD5g09fy','0','',NULL,'PHASH','p9NngUAa6TcP8yTv','softed','en_us','UTC','','.',',','','','','0','Sunday','5','5','public','Summary','0','',NULL,NULL,0,'','',NULL,NULL),
(1172,'Infra640439','$2y$10$Ip5dNG7hCXvkNxYQij4xou/6ZPV3GIkFHUmNL/swHWX4soMFJmAMO','#E6FAD8','Slytherin','Severus','','1',2,'','2025-02-03 11:23:51',NULL,NULL,'','','','7890654321','','','','severus@mailinator.com','',NULL,'Active','','','','','','',NULL,NULL,NULL,NULL,NULL,NULL,'yyyy-mm-dd','12','09:00','','','Today','','',0,'$2y$10$T7FY3i4fJSBWEAwfhKmpUuA0kVtAZLBk53p4yTMKjUuKoixsBii/2','0','',NULL,'PHASH','sHxh7fTTNDBcW4QV','softed','en_us','UTC','','.',',','','','','0','Sunday','5','5','public','Summary','0','',NULL,NULL,0,'','',NULL,NULL),
(1173,'Infra641277','$2y$10$jpDP780h1JfG.DOkdgBPK.TNbvttu7OKtXWHopqV7z5wHg0CKyZgS','#E6FAD8','Slytherin','Severus','','1',2,'','2025-02-03 11:33:49',NULL,NULL,'','','','7890654321','','','','severus@mailinator.com','',NULL,'Active','','','','','','',NULL,NULL,NULL,NULL,NULL,NULL,'yyyy-mm-dd','12','09:00','','','Today','','',0,'$2y$10$AwBwcYO6DerBWsqtbV/At.t8MhirGDtKD5ZfY4WNnpSugtf/TcMKm','0','',NULL,'PHASH','1odDm3emfMsZ68ho','softed','en_us','UTC','','.',',','','','','0','Sunday','5','5','public','Summary','0','',NULL,NULL,0,'','',NULL,NULL),
(1174,'Infra641302','$2y$10$bjH4Nu3YdQcgrSBmcq7bN.bbnPqoWnkghWirc4mzuoeRLfypkyfPa','#E6FAD8','Sini','','','',2,'','2025-02-03 11:41:39',NULL,NULL,'','','','7689054321','','','','sini@mailinator.com','',NULL,'Active','','','','','','',NULL,NULL,NULL,NULL,NULL,NULL,'yyyy-mm-dd','12','09:00','','','Today','','',0,'$2y$10$r8cvDNm2g8PTRrr8a62aZe0HpOE2g0PUlsGg/lTgVzI10G8kYiKza','0','',NULL,'PHASH','Ie5ZF79YvFzwBEef','softed','en_us','UTC','','.',',','','','','0','Sunday','5','5','public','Summary','0','',NULL,NULL,0,'','',NULL,NULL),
(1175,'Infra641302','$2y$10$aaUDbCzSb.3XA0RdMWWR2OAz55XuTcRFah7/BqqSdqSK1jy48tPkq','#E6FAD8','SinShang','Sini','','1',2,'','2025-02-03 11:42:21',NULL,NULL,'','','','7689054321','','','','sini@mailinator.com','',NULL,'Active','','','','','','',NULL,NULL,NULL,NULL,NULL,NULL,'yyyy-mm-dd','12','09:00','','','Today','','',0,'$2y$10$Cidw64a/aMtqK7l0nLILz.SjPkKAm5nGmhfVWZPjc72G6H/pmJXt.','0','',NULL,'PHASH','x1fCLB8KoVYhVkvQ','softed','en_us','UTC','','.',',','','','','0','Sunday','5','5','public','Summary','0','',NULL,NULL,0,'','',NULL,NULL),
(1176,'Infra641312','$2y$10$5N/BMy4o55gAvQ3b/MWc.OQB1ADs3hE5ywTIf16SAejfA8TCtBqEK','#E6FAD8','Sweety','','','',2,'','2025-02-03 11:48:44',NULL,NULL,'','','','6789045321','','','','sugar@mailinator.com','',NULL,'Active','','','','','','',NULL,NULL,NULL,NULL,NULL,NULL,'yyyy-mm-dd','12','09:00','','','Today','','',0,'$2y$10$d4E2YNsJQY6PZ50FyNGTPeMEHvKnaflDULGIJksJNRiq2DxMhw/um','0','',NULL,'PHASH','La2ILYm6iEweeMuS','softed','en_us','UTC','','.',',','','','','0','Sunday','5','5','public','Summary','0','',NULL,NULL,0,'','',NULL,NULL),
(1177,'Infra641312','$2y$10$SyzJ.5HjAPavoJvxO5JJjuq7.BeqhZyzET5hQSPpt6J.cJ8w0O8Yq','#E6FAD8','Sweety','','','1',2,'','2025-02-03 11:49:46',NULL,NULL,'','','','6789045321','','','','sugar@mailinator.com','',NULL,'Active','','','','','','',NULL,NULL,NULL,NULL,NULL,NULL,'yyyy-mm-dd','12','09:00','','','Today','','',0,'$2y$10$9cR777fMp/U5f9kVx3mX4O2BBcxAmRtA7EeRrYtB0d8SmxPHGqUUC','0','',NULL,'PHASH','3huYnkAM1zMSrXEi','softed','en_us','UTC','','.',',','','','','0','Sunday','5','5','public','Summary','0','',NULL,NULL,0,'','',NULL,NULL),
(1178,'Infra641312','$2y$10$26E98M0VTswlBekhmEYEeuFuM5NvLukM8GokGJe.QPp1vbDzHxLFC','#E6FAD8','Sweety','','','1',2,'','2025-02-03 11:52:33',NULL,NULL,'','','','6789045321','','','','sugar@mailinator.com','',NULL,'Active','','','','','','',NULL,NULL,NULL,NULL,NULL,NULL,'yyyy-mm-dd','12','09:00','','','Today','','',0,'$2y$10$3MzPcrGny/pT4O9qpaToLO0iPVq8ACqHSD52Sy2FLCYaxiMkPaYoS','0','',NULL,'PHASH','tJDNQQRMeL2pIAbK','softed','en_us','UTC','','.',',','','','','0','Sunday','5','5','public','Summary','0','',NULL,NULL,0,'','',NULL,NULL),
(1179,'Infra641312','$2y$10$I8tlu/Ua6iex1kEwk31dpO51qMam3LsS5BlwxiqwHiVNtqOAyJgHC','#E6FAD8','Sweety','','','1',2,'','2025-02-03 11:53:14',NULL,NULL,'','','','6789045321','','','','sugar@mailinator.com','',NULL,'Active','','','','','','',NULL,NULL,NULL,NULL,NULL,NULL,'yyyy-mm-dd','12','09:00','','','Today','','',0,'$2y$10$joNh9ASX1R94YGwZQkMjhe8HPiXaPBlGBVL3taV673vrk/lO5C4ki','0','',NULL,'PHASH','2BrFMEOUvC8SPAy','softed','en_us','UTC','','.',',','','','','0','Sunday','5','5','public','Summary','0','',NULL,NULL,0,'','',NULL,NULL),
(1180,'Infra641312','$2y$10$Z/n1.CZErlj8/0TEI8A39ORdJWKlg7MKjMQbBbJcR91ic3MkJE2KO','#E6FAD8','SugarCandy','Sweety','','1',2,'','2025-02-03 11:57:46',NULL,NULL,'','','','6789045321','','','','sugar@mailinator.com','',NULL,'Active','','','','','','',NULL,NULL,NULL,NULL,NULL,NULL,'yyyy-mm-dd','12','09:00','','','Today','','',0,'$2y$10$Dxx98ooeZoQ6yosYuCKUZebuebp/daUqMPKv8RRhA5tKduqWeRy7G','0','',NULL,'PHASH','DGtYxAItBzkhwax','softed','en_us','UTC','','.',',','','','','0','Sunday','5','5','public','Summary','0','',NULL,NULL,0,'','',NULL,NULL),
(1181,'','$2y$10$UUC3fG4k3Bw9QcDf3w6mwOaUsG18QNyv2XJd1AXV5Y3ERNtEbhHs2','#E6FAD8','SugarCandy','Sweety','','1',2,'','2025-02-03 11:59:10',NULL,NULL,'','','','6789045321','','','','sugar@mailinator.com','',NULL,'Active','','','','','','',NULL,NULL,NULL,NULL,NULL,NULL,'yyyy-mm-dd','12','09:00','','','Today','','',0,'$2y$10$aopkCDniMMtERNnnBjaOYOfZcWXmjzEbAKprw3vWOxJy4RgYUIkWC','0','',NULL,'PHASH','vozhZSRBBLfumGZ','softed','en_us','UTC','','.',',','','','','0','Sunday','5','5','public','Summary','0','',NULL,NULL,0,'','',NULL,NULL),
(1182,'','$2y$10$CODhzCsstoLQPkmXl//XUemzEohBGUWfj2jvite8k7NflFoqnVdCq','#E6FAD8','SugarCandy','Sweety','','1',2,'','2025-02-03 12:00:40',NULL,NULL,'','','','6789045321','','','','sugar@mailinator.com','',NULL,'Active','','','','','','',NULL,NULL,NULL,NULL,NULL,NULL,'yyyy-mm-dd','12','09:00','','','Today','','',0,'$2y$10$gRUtjcdZPenQzLbF658tK.OFVU2rWBGLi/Aj7E8923J8m/XVEuv4i','0','',NULL,'PHASH','w6tQ1nY50TppPkj','softed','en_us','UTC','','.',',','','','','0','Sunday','5','5','public','Summary','0','',NULL,NULL,0,'','',NULL,NULL),
(1183,'Infra641351','$2y$10$8lwOpjY8EHT1tG2KrdLEaeAeYp34UfqTfcmAiIn0ExhBhvRXbmb7C','#E6FAD8','sing','','','',2,'','2025-02-03 12:03:27',NULL,NULL,'','','','8907654321','','','','sing@mailinator.com','',NULL,'Active','','','','','','',NULL,NULL,NULL,NULL,NULL,NULL,'yyyy-mm-dd','12','09:00','','','Today','','',0,'$2y$10$FBFykijPdgrUyZpPBHej4uKqHd7kE2m57AFfvwHlyOBzGvFS/ceIq','0','',NULL,'PHASH','dfsVucjxcsJujmMv','softed','en_us','UTC','','.',',','','','','0','Sunday','5','5','public','Summary','0','',NULL,NULL,0,'','',NULL,NULL),
(1184,'Infra641351','$2y$10$c7njGpm1o1df8gTyLOOOueZEAmq0uPUDVdZWQarQNy7nGzGPvPg9S','#E6FAD8','sing','','','1',2,'','2025-02-03 12:06:36',NULL,NULL,'','','','8907654321','','','','sing@mailinator.com','',NULL,'Active','','','','','','',NULL,NULL,NULL,NULL,NULL,NULL,'yyyy-mm-dd','12','09:00','','','Today','','',0,'$2y$10$FGmIYQLr4g5cL/W6kJBIJ./KEKIFJ/M5aVfAQtpoRx00sP.vr.sF.','0','',NULL,'PHASH','QStcMKB6Ni0mQPef','softed','en_us','UTC','','.',',','','','','0','Sunday','5','5','public','Summary','0','',NULL,NULL,0,'','',NULL,NULL),
(1185,'Infra641373','$2y$10$yNzUC7tcA0iWZgNsBkahl.Yl0REX/42MC70GH36qM.f23qwsh8Wgi','#E6FAD8','Shiny','','','',2,'','2025-02-03 12:27:55',NULL,NULL,'','','','9876504321','','','','shiny@mailinator.com','',NULL,'Active','','','','','','',NULL,NULL,NULL,NULL,NULL,NULL,'yyyy-mm-dd','12','09:00','','','Today','','',0,'$2y$10$Og/CZFNgr84eAFDiEzZG8.BjPsunX64YUmyMXO84s5qMCENHS0i0e','0','',NULL,'PHASH','hSaxSJL2Wc35rDbd','softed','en_us','UTC','','.',',','','','','0','Sunday','5','5','public','Summary','0','',NULL,NULL,0,'','',NULL,NULL),
(1186,'Infra641373','$2y$10$5XEL22UTvg0xWc5gzsMOD.CQVB/GLY7UgtrH35xjkP/Mw12Yq6mb.','#E6FAD8','Shiny','','','1',2,'','2025-02-03 12:33:21',NULL,NULL,'','','','9876504321','','','','shiny@mailinator.com','',NULL,'Active','','','','','','',NULL,NULL,NULL,NULL,NULL,NULL,'yyyy-mm-dd','12','09:00','','','Today','','',0,'$2y$10$pJM36KgeA2mKq0xu2QG2GuI2KK9M86PEWtTCFUu4/PctfARXM5QgG','0','',NULL,'PHASH','ayy2jdVMXxF23FN0','softed','en_us','UTC','','.',',','','','','0','Sunday','5','5','public','Summary','0','',NULL,NULL,0,'','',NULL,NULL),
(1187,'Infra641373','$2y$10$sKZ2k47hwWTNu5GoHc809um16X0IGzhIaJBFa44XtmAz66GSVyFGq','#E6FAD8','Shiny','','','1',2,'','2025-02-03 12:36:02',NULL,NULL,'','','','9876504321','','','','shiny@mailinator.com','',NULL,'Active','','','','','','',NULL,NULL,NULL,NULL,NULL,NULL,'yyyy-mm-dd','12','09:00','','','Today','','',0,'$2y$10$KBL.eg78zjq7VNd2RrdQy.MLa2udvxEQ2bKiXPGfTixe2/BJgKGGi','0','',NULL,'PHASH','oLDEXYmAgLhvgr8H','softed','en_us','UTC','','.',',','','','','0','Sunday','5','5','public','Summary','0','',NULL,NULL,0,'','',NULL,NULL),
(1188,'Infra641373','$2y$10$67kke4q7bSjuyEoicdA9O.GVZBZ4nhf.rJBFVvUP2Z2g2J4uIYUmW','#E6FAD8','Shiny','','','1',2,'','2025-02-03 12:39:07',NULL,NULL,'','','','9876504321','','','','shiny@mailinator.com','',NULL,'Active','','','','','','',NULL,NULL,NULL,NULL,NULL,NULL,'yyyy-mm-dd','12','09:00','','','Today','','',0,'$2y$10$hdsSwbLukwvEoHdjBbMOIu/Y5Nk2khXVdXyVxlTJkB1SLmSuFBs.a','0','',NULL,'PHASH','vKxFaqcEahktbMvh','softed','en_us','UTC','','.',',','','','','0','Sunday','5','5','public','Summary','0','',NULL,NULL,0,'','',NULL,NULL),
(1189,'Infra641373','$2y$10$.4sSNQoTF541aTz3/4gljO.abcZG8EVoGsext4GdOCHl/VhlncRn2','#E6FAD8','Shiny','','','1',2,'','2025-02-03 12:44:00',NULL,NULL,'','','','9876504321','','','','shiny@mailinator.com','',NULL,'Active','','','','','','',NULL,NULL,NULL,NULL,NULL,NULL,'yyyy-mm-dd','12','09:00','','','Today','','',0,'$2y$10$2ezQlMUTpzilChgevh1Xy.Q5kFMhQUopDYpdMOeIcCtE5gWyHuJ9K','0','',NULL,'PHASH','FwNB2SOowV9Uir2s','softed','en_us','UTC','','.',',','','','','0','Sunday','5','5','public','Summary','0','',NULL,NULL,0,'','',NULL,NULL),
(1190,'Infra641373','$2y$10$.LFtbrxdeJRB.yTXYWhF.e8Jjq.AN8q.s0AszKLAINVtZKgN35jKq','#E6FAD8','Shiny','','','1',2,'','2025-02-03 12:55:58',NULL,NULL,'','','','9876504321','','','','shiny@mailinator.com','',NULL,'Active','','','','','','',NULL,NULL,NULL,NULL,NULL,NULL,'yyyy-mm-dd','12','09:00','','','Today','','',0,'$2y$10$QVPacKumbBzN4Lmztkct.Okz3mA455ZNFXojidbVFarepWO.FDZRe','0','',NULL,'PHASH','pNaKCwj8iczO5ux1','softed','en_us','UTC','','.',',','','','','0','Sunday','5','5','public','Summary','0','',NULL,NULL,0,'','',NULL,NULL),
(1191,'Infra641373','$2y$10$EWkocOQIw7iR4m1Z7g4P9O/RP21UN0u23UKCw0TjkdDEBBDoWjliu','#E6FAD8','Shiny','','','1',2,'','2025-02-03 13:03:16',NULL,NULL,'','','','9876504321','','','','shiny@mailinator.com','',NULL,'Active','','','','','','',NULL,NULL,NULL,NULL,NULL,NULL,'yyyy-mm-dd','12','09:00','','','Today','','',0,'$2y$10$qXCbdOuO1x0b7SyYOuG5HumgDnZwFVCKceLSyecyBN0iSc67NyL9S','0','',NULL,'PHASH','xqMQ0QMM3qZlyEJM','softed','en_us','UTC','','.',',','','','','0','Sunday','5','5','public','Summary','0','',NULL,NULL,0,'','',NULL,NULL),
(1192,'Infra641373','$2y$10$20/.Z1YLCn.4VnA2mlbl6.ek2jwIdq8wyjJquPtNqb9aj9d/IhVMm','#E6FAD8','Shiny','','','1',2,'','2025-02-03 13:05:33',NULL,NULL,'','','','9876504321','','','','shiny@mailinator.com','',NULL,'Active','','','','','','',NULL,NULL,NULL,NULL,NULL,NULL,'yyyy-mm-dd','12','09:00','','','Today','','',0,'$2y$10$ghBU8feFhtHG/QYgaZQ9sOcAsfjpJFn..42xsOVQcZ/IZ5/PWH6Xy','0','',NULL,'PHASH','RWyhtUBgP1pQlQjw','softed','en_us','UTC','','.',',','','','','0','Sunday','5','5','public','Summary','0','',NULL,NULL,0,'','',NULL,NULL),
(1193,'Infra641373','$2y$10$HJUNIzNTEKKQtMxjRFyEoeoKHzQB5kef..e.fzQmCmz2xGVooaF3C','#E6FAD8','Shiny','','','1',2,'','2025-02-03 13:20:57',NULL,NULL,'','','','9876504321','','','','shiny@mailinator.com','',NULL,'Active','','','','','','',NULL,NULL,NULL,NULL,NULL,NULL,'yyyy-mm-dd','12','09:00','','','Today','','',0,'$2y$10$t21tUIEAXzxW7k5vl9x1uOHW7EIcieN04r4LDq57RXWVpXCaVumbe','0','',NULL,'PHASH','x7qkZwKlV8Ky5bcv','softed','en_us','UTC','','.',',','','','','0','Sunday','5','5','public','Summary','0','',NULL,NULL,0,'','',NULL,NULL),
(1194,'Infra641373','$2y$10$3i5yJ3CyOTUggpYcUFOkmO4ntZUfejkPkNQc5vFqDoSlKR45nJmuS','#E6FAD8','Shiny','','','1',2,'','2025-02-04 04:39:25',NULL,NULL,'','','','9876504321','','','','shiny@mailinator.com','',NULL,'Active','','','','','','',NULL,NULL,NULL,NULL,NULL,NULL,'yyyy-mm-dd','12','09:00','','','Today','','',0,'$2y$10$S.XUzlAh8nopPF3eHQpwW.rTh9P8xdsgNUMsn.9cqyUhiDnNsOOUK','0','',NULL,'PHASH','RrPI3aYO7qKD8hFv','softed','en_us','UTC','','.',',','','','','0','Sunday','5','5','public','Summary','0','',NULL,NULL,0,'','',NULL,NULL),
(1195,'Infra641373','$2y$10$5VsprcGBl7opUCwUIl7oE.UHnRq/vlSldTyPKUFiloC5eatPJQ78S','#E6FAD8','Shiny','','','1',2,'','2025-02-04 04:42:32',NULL,NULL,'','','','9876504321','','','','shiny@mailinator.com','',NULL,'Active','','','','','','',NULL,NULL,NULL,NULL,NULL,NULL,'yyyy-mm-dd','12','09:00','','','Today','','',0,'$2y$10$7IGRkPBMTkFJgjriRt0BY.FmYUcbUD45JKM/3jdu.kyQUxsM.Pcdq','0','',NULL,'PHASH','ErhtbD5jWiZ8tZq','softed','en_us','UTC','','.',',','','','','0','Sunday','5','5','public','Summary','0','',NULL,NULL,0,'','',NULL,NULL),
(1196,'Infra641373','$2y$10$k59iqypD2cimyNCM9ps.6uoEUuHY4FQXU9Nk1x5l4Yabhje1.4Tsu','#E6FAD8','Shiny','','','1',2,'','2025-02-04 04:43:35',NULL,NULL,'','','','9876504321','','','','shiny@mailinator.com','',NULL,'Active','','','','','','',NULL,NULL,NULL,NULL,NULL,NULL,'yyyy-mm-dd','12','09:00','','','Today','','',0,'$2y$10$h1vM40M2U4dxnkY3BExAMOQp6lI/YB83jLZxOfA2CLBM8OxIi49Ke','0','',NULL,'PHASH','hhc8asZTzO4UrMn','softed','en_us','UTC','','.',',','','','','0','Sunday','5','5','public','Summary','0','',NULL,NULL,0,'','',NULL,NULL),
(1197,'Infra641373','$2y$10$dKOEUcJJrnFr628hBl3GTeE4b9S2OAb1h8Yzbt6dDRIrDZRcr8n2u','#E6FAD8','Shiny','','','1',2,'','2025-02-04 04:47:53',NULL,NULL,'','','','9876504321','','','','shiny@mailinator.com','',NULL,'Active','','','','','','',NULL,NULL,NULL,NULL,NULL,NULL,'yyyy-mm-dd','12','09:00','','','Today','','',0,'$2y$10$I4eekM6AR2/pJk9gtmP2be1GBi79jfGdEP8fy/x2u1VlOmHGppAlu','0','',NULL,'PHASH','rUE2PobIjoYyQ8z6','softed','en_us','UTC','','.',',','','','','0','Sunday','5','5','public','Summary','0','',NULL,NULL,0,'','',NULL,NULL),
(1198,'Infra641435','$2y$10$XsOP22eYE4Zl1amxG5j4mONJJpCOMxMAHg78nnozTlLFr9GAPye5q','#E6FAD8','Wright','','','',2,'','2025-02-04 04:53:31',NULL,NULL,'','','','7689054321','','','','wright@mailinator.com','',NULL,'Active','','','','','','',NULL,NULL,NULL,NULL,NULL,NULL,'yyyy-mm-dd','12','09:00','','','Today','','',0,'$2y$10$670DLLbIKH5HffYcpngXDe1Vn5qM4KrMIJ1Vcj7fyyfkVa1UJEpDy','0','',NULL,'PHASH','J0tuXCSRmK66MwRS','softed','en_us','UTC','','.',',','','','','0','Sunday','5','5','public','Summary','0','',NULL,NULL,0,'','',NULL,NULL),
(1199,'Infra641435','$2y$10$csry6AtoZbopReQmpVBW2egwIAs.iyjfRW1YqQfHAEMPG61QWqGjO','#E6FAD8','Wright','','','1',2,'','2025-02-04 04:55:06',NULL,NULL,'','','','7689054321','','','','wright@mailinator.com','',NULL,'Active','','','','','','',NULL,NULL,NULL,NULL,NULL,NULL,'yyyy-mm-dd','12','09:00','','','Today','','',0,'$2y$10$drYCD47mPuxluhkaPicPpOUenr31jU.VHmFm4gFfdl5lxg/udrkle','0','',NULL,'PHASH','xVu49YGVr4HD2yXY','softed','en_us','UTC','','.',',','','','','0','Sunday','5','5','public','Summary','0','',NULL,NULL,0,'','',NULL,NULL),
(1200,'Infra641586','$2y$10$VPPLgz8ClWKzBnkU6D9lk.W0hnotycQH3n5gDFGNo9fqkvGmBFzpi','#E6FAD8','Bravo','','','',2,'','2025-02-04 10:36:21',NULL,NULL,'','','','6789543210','','','','bravo@mailinator.com','',NULL,'Active','','','','','','',NULL,NULL,NULL,NULL,NULL,NULL,'yyyy-mm-dd','12','09:00','','','Today','','',0,'$2y$10$UjQ0c6x4YMlt6NUL4aCcGOY4gBjAWmc7Qjs2.t7kut21Pi8gztjxy','0','',NULL,'PHASH','FMXDrEvB4CGFyhK','softed','en_us','UTC','','.',',','','','','0','Sunday','5','5','public','Summary','0','',NULL,NULL,0,'','',NULL,NULL),
(1201,'Owntenant641699','$2y$10$ITLn6eM20YDVe1DHI004rOIVbswVetmqVa5M0G8AwekBbddmT8/da','#E6FAD8','','Rahul','','off',2,'','2025-02-06 11:06:14',NULL,NULL,'Asia','','','9658745232','','','','virat@mailinator.com','',NULL,'Active','','','','','','',NULL,NULL,NULL,NULL,NULL,NULL,'dd/mm/yyyy','12','09:00','','','Today','','',0,'$2y$10$ToXCfGNl.FVElhVCPV.3j.xFdjMIA6d/zATvRl2aeHEtD/ALzpHlO','0','',NULL,'PHASH','QPPumjuAKDWwIjh','softed','en_us','Asia/Kolkata','','.',',','','','','0','Sunday','5','5','public','Summary','0','',NULL,NULL,0,'','',NULL,NULL),
(1202,'Infra641769','$2y$10$cjPurw8zmI6SovJSDTlbFuuSkcx5362Da2a4.dkEdXiNZsHeK2qJS','#E6FAD8','','Fredy','','off',2,'','2025-02-07 07:13:46',NULL,NULL,'Asia','','','+919637410258','','','','','',NULL,'Active','','','','','','',NULL,NULL,NULL,NULL,NULL,NULL,'dd/mm/yyyy','12','09:00','','','Today','','',0,'$2y$10$/rLdmPDfPrYbE/9HjHNnCONzK/3VB9nnNk5Dtsqwjg6g2v087AboS','0','',NULL,'PHASH','x8cc4IHIvbkMvaao','softed','en_us','Asia/Kolkata','','.',',','','','','0','Sunday','5','5','public','Summary','0','',NULL,NULL,0,'','',NULL,NULL),
(1203,'Infra641779','$2y$10$Knc7JVu6Ly.ipGROJyD1t.5MAFNInq18lZAd6.DZsNO1T7HrJtn.W','#E6FAD8','','Nandan','','off',2,'','2025-02-07 07:31:05',NULL,NULL,'Asia','','','+919874563012','','','','','',NULL,'Active','','','','','','',NULL,NULL,NULL,NULL,NULL,NULL,'dd/mm/yyyy','12','09:00','','','Today','','',0,'$2y$10$jonuY2E0ujLiOJoXExxpEuNzrwl.yCuffLx9t8ybyXUiQdNslhYMy','0','',NULL,'PHASH','MRq5CBmly7FdS3H5','softed','en_us','Asia/Kolkata','','.',',','','','','0','Sunday','5','5','public','Summary','0','',NULL,NULL,0,'','',NULL,NULL),
(1204,'Owntenant641978','$2y$10$qlyzZz..zGkatjGvtEuZYumRwq7d.tC5lMhMLr.TRQdVDWcDKQrjy','#E6FAD8','','NehaSingh','','off',2,'','2025-03-27 13:02:45',NULL,NULL,'Asia','','','09198798635','','','','jagritisingh54054@gmail.com','',NULL,'Inactive','','','','','','',NULL,NULL,NULL,NULL,NULL,NULL,'dd/mm/yyyy','12','09:00','','','Today','','',1,'$2y$10$C9JY2zc06gkbOsVK.vYzUeP5xC4uztmif8EeubKvSdfPOlQgzDWNW','0','',NULL,'PHASH','ZrIegnFWLGcb8TMs','softed','en_us','Asia/Kolkata','','.',',','','','','0','Sunday','5','5','public','Summary','0','',NULL,NULL,0,'','',NULL,NULL),
(1205,'','','#E6FAD8','','Jagriti Singh','','off',2,'','2025-03-26 06:28:02',NULL,NULL,'Asia','','','09198798635','','','','jagritisingh54054@gmail.com','',NULL,'Active','','','','','','',NULL,NULL,NULL,NULL,NULL,NULL,'dd/mm/yyyy','12','09:00','','','Today','',NULL,0,'','0','',NULL,'PHASH','MKTLjq0HS0OWIa97','softed','en_us','Asia/Kolkata','','.',',','','','','0','Sunday','5','5','public','Summary','0','',NULL,NULL,0,'','',NULL,NULL),
(1206,'','','#E6FAD8','','Govinda','','off',2,'','2025-03-26 06:29:24',NULL,NULL,'Asia','','','09198798635','','','','nehasingh54059@gmail.com','',NULL,'Active','','','','','','',NULL,NULL,NULL,NULL,NULL,NULL,'dd/mm/yyyy','12','09:00','','','Today','',NULL,0,'','0','',NULL,'PHASH','81NrCcR9liCrho8e','softed','en_us','Asia/Kolkata','','.',',','','','','0','Sunday','5','5','public','Summary','0','',NULL,NULL,0,'','',NULL,NULL),
(1207,'','','#E6FAD8','','Radha','','off',2,'','2025-03-26 06:32:20',NULL,NULL,'Asia','','','8056395114','','','','radha@mailinator.com','',NULL,'Active','','','','','','',NULL,NULL,NULL,NULL,NULL,NULL,'dd/mm/yyyy','12','09:00','','','Today','',NULL,0,'','0','',NULL,'PHASH','duvuEQa08y3HAB8','softed','en_us','Asia/Kolkata','','.',',','','','','0','Sunday','5','5','public','Summary','0','',NULL,NULL,0,'','',NULL,NULL),
(1208,'','','#E6FAD8','','Jagriti Singh','','off',2,'','2025-03-26 06:38:17',NULL,NULL,'Asia','','','09198798635','','','','jagritisingh54054@gmail.com','',NULL,'Active','','','','','','',NULL,NULL,NULL,NULL,NULL,NULL,'dd/mm/yyyy','12','09:00','','','Today','',NULL,0,'','0','',NULL,'PHASH','uuDjXmqV2AJqLiR','softed','en_us','Asia/Kolkata','','.',',','','','','0','Sunday','5','5','public','Summary','0','',NULL,NULL,0,'','',NULL,NULL),
(1209,'','','#E6FAD8','','Jagriti Singh','','off',2,'','2025-03-26 06:40:30',NULL,NULL,'Asia','','','09198798635','','','','nehasingh54059@gmail.com','',NULL,'Active','','','','','','',NULL,NULL,NULL,NULL,NULL,NULL,'dd/mm/yyyy','12','09:00','','','Today','',NULL,0,'','0','',NULL,'PHASH','FKoHt8cGIDD4oJ','softed','en_us','Asia/Kolkata','','.',',','','','','0','Sunday','5','5','public','Summary','0','',NULL,NULL,0,'','',NULL,NULL),
(1210,'','','#E6FAD8','','Jagriti Singh','','off',2,'','2025-03-26 06:49:02',NULL,NULL,'Asia','','','09198798635','','','','jagritisingh54054@gmail.com','',NULL,'Active','','','','','','',NULL,NULL,NULL,NULL,NULL,NULL,'dd/mm/yyyy','12','09:00','','','Today','',NULL,0,'','0','',NULL,'PHASH','tUNbRqpu9fJcmelk','softed','en_us','Asia/Kolkata','','.',',','','','','0','Sunday','5','5','public','Summary','0','',NULL,NULL,0,'','',NULL,NULL),
(1211,'','','#E6FAD8','','draco','','off',2,'','2025-03-26 07:05:51',NULL,NULL,'Asia','','','9043185502','','','','draco@mailinator.com','',NULL,'Active','','','','','','',NULL,NULL,NULL,NULL,NULL,NULL,'dd/mm/yyyy','12','09:00','','','Today','',NULL,0,'','0','',NULL,'PHASH','9vaFb6mDIBHXyO08','softed','en_us','Asia/Kolkata','','.',',','','','','0','Sunday','5','5','public','Summary','0','',NULL,NULL,0,'','',NULL,NULL),
(1212,'','','#E6FAD8','','Jagriti Singh','','off',2,'','2025-03-26 07:12:25',NULL,NULL,'Asia','','','09198798635','','','','jagritisingh54054@gmail.com','',NULL,'Active','','','','','','',NULL,NULL,NULL,NULL,NULL,NULL,'dd/mm/yyyy','12','09:00','','','Today','',NULL,0,'','0','',NULL,'PHASH','Zt85qdZjTi4MQcQ','softed','en_us','Asia/Kolkata','','.',',','','','','0','Sunday','5','5','public','Summary','0','',NULL,NULL,0,'','',NULL,NULL),
(1213,'','$2y$10$5cDktfu.eY9ZTA3.83YHpeSIpoVFEf1GWfu296SsPY5wVYy51fWp6','#E6FAD8','','Neha Singh','','off',2,'','2025-03-26 07:21:10',NULL,NULL,'Asia','','','9874563210','','','','nehasingh160499@gmail.com','',NULL,'Active','','','','','','',NULL,NULL,NULL,NULL,NULL,NULL,'dd/mm/yyyy','12','09:00','','','Today','',NULL,0,'$2y$10$TLkdqaJd.GpgV4Am.d8s3OQxCQCzYepknE2FJZ8o0azEFfpq8m8uq','0','',NULL,'PHASH','ByAbbddpsHjgkFxp','softed','en_us','Asia/Kolkata','','.',',','','','','0','Sunday','5','5','public','Summary','0','',NULL,NULL,0,'','',NULL,NULL),
(1214,'','','#E6FAD8','','Severus','','off',2,'','2025-03-26 08:00:52',NULL,NULL,'Asia','','','','','','','','',NULL,'Active','','','','','','',NULL,NULL,NULL,NULL,NULL,NULL,'dd/mm/yyyy','12','09:00','','','Today','','',0,'','0','',NULL,'PHASH','rFxCBn3TiMU2JD0w','softed','en_us','Asia/Kolkata','','.',',','','','','0','Sunday','5','5','public','Summary','0','',NULL,NULL,0,'','',NULL,NULL),
(1215,'','$2y$10$yCTsp8Ti3zlRcRy6atJe8eufZ.K82./HpgP.KZHjCtV95Hu63yZ46','#E6FAD8','','john ','','off',2,'','2025-03-26 09:33:12',NULL,NULL,'Asia','','','9080706543','','','','john@mailinator.com','',NULL,'Active','','','','','','',NULL,NULL,NULL,NULL,NULL,NULL,'dd/mm/yyyy','12','09:00','','','Today','',NULL,0,'$2y$10$Tv/9RbeT2iH1kXqg0/UgkeuqUbDwW0ttbS6VTJjVjjax5N8DAmq1.','0','',NULL,'PHASH','Hb195RpBeygSCAK','softed','en_us','Asia/Kolkata','','.',',','','','','0','Sunday','5','5','public','Summary','0','',NULL,NULL,0,'','',NULL,NULL),
(1216,'','$2y$10$ITZuaY69etCPmWn.eJE72u9hnnixDwiWwf6lkDlJbcVdwBHK1wzFC','#E6FAD8','','harris','','off',2,'','2025-03-27 05:22:55',NULL,NULL,'Asia','','','9847472471','','','','harris@mailinator.com','',NULL,'Active','','','','','','',NULL,NULL,NULL,NULL,NULL,NULL,'dd/mm/yyyy','12','09:00','','','Today','',NULL,0,'$2y$10$IAvZ97YrpFbBCG3NrRfUneFfT/m.cVguMQNUJl7uCckK4r/n4QL.G','0','',NULL,'PHASH','PeetWlIINepY11q','softed','en_us','Asia/Kolkata','','.',',','','','','0','Sunday','5','5','public','Summary','0','',NULL,NULL,0,'','',NULL,NULL),
(1217,'Infra642083','$2y$10$hNAU5MZxyy77eWg6wuzSKO7HOE.ZY.dIpfa5t2b07X4TxVnqQ.9XS','#E6FAD8','','harris','','off',2,'','2025-03-27 07:04:40',NULL,NULL,'Asia','','','9847472471','','','','harris@mailinator.com','',NULL,'Active','','','','','','',NULL,NULL,NULL,NULL,NULL,NULL,'dd/mm/yyyy','12','09:00','','','Today','','',0,'$2y$10$hNAU5MZxyy77eWg6wuzSKO7HOE.ZY.dIpfa5t2b07X4TxVnqQ.9XS','0','',NULL,'PHASH','Gi4tyPNWGXDBgCf3','softed','en_us','Asia/Kolkata','','.',',','','','','0','Sunday','5','5','public','Summary','0','',NULL,NULL,0,'','',NULL,NULL),
(1218,'IE642132','$2y$10$zbhSRgctIj9ATo2atDer3eUxHcE0WAbj4zp10qTnBB4ZK.tOPLN7m','#E6FAD8','','Rambo','','off',2,'','2025-03-27 09:08:52',NULL,NULL,'Asia','','','8098765403','','','','rambo@mailinator.com','',NULL,'Active','','','','','','',NULL,NULL,NULL,NULL,NULL,NULL,'dd/mm/yyyy','12','09:00','','','Today','','',0,'$2y$10$yWaX679XEzK5P96EbxOxvOz1H5HxjA1.KBIt.APjD0fvVA.2P0dZK','0','',NULL,'PHASH','7bKMlSz74xeYHQ84','softed','en_us','Asia/Kolkata','','.',',','','','','0','Sunday','5','5','public','Summary','0','',NULL,NULL,0,'','',NULL,NULL),
(1220,'IE642153','$2y$10$SguYmewcuMiLCCKqF6DBTOMik6HE3KeMiSbVdb6KkY91o9.FQiSx2','#E6FAD8','','NehaSingh','','on',2,'','2025-03-27 13:00:02',NULL,NULL,'Asia','','','09198798635','','','','jagritisingh54054@gmail.com','',NULL,'Active','','','','','','',NULL,NULL,NULL,NULL,NULL,NULL,'dd/mm/yyyy','12','09:00','','','Today','','',0,'$2y$10$SguYmewcuMiLCCKqF6DBTOMik6HE3KeMiSbVdb6KkY91o9.FQiSx2','0','',NULL,'PHASH','lWPH8e8lHe0Q4TKY','softed','en_us','Asia/Kolkata','123,456,789','.',',','$1.0','','2','0','Sunday','5','5','public','Summary','0','',NULL,NULL,0,'','',NULL,NULL),
(1221,'IE642157','$2y$10$NWPU9Ikye57NOTrAiDD75uMNZesYv.cXngth2wChFUVFXmP6xIR3a','#E6FAD8','','Ranav','','off',2,'','2025-03-31 12:34:23',NULL,NULL,'Asia','','','8056395114','','','','ranav@mailinator.com','',NULL,'Active','','','','','','',NULL,NULL,NULL,NULL,NULL,NULL,'dd/mm/yyyy','12','09:00','','','Today','','8ec43064-5429-4c80-9682-30472ed8954f3403549521018838608.jpg',0,'$2y$10$NWPU9Ikye57NOTrAiDD75uMNZesYv.cXngth2wChFUVFXmP6xIR3a','0','',NULL,'PHASH','75WMbb1h0UCFphdS','softed','en_us','Asia/Kolkata','','.',',','','','','0','Sunday','5','5','public','Summary','0','',NULL,NULL,0,'','',NULL,NULL),
(1222,'IE642161','$2y$10$pA5xY//JNaHEPYAAWS34Z.DPsGw2lKw8/ySyslzkUlbP/WUXO8HhS','#E6FAD8','','Virat','','off',2,'','2025-03-27 13:09:14',NULL,NULL,'Asia','','','8924755694','','','','virat@mailinator.com','',NULL,'Active','','','','','','',NULL,NULL,NULL,NULL,NULL,NULL,'dd/mm/yyyy','12','09:00','','','Today','','',0,'$2y$10$AY4M7Awg6I.79E09wsHskeXJqyImTFlkggpM3T3QfFWZx1LQcHaNK','0','',NULL,'PHASH','8yDDU8Pckn3540RZ','softed','en_us','Asia/Kolkata','','.',',','','','','0','Sunday','5','5','public','Summary','0','',NULL,NULL,0,'','',NULL,NULL),
(1224,'IE642172','$2y$10$gvSrClvRzuk/ZMwFiojHu.EnqhW6alb53PKXOSCrZZELoame3F0KO','#E6FAD8','','Vamika','','off',2,'','2025-03-28 05:00:30',NULL,NULL,'Asia','','','9198798635','','','','vamika@mailinator.com','',NULL,'Active','','','','','','',NULL,NULL,NULL,NULL,NULL,NULL,'dd/mm/yyyy','12','09:00','','','Today','','',0,'$2y$10$gvSrClvRzuk/ZMwFiojHu.EnqhW6alb53PKXOSCrZZELoame3F0KO','0','',NULL,'PHASH','cxK7PayqGdFbFMRb','softed','en_us','Asia/Kolkata','','.',',','','','','0','Sunday','5','5','public','Summary','0','',NULL,NULL,0,'','',NULL,NULL),
(1225,'IE642188','$2y$10$rtEo5AqsMjB8UiZDj7DJuOo8JzDdJLLgVMQ0qHlhJ7YLCc.oejYSG','#E6FAD8','','Jyoti','','off',2,'','2025-03-28 11:12:08',NULL,NULL,'Asia','','','09198798635','','','','jagritisingh54054@gmail.com','',NULL,'Active','','','','','','',NULL,NULL,NULL,NULL,NULL,NULL,'dd/mm/yyyy','12','09:00','','','Today','','',0,'$2y$10$bde3RTc1NJxZ75G7lHGMo.fA.EfEQwxpztX6cIAKE4pGhN8hcqcgy','0','',NULL,'PHASH','VrIWsTcPWiGJ62I','softed','en_us','Asia/Kolkata','','.',',','','','','0','Sunday','5','5','public','Summary','0','',NULL,NULL,0,'','',NULL,NULL),
(1226,'','$2y$10$kVL9l4RHOQtweWSbSYU.wOKPbOPFw/w5vm8dKsSbYUxqpoL3Ihp/e','#E6FAD8','','Brahmcharni devi','','off',2,'','2025-03-31 07:30:32',NULL,NULL,'Asia','','','9658743201','','','','nehasingh1604@gmail.com','',NULL,'Active','','','','','','',NULL,NULL,NULL,NULL,NULL,NULL,'dd/mm/yyyy','12','09:00','','','Today','',NULL,0,'$2y$10$r.dcuCR67bB5.vp4aWL5AOOh26/STe64ihWgXcpBIkRpsQ1Z/47XK','0','',NULL,'PHASH','Kt5pREbx6wb44Pvy','softed','en_us','Asia/Kolkata','','.',',','','','','0','Sunday','5','5','public','Summary','0','',NULL,NULL,0,'','',NULL,NULL),
(1227,'','$2y$10$jMpxZMGkCmZKFRJfq696EuGxU5/DXLe7MIw2R8fgDNlSuMn3NO5Jy','#E6FAD8','','Brahmcharni Devi','','off',2,'','2025-03-31 11:22:48',NULL,NULL,'Asia','','','8632514790','','','','nehasingh54059@gmail.com','',NULL,'Active','','','','','','',NULL,NULL,NULL,NULL,NULL,NULL,'dd/mm/yyyy','12','09:00','','','Today','',NULL,0,'$2y$10$NrulTXtGWo9NYaioIFBi/upw5Fshyl7ZvR5l27G3aBuD9mqPzJnti','0','',NULL,'PHASH','W8mw0JfenRjlDO8y','softed','en_us','Asia/Kolkata','','.',',','','','','0','Sunday','5','5','public','Summary','0','',NULL,NULL,0,'','',NULL,NULL),
(1228,'IE642243','$2y$10$xKirc1wtjgKKBf42LrtUCuyYuq7W3HsjrMJcShhciyP4d59FxBWw6','#E6FAD8','','Ayra','','off',2,'','2025-03-31 13:24:55',NULL,NULL,'Asia','','','9043185502','','','','ayra@mailinator.com','',NULL,'Active','','','','','','',NULL,NULL,NULL,NULL,NULL,NULL,'dd/mm/yyyy','12','09:00','','','Today','','',0,'$2y$10$mxM7cU8zxqugZIv28WabtOe3Z7Nb8NmLB3MWJzA9A5siFdkMq2jt2','0','',NULL,'PHASH','3qsxjQdoGBNkx2rF','softed','en_us','Asia/Kolkata','','.',',','','','','0','Sunday','5','5','public','Summary','0','',NULL,NULL,0,'','',NULL,NULL),
(1229,'IE642251','$2y$10$yKAqTdiLzoldX7Ul5ZqL0OymWeN3hGJHIvIc83We91Lghi1aKT6Sm','#E6FAD8','','Visakha','','off',2,'','2025-04-04 10:55:10',NULL,NULL,'Asia','','','9630214587','','','','jagritisingh54054@gmail.com','',NULL,'Active','','','','','','',NULL,NULL,NULL,NULL,NULL,NULL,'dd/mm/yyyy','12','09:00','','','Today','','',0,'$2y$10$XnxmbOXy5jTyYSu.8DR1zO3TLcTYC4ELSgToWTg5lWNgQM8ik3e4u','0','',NULL,'PHASH','RRvUaqmbW86AIdwv','softed','en_us','Asia/Kolkata','','.',',','','','','0','Sunday','5','5','public','Summary','0','',NULL,NULL,0,'','',NULL,NULL),
(1230,'','$2y$10$yaIlJ7SX903RV50CHTWw1OykeeFcDPR.4Tfh90IiNaw8cOrYV5lwO','#E6FAD8','','Admin','','on',1,'','2025-05-16 06:03:40',NULL,NULL,'','','','','','','','','',NULL,'Active','','','','','','',NULL,NULL,NULL,NULL,NULL,NULL,'dd/mm/yyyy','24','09:00','18:00','','Today','Today','',0,'$2y$10$aKyIuC.Eu6C5bnxXLs2NXOJuph/QRunPq19ASxeClLowvBhPZabpq','0','1 Minute',NULL,'PHASH','ucShnWf2TDysCVk','softed','en_us','Asia/Kolkata','','.',',','','','','0','Sunday','5','5','public','Summary','0','',NULL,NULL,0,'','Home',NULL,NULL),
(1231,'IE642415','$2y$10$RKnR6jfMSL3vLsxITfnun.wXwpbR6kZKIwgPefuBV6V.8wC46YyO.','#E6FAD8','','devi','','off',2,'','2025-08-01 05:52:08',NULL,NULL,'Asia','','','8909889009','','','','devi1@maiinator.com','',NULL,'Active','','','','','','',NULL,NULL,NULL,NULL,NULL,NULL,'dd/mm/yyyy','12','09:00','','','Today','','',0,'$2y$10$K4KcU7vKjU6Wjty7abwYk.dae0oR6haFjrSs0eaMt5bp7NyGrtTZO','0','',NULL,'PHASH','MPI6zeRoMTyT0Xsh','softed','en_us','Asia/Kolkata','','.',',','','','','0','Sunday','5','5','public','Summary','0','',NULL,NULL,0,'','',NULL,NULL),
(1232,'','$2y$10$vF3aA69RxOdki5R4MKD7n.mx1ZyJfS/amxx4PvVGrP1ncCp6axIFq','#E6FAD8','','harry','','off',2,'','2025-09-23 06:31:49',NULL,NULL,'Asia','','','8573535435','','','','admin','',NULL,'Active','','','','','','',NULL,NULL,NULL,NULL,NULL,NULL,'dd/mm/yyyy','12','09:00','','','Today','',NULL,0,'$2y$10$dPPzvQSvgeG/kj7mmG66s.YPBNTukwAZwG1oAJ5uP0A9SXprN6PfW','0','',NULL,'PHASH','byB5s7UcZVTX7CQ1','softed','en_us','Asia/Kolkata','','.',',','','','','0','Sunday','5','5','public','Summary','0','',NULL,NULL,0,'','',NULL,NULL);

--
-- Table structure for table `vtiger_users2group`
--

CREATE TABLE `vtiger_users2group` (
  `groupid` int(19) NOT NULL,
  `userid` int(19) NOT NULL,
  PRIMARY KEY (`groupid`,`userid`),
  KEY `users2group_groupname_uerid_idx` (`groupid`,`userid`),
  KEY `fk_2_vtiger_users2group` (`userid`),
  CONSTRAINT `fk_2_vtiger_users2group` FOREIGN KEY (`userid`) REFERENCES `vtiger_users` (`id`) ON DELETE CASCADE
) ENGINE=InnoDB DEFAULT CHARSET=utf8mb3 COLLATE=utf8mb3_general_ci;

--
-- Dumping data for table `vtiger_users2group`
--

INSERT INTO `vtiger_users2group` VALUES
(114,1),
(126,1),
(140,1),
(155,1),
(162,1),
(341,1),
(342,1),
(343,1),
(344,1),
(345,1),
(346,1),
(347,1),
(348,1),
(349,1),
(350,1),
(351,1),
(352,1),
(353,1),
(354,1),
(355,1),
(356,1),
(357,1),
(358,1),
(359,1),
(360,1),
(361,1),
(362,1),
(363,1),
(364,1),
(365,1),
(366,1),
(367,1),
(368,1),
(369,1),
(370,1),
(371,1),
(372,1),
(373,1),
(374,1),
(375,1),
(376,1),
(377,1),
(378,1),
(379,1),
(380,1),
(381,1),
(382,1),
(383,1),
(384,1),
(385,1),
(386,1),
(387,1),
(388,1),
(389,1),
(390,1),
(391,1),
(392,1),
(393,1),
(394,1),
(395,1),
(396,1),
(397,1),
(398,1),
(399,1),
(400,1),
(401,1),
(402,1),
(403,1),
(404,1),
(405,1),
(406,1),
(407,1),
(408,1),
(409,1),
(410,1),
(411,1),
(412,1),
(413,1),
(414,1),
(415,1),
(416,1),
(417,1),
(418,1),
(419,1),
(420,1),
(421,1),
(422,1),
(423,1),
(424,1),
(425,1),
(426,1),
(427,1),
(428,1),
(429,1),
(430,1),
(431,1),
(432,1),
(433,1),
(434,1),
(435,1),
(436,1),
(437,1),
(438,1),
(439,1),
(440,1),
(441,1),
(442,1),
(443,1),
(444,1),
(445,1),
(446,1),
(447,1),
(448,1),
(449,1),
(450,1),
(451,1),
(452,1),
(453,1),
(454,1),
(455,1),
(456,1),
(457,1),
(458,1),
(459,1),
(460,1),
(461,1),
(462,1),
(463,1),
(464,1),
(465,1),
(466,1),
(467,1),
(468,1),
(469,1),
(470,1),
(471,1),
(472,1),
(473,1),
(474,1),
(475,1),
(476,1),
(477,1),
(478,1),
(479,1),
(480,1),
(481,1),
(482,1),
(483,1),
(484,1),
(485,1),
(486,1),
(487,1),
(488,1),
(489,1),
(490,1),
(491,1),
(492,1),
(493,1),
(494,1),
(495,1),
(496,1),
(497,1),
(498,1),
(499,1),
(500,1),
(501,1),
(502,1),
(503,1),
(504,1),
(505,1),
(506,1),
(507,1),
(508,1),
(509,1),
(510,1),
(511,1),
(512,1),
(513,1),
(514,1),
(515,1),
(516,1),
(517,1),
(518,1),
(519,1),
(520,1),
(521,1),
(522,1),
(523,1),
(524,1),
(525,1),
(526,1),
(527,1),
(528,1),
(529,1),
(530,1),
(531,1),
(532,1),
(533,1),
(534,1),
(535,1),
(536,1),
(537,1),
(538,1),
(539,1),
(540,1),
(551,1),
(552,1),
(553,1),
(554,1),
(555,1),
(556,1),
(557,1),
(558,1),
(559,1),
(560,1),
(561,1),
(562,1),
(563,1),
(564,1),
(565,1),
(566,1),
(567,1),
(568,1),
(569,1),
(570,1),
(571,1),
(572,1),
(573,1),
(574,1),
(575,1),
(576,1),
(577,1),
(578,1),
(579,1),
(580,1),
(581,1),
(582,1),
(583,1),
(584,1),
(585,1),
(586,1),
(587,1),
(588,1),
(589,1),
(590,1),
(591,1),
(592,1),
(593,1),
(594,1),
(595,1),
(596,1),
(597,1),
(598,1),
(599,1),
(600,1),
(601,1),
(602,1),
(603,1),
(604,1),
(605,1),
(606,1),
(607,1),
(608,1),
(609,1),
(610,1),
(611,1),
(612,1),
(613,1),
(614,1),
(615,1),
(616,1),
(617,1),
(618,1),
(619,1),
(620,1),
(621,1),
(622,1),
(623,1),
(624,1),
(625,1),
(626,1),
(627,1),
(628,1),
(629,1),
(630,1),
(631,1),
(632,1),
(633,1),
(634,1),
(635,1),
(636,1),
(637,1),
(638,1),
(639,1),
(640,1),
(641,1),
(642,1),
(643,1),
(644,1),
(645,1),
(646,1),
(647,1),
(648,1),
(649,1),
(650,1),
(651,1),
(652,1),
(653,1),
(654,1),
(655,1),
(656,1),
(657,1),
(658,1),
(659,1),
(660,1),
(661,1),
(662,1),
(663,1),
(664,1),
(665,1),
(666,1),
(667,1),
(668,1),
(669,1),
(670,1),
(671,1),
(672,1),
(673,1),
(674,1),
(675,1),
(676,1),
(677,1),
(678,1),
(679,1),
(680,1),
(681,1),
(682,1),
(683,1),
(684,1),
(685,1),
(686,1),
(687,1),
(688,1),
(689,1),
(690,1),
(691,1),
(692,1),
(693,1),
(694,1),
(695,1),
(696,1),
(697,1),
(698,1),
(699,1),
(700,1),
(701,1),
(702,1),
(703,1),
(704,1),
(705,1),
(706,1),
(707,1),
(708,1),
(709,1),
(710,1),
(711,1),
(712,1),
(713,1),
(714,1),
(715,1),
(716,1),
(717,1),
(718,1),
(719,1),
(720,1),
(721,1),
(722,1),
(723,1),
(724,1),
(725,1),
(726,1),
(727,1),
(728,1),
(729,1),
(730,1),
(731,1),
(732,1),
(733,1),
(734,1),
(735,1),
(736,1),
(737,1),
(738,1),
(739,1),
(740,1),
(741,1),
(742,1),
(743,1),
(744,1),
(745,1),
(746,1),
(747,1),
(748,1),
(749,1),
(750,1);

--
-- Table structure for table `vtiger_users_last_import`
--

CREATE TABLE `vtiger_users_last_import` (
  `id` int(36) NOT NULL AUTO_INCREMENT,
  `assigned_user_id` varchar(36) DEFAULT NULL,
  `bean_type` varchar(36) DEFAULT NULL,
  `bean_id` varchar(36) DEFAULT NULL,
  `deleted` int(1) NOT NULL DEFAULT 0,
  PRIMARY KEY (`id`),
  KEY `idx_user_id` (`assigned_user_id`)
) ENGINE=InnoDB DEFAULT CHARSET=utf8mb3 COLLATE=utf8mb3_general_ci;

--
-- Dumping data for table `vtiger_users_last_import`
--


--
-- Table structure for table `vtiger_users_seq`
--

CREATE TABLE `vtiger_users_seq` (
  `id` int(11) NOT NULL
) ENGINE=MyISAM DEFAULT CHARSET=utf8mb3 COLLATE=utf8mb3_general_ci;

--
-- Dumping data for table `vtiger_users_seq`
--

INSERT INTO `vtiger_users_seq` VALUES
(1232);

--
-- Table structure for table `vtiger_usr_log_plat`
--

CREATE TABLE `vtiger_usr_log_plat` (
  `usr_log_platid` int(11) NOT NULL AUTO_INCREMENT,
  `usr_log_plat` varchar(200) NOT NULL,
  `presence` int(1) NOT NULL DEFAULT 1,
  `picklist_valueid` int(11) NOT NULL DEFAULT 0,
  `sortorderid` int(11) DEFAULT 0,
  `color` varchar(10) DEFAULT NULL,
  PRIMARY KEY (`usr_log_platid`)
) ENGINE=InnoDB AUTO_INCREMENT=3 DEFAULT CHARSET=utf8mb3 COLLATE=utf8mb3_general_ci;

--
-- Dumping data for table `vtiger_usr_log_plat`
--

INSERT INTO `vtiger_usr_log_plat` VALUES
(1,'Mobile App',1,452,1,NULL),
(2,'Web Portal',1,453,2,NULL);

--
-- Table structure for table `vtiger_usr_log_plat_seq`
--

CREATE TABLE `vtiger_usr_log_plat_seq` (
  `id` int(11) NOT NULL
) ENGINE=InnoDB DEFAULT CHARSET=utf8mb3 COLLATE=utf8mb3_bin;

--
-- Dumping data for table `vtiger_usr_log_plat_seq`
--

INSERT INTO `vtiger_usr_log_plat_seq` VALUES
(2);

--
-- Table structure for table `vtiger_usr_verification`
--

CREATE TABLE `vtiger_usr_verification` (
  `usr_verificationid` int(11) NOT NULL AUTO_INCREMENT,
  `usr_verification` varchar(200) NOT NULL,
  `presence` int(1) NOT NULL DEFAULT 1,
  `picklist_valueid` int(11) NOT NULL DEFAULT 0,
  `sortorderid` int(11) DEFAULT 0,
  `color` varchar(10) DEFAULT NULL,
  PRIMARY KEY (`usr_verificationid`)
) ENGINE=InnoDB AUTO_INCREMENT=3 DEFAULT CHARSET=utf8mb3 COLLATE=utf8mb3_general_ci;

--
-- Dumping data for table `vtiger_usr_verification`
--

INSERT INTO `vtiger_usr_verification` VALUES
(1,'Yes',1,131002,1,NULL),
(2,'No',1,131003,2,NULL);

--
-- Table structure for table `vtiger_usr_verification_seq`
--

CREATE TABLE `vtiger_usr_verification_seq` (
  `id` int(11) NOT NULL
) ENGINE=InnoDB DEFAULT CHARSET=utf8mb3 COLLATE=utf8mb3_general_ci;

--
-- Dumping data for table `vtiger_usr_verification_seq`
--

INSERT INTO `vtiger_usr_verification_seq` VALUES
(2);

--
-- Table structure for table `vtiger_vendor`
--

CREATE TABLE `vtiger_vendor` (
  `vendorid` int(19) NOT NULL DEFAULT 0,
  `vendor_no` varchar(100) NOT NULL,
  `vendorname` varchar(100) DEFAULT NULL,
  `phone` varchar(100) DEFAULT NULL,
  `email` varchar(100) DEFAULT NULL,
  `website` varchar(100) DEFAULT NULL,
  `glacct` varchar(200) DEFAULT NULL,
  `category` varchar(50) DEFAULT NULL,
  `street` text DEFAULT NULL,
  `city` varchar(30) DEFAULT NULL,
  `state` varchar(30) DEFAULT NULL,
  `pobox` varchar(30) DEFAULT NULL,
  `postalcode` varchar(100) DEFAULT NULL,
  `country` varchar(100) DEFAULT NULL,
  `description` text DEFAULT NULL,
  `tags` varchar(1) DEFAULT NULL,
  `external_app_num` varchar(250) DEFAULT NULL,
  `uploadidproof` varchar(255) DEFAULT NULL,
  `idproof` varchar(20) DEFAULT NULL,
  `address` text DEFAULT NULL,
  `type_of_services` text DEFAULT NULL,
  `district` text DEFAULT NULL,
  `shopno` varchar(20) DEFAULT NULL,
  `roadorstreetno` varchar(20) DEFAULT NULL,
  `floorno` varchar(20) DEFAULT NULL,
  `vendor_approval_status` varchar(20) DEFAULT NULL,
  `vendor_latitude` varchar(20) DEFAULT NULL,
  `vendor_longitude` varchar(20) DEFAULT NULL,
  PRIMARY KEY (`vendorid`),
  CONSTRAINT `fk_1_vtiger_vendor` FOREIGN KEY (`vendorid`) REFERENCES `vtiger_crmentity` (`crmid`) ON DELETE CASCADE
) ENGINE=InnoDB DEFAULT CHARSET=utf8mb3 COLLATE=utf8mb3_general_ci;

--
-- Dumping data for table `vtiger_vendor`
--

INSERT INTO `vtiger_vendor` VALUES
(642182,'VEN16089','Medplus','8070954321','medplusforyou@mailinator.com',NULL,NULL,NULL,NULL,'Thyagarajnagar S.O','KARNATAKA',NULL,'560070',NULL,NULL,'',NULL,'aadhaa.jpg','234834847879','2nd cross street,btm 1st stage','Medical','BENGALURU URBAN',NULL,NULL,NULL,'Rejected',NULL,NULL),
(642184,'VEN16090','GreenTrends Skin Care','8070954321','greentrends@mailinator.com',NULL,NULL,NULL,NULL,'Rajarajeshwarinagar S.O','KARNATAKA',NULL,'560098',NULL,NULL,'',NULL,'aadhaa.jpg','234834847879','15th cross,jp nagar 6th pase','Skin Care','BENGALURU URBAN',NULL,NULL,NULL,'Accepted','12.9081° N','77.5853° E'),
(642186,'VEN16091','Iha Electronics','8070954323','iha@mailinator.com',NULL,NULL,NULL,NULL,'Silvepura B.O','KARNATAKA',NULL,'560090',NULL,NULL,'',NULL,'image (1).png','134834847879','Kalyan nagar','Electronics','BENGALURU URBAN',NULL,NULL,NULL,NULL,NULL,NULL),
(642205,'VEN16092','Ibaco','7834521670','ibaco@mailinator.com',NULL,NULL,NULL,NULL,'Pattukottai H.O','TAMIL NADU',NULL,'614601',NULL,NULL,'',NULL,'aadhaa.jpg','210789345672','big bazaar street','Eateries','THANJAVUR',NULL,NULL,NULL,'Accepted',NULL,NULL),
(642222,'VEN16093','electro','+918796431254','elec@gsh.xj',NULL,NULL,NULL,NULL,'Navsari HO','GUJARAT',NULL,'396445',NULL,NULL,'',NULL,'1 images','adharcard','Vejalpore, Navsari, Gujarat, 396445, India','electronic','NAVSARI',NULL,NULL,NULL,'Rejected',NULL,NULL),
(642236,'VEN16094','ken','+919635287410','ken@gj.vb',NULL,NULL,NULL,NULL,'Junathana SO','GUJARAT',NULL,'396445',NULL,NULL,'',NULL,'1 images','adhar card','Vejalpore, Navsari, Gujarat, 396445, India','medical','NAVSARI',NULL,NULL,NULL,'Accepted',NULL,NULL),
(642261,'VEN16096','Dhruv','09198798635','jagritisingh54054@gmail.com',NULL,NULL,NULL,NULL,'Bengaluru','Karnataka',NULL,'226017',NULL,NULL,'',NULL,'','108','435, 14th Cross Rd, Shastri Nagar, Yediyur, Basavanagudi, Bengaluru, Karnataka 560004 Sonal jewelers...','Sakha','','','','','Accepted',NULL,NULL),
(642263,'VEN16097','Radha','09198798635','nehasingh54059@gmail.com',NULL,NULL,NULL,NULL,'Alamnagar BO','UTTAR PRADESH',NULL,'226017',NULL,NULL,'',NULL,'Beta ji.png','108','Budh nagar hansh khera para lko','Sakha','LUCKNOW','','','','Accepted',NULL,NULL),
(642266,'VEN16098','Vidhur','09198798635','jagritisingh54054@gmail.com',NULL,NULL,NULL,NULL,'J P Nagar S.O','KARNATAKA',NULL,'560078',NULL,NULL,'',NULL,'stack.jpeg','456','435, 14th Cross Rd, Shastri Nagar, Yediyur, Basavanagudi, Bengaluru, Karnataka 560004 Sonal jewelers...','Sakha','BENGALURU URBAN','','','','Rejected',NULL,NULL),
(642285,'VEN16099','Medi','+919665524417','Megi@gnf.Bb',NULL,NULL,NULL,NULL,'Navsari','Gujarat',NULL,'396445',NULL,NULL,'',NULL,'1 images','Aadhar Card','Vejalpore, Navsari, Gujarat, 396445, India','Medical','Navsari','','','','Pending','',''),
(642290,'VEN16101','Megna Chain of Restaurants','9874444440','megna@mailinator.com',NULL,NULL,NULL,NULL,'Bangalore','Karnataka',NULL,'560078',NULL,NULL,'',NULL,'','AADHAAR12345','#123, JP Nagar, Bangalore','Restaurant','Bangalore Urban','12','4th Main','2','Accepted','12.9081','77.5853'),
(642291,'VEN16102','Megna Chain of Restaurants','9874444441','megna@mailinator.com',NULL,NULL,NULL,NULL,'Bangalore','Karnataka',NULL,'560100',NULL,NULL,'',NULL,'','249787454545',', Electronic City, Bengaluru, Karnataka-560100','Restaurant','Bangalore Urban','Plot 112,','Hosur Rd, Veer Sandr','1','Pending','12.850715','77.668392'),
(642292,'VEN16103','Megna Chain of Restaurants','9874444441','megna@mailinator.com',NULL,NULL,NULL,NULL,'Bangalore','Karnataka',NULL,'560100',NULL,NULL,'',NULL,'','249787454545',', Electronic City, Bengaluru, Karnataka-560100','Restaurant','Bangalore Urban','Plot 112,','Hosur Rd, Veer Sandr','1','Accepted','12.850715','77.668392'),
(642293,'VEN16104','Harsu','09198798635','jagritisingh54054@gmail.com',NULL,NULL,NULL,NULL,'Ashok Nagar (Jaipur)','Rajasthan',NULL,'302001',NULL,NULL,'',NULL,'Beta ji.png','108','Budh nagar hansh khera para lko','Sakha','Jaipur','8','5','5','Accepted','5','6'),
(642296,'VEN16105','Herry','+919685237410','herry@mail.ci',NULL,NULL,NULL,NULL,'Navsari','Gujarat',NULL,'396445',NULL,NULL,'',NULL,'1 images','Adhar Card','Vejalpore, Navsari, Gujarat, 396445, India','Medical','Navsari','56','','','Accepted','20.954954954954953','72.91237757859119'),
(642306,'VEN16108','Ambik','+919685441280','ambik@mailinator.com',NULL,NULL,NULL,NULL,'Navsari','Gujarat',NULL,'396445',NULL,NULL,'',NULL,'1 images','Addhar Card','Italva, Navsari, Gujarat-396445','Restaurant ','Navsari','','','','Accepted','20.919229299999998','72.9475649'),
(642369,'VEN16109','DMART ','+919686765646','dmart@mailintor.com',NULL,NULL,NULL,NULL,'Bangalore South','Karnataka',NULL,'560098',NULL,NULL,'',NULL,'1 images','527282892772','Rajarajeshwarinagar, Bangalore South, Karnataka-560098','Home Essentials ','Bangalore','123','24th Main Road,JP na','1','Accepted','12.914860299999999','77.5206395'),
(642398,'VEN16110','Bsnaaa\n','+918888888888','bhnm',NULL,NULL,NULL,NULL,'Bengaluru','Karnataka',NULL,'560078',NULL,NULL,'',NULL,'1 images','Bbbn...','Peenya, Bengaluru, Karnataka, 560078, India','Vbnn','Bangalore Division','Vbb','B B ',' N ','Pending','12.9048043','77.5855863'),
(642400,'VEN16111','12345','+919000000000','12344',NULL,NULL,NULL,NULL,'Davanagere','Karnataka',NULL,'577004',NULL,NULL,'',NULL,'1 images','Tfyvjbi','#123 S.S.Layout, Davanagere, Karnataka-577004','123','Davangere','Dgch','Gdgc','Hchv','Accepted','14.451915699999997','75.90024269999999'),
(642401,'VEN16112','Abc','+918526954123','as bc',NULL,NULL,NULL,NULL,'Bengaluru','Karnataka',NULL,'560078',NULL,NULL,'',NULL,'1 images','Ghm','Peenya, Bengaluru, Karnataka, 560078, India','Zcv','Bangalore Division','Xcg','Cvb','Vhnk','Accepted','12.9048118','77.5855916'),
(642403,'VEN16113','Tctc','+919050696824','rxdtyg',NULL,NULL,NULL,NULL,'Bengaluru','Karnataka',NULL,'560078',NULL,NULL,'',NULL,'1 images','Xgcg','Peenya, Bengaluru, Karnataka, 560078, India','Fxtctc','Bangalore Division','Txt','Vxh','G G','Pending','12.9048093','77.5855977'),
(642404,'VEN16114','0987','+919882236873','adfh',NULL,NULL,NULL,NULL,'Davanagere','Karnataka',NULL,'577004',NULL,NULL,'',NULL,'1 images','Ych.','S.S.Layout, Davanagere, Karnataka-577004','Xyby','Davangere','Chb','Ftvy','Yby','Pending','14.451915699999997','75.90024269999999'),
(642406,'VEN16115','@#%^123,;:','+919066325444','qwert',NULL,NULL,NULL,NULL,'Bengaluru','Karnataka',NULL,'560078',NULL,NULL,'',NULL,'1 images','Rylfilg','J. P. Nagar, Bengaluru, Karnataka, 560078, India','Ssg','Bangalore Division','Dhxh','Yxhcv','Hxhc\n','Pending','12.9009009009009','77.5799184575267'),
(642408,'VEN16116','Vnnk','+919999806556','',NULL,NULL,NULL,NULL,'Bengaluru','Karnataka',NULL,'560078',NULL,NULL,'',NULL,'1 images','Vnkk','J. P. Nagar, Bengaluru, Karnataka, 560078, India',' Cv','Bangalore Division','Gvn','Vbj','Bnn','Pending','12.9009009009009','77.5799184575267'),
(642410,'VEN16117','Chethana','+919632580087','che@mailinator.com',NULL,NULL,NULL,NULL,'Bengaluru','Karnataka',NULL,'560078',NULL,NULL,'',NULL,'1 images','Shcjvm','Peenya, Bengaluru, Karnataka, 560078, India','Vhdbdh','Bangalore Division','Dfh','4fzg','Zv','Pending','12.9048022','77.5855942'),
(642412,'VEN16118','Yash','+919805566655','yash@mailinator.com',NULL,NULL,NULL,NULL,'Bengaluru','Karnataka',NULL,'560078',NULL,NULL,'',NULL,'1 images','Aadhaar','JP Nagar Phase 6, Bengaluru, Karnataka, 560078, India','Abc','Bengaluru Urban','Abc','Abc def','Abc','Pending','12.90495045888214','77.58557424765392');

--
-- Table structure for table `vtiger_vendor_approval_status`
--

CREATE TABLE `vtiger_vendor_approval_status` (
  `vendor_approval_statusid` int(11) NOT NULL AUTO_INCREMENT,
  `vendor_approval_status` varchar(200) NOT NULL,
  `presence` int(1) NOT NULL DEFAULT 1,
  `picklist_valueid` int(11) NOT NULL DEFAULT 0,
  `sortorderid` int(11) DEFAULT 0,
  `color` varchar(10) DEFAULT NULL,
  PRIMARY KEY (`vendor_approval_statusid`)
) ENGINE=InnoDB AUTO_INCREMENT=4 DEFAULT CHARSET=utf8mb3 COLLATE=utf8mb3_general_ci;

--
-- Dumping data for table `vtiger_vendor_approval_status`
--

INSERT INTO `vtiger_vendor_approval_status` VALUES
(1,'Pending',1,132459,1,NULL),
(2,'Accepted',1,132460,2,NULL),
(3,'Rejected',1,132461,3,NULL);

--
-- Table structure for table `vtiger_vendor_approval_status_seq`
--

CREATE TABLE `vtiger_vendor_approval_status_seq` (
  `id` int(11) NOT NULL
) ENGINE=InnoDB DEFAULT CHARSET=utf8mb4 COLLATE=utf8mb4_general_ci;

--
-- Dumping data for table `vtiger_vendor_approval_status_seq`
--

INSERT INTO `vtiger_vendor_approval_status_seq` VALUES
(3);

--
-- Table structure for table `vtiger_vendor_item`
--

CREATE TABLE `vtiger_vendor_item` (
  `vendor_itemid` int(11) NOT NULL AUTO_INCREMENT,
  `vendor_item` varchar(200) NOT NULL,
  `sortorderid` int(11) DEFAULT NULL,
  `presence` int(11) NOT NULL DEFAULT 1,
  `color` varchar(10) DEFAULT NULL,
  PRIMARY KEY (`vendor_itemid`)
) ENGINE=InnoDB AUTO_INCREMENT=5 DEFAULT CHARSET=utf8mb3 COLLATE=utf8mb3_general_ci;

--
-- Dumping data for table `vtiger_vendor_item`
--

INSERT INTO `vtiger_vendor_item` VALUES
(1,'AFDSS',0,1,NULL),
(2,'Auto Lube',1,1,NULL),
(3,'Engine',2,1,NULL),
(4,'AC',3,1,NULL);

--
-- Table structure for table `vtiger_vendor_item_seq`
--

CREATE TABLE `vtiger_vendor_item_seq` (
  `id` int(11) NOT NULL
) ENGINE=InnoDB DEFAULT CHARSET=utf8mb3 COLLATE=utf8mb3_bin;

--
-- Dumping data for table `vtiger_vendor_item_seq`
--

INSERT INTO `vtiger_vendor_item_seq` VALUES
(4);

--
-- Table structure for table `vtiger_vendor_response`
--

CREATE TABLE `vtiger_vendor_response` (
  `vendor_responseid` int(11) NOT NULL AUTO_INCREMENT,
  `vendor_response` varchar(200) NOT NULL,
  `sortorderid` int(11) DEFAULT NULL,
  `presence` int(11) NOT NULL DEFAULT 1,
  `color` varchar(10) DEFAULT NULL,
  PRIMARY KEY (`vendor_responseid`)
) ENGINE=InnoDB AUTO_INCREMENT=7 DEFAULT CHARSET=utf8mb3 COLLATE=utf8mb3_general_ci;

--
-- Dumping data for table `vtiger_vendor_response`
--

INSERT INTO `vtiger_vendor_response` VALUES
(1,'Under assesssment by Vendor',0,1,NULL),
(2,'Warranty Rejected',1,1,NULL),
(3,'New Parts Received under warranty',2,1,NULL),
(4,'Repaired Parts received under warranty',3,1,NULL),
(5,'Repaired on Paid basis',4,1,NULL),
(6,'Repaired on Prorata basis',5,1,NULL);

--
-- Table structure for table `vtiger_vendor_response_seq`
--

CREATE TABLE `vtiger_vendor_response_seq` (
  `id` int(11) NOT NULL
) ENGINE=InnoDB DEFAULT CHARSET=utf8mb3 COLLATE=utf8mb3_general_ci;

--
-- Dumping data for table `vtiger_vendor_response_seq`
--

INSERT INTO `vtiger_vendor_response_seq` VALUES
(6);

--
-- Table structure for table `vtiger_vendorcf`
--

CREATE TABLE `vtiger_vendorcf` (
  `vendorid` int(19) NOT NULL DEFAULT 0,
  PRIMARY KEY (`vendorid`),
  CONSTRAINT `fk_1_vtiger_vendorcf` FOREIGN KEY (`vendorid`) REFERENCES `vtiger_vendor` (`vendorid`) ON DELETE CASCADE
) ENGINE=InnoDB DEFAULT CHARSET=utf8mb3 COLLATE=utf8mb3_general_ci;

--
-- Dumping data for table `vtiger_vendorcf`
--

INSERT INTO `vtiger_vendorcf` VALUES
(642182),
(642184),
(642186),
(642205),
(642222),
(642236),
(642261),
(642263),
(642266),
(642285),
(642290),
(642291),
(642292),
(642293),
(642296),
(642306),
(642369),
(642398),
(642400),
(642401),
(642403),
(642404),
(642406),
(642408),
(642410),
(642412);

--
-- Table structure for table `vtiger_vendorcontactrel`
--

CREATE TABLE `vtiger_vendorcontactrel` (
  `vendorid` int(19) NOT NULL DEFAULT 0,
  `contactid` int(19) NOT NULL DEFAULT 0,
  PRIMARY KEY (`vendorid`,`contactid`),
  KEY `vendorcontactrel_vendorid_idx` (`vendorid`),
  KEY `vendorcontactrel_contact_idx` (`contactid`),
  CONSTRAINT `fk_2_vtiger_vendorcontactrel` FOREIGN KEY (`vendorid`) REFERENCES `vtiger_vendor` (`vendorid`) ON DELETE CASCADE
) ENGINE=InnoDB DEFAULT CHARSET=utf8mb3 COLLATE=utf8mb3_general_ci;

--
-- Dumping data for table `vtiger_vendorcontactrel`
--


--
-- Table structure for table `vtiger_version`
--

CREATE TABLE `vtiger_version` (
  `id` int(11) NOT NULL AUTO_INCREMENT,
  `old_version` varchar(30) DEFAULT NULL,
  `current_version` varchar(30) DEFAULT NULL,
  PRIMARY KEY (`id`)
) ENGINE=InnoDB AUTO_INCREMENT=2 DEFAULT CHARSET=utf8mb3 COLLATE=utf8mb3_general_ci;

--
-- Dumping data for table `vtiger_version`
--

INSERT INTO `vtiger_version` VALUES
(1,'7.3.0','7.3.0');

--
-- Table structure for table `vtiger_version_seq`
--

CREATE TABLE `vtiger_version_seq` (
  `id` int(11) NOT NULL
) ENGINE=MyISAM DEFAULT CHARSET=utf8mb3 COLLATE=utf8mb3_general_ci;

--
-- Dumping data for table `vtiger_version_seq`
--

INSERT INTO `vtiger_version_seq` VALUES
(1);

--
-- Table structure for table `vtiger_vis_chk_external_damages`
--

CREATE TABLE `vtiger_vis_chk_external_damages` (
  `vis_chk_external_damagesid` int(11) NOT NULL AUTO_INCREMENT,
  `vis_chk_external_damages` varchar(200) NOT NULL,
  `sortorderid` int(11) DEFAULT NULL,
  `presence` int(11) NOT NULL DEFAULT 1,
  `color` varchar(10) DEFAULT NULL,
  PRIMARY KEY (`vis_chk_external_damagesid`)
) ENGINE=InnoDB AUTO_INCREMENT=3 DEFAULT CHARSET=utf8mb3 COLLATE=utf8mb3_general_ci;

--
-- Dumping data for table `vtiger_vis_chk_external_damages`
--

INSERT INTO `vtiger_vis_chk_external_damages` VALUES
(1,'YES',1,1,NULL),
(2,'NO',2,1,NULL);

--
-- Table structure for table `vtiger_vis_chk_external_damages_seq`
--

CREATE TABLE `vtiger_vis_chk_external_damages_seq` (
  `id` int(11) NOT NULL
) ENGINE=InnoDB DEFAULT CHARSET=utf8mb3 COLLATE=utf8mb3_bin;

--
-- Dumping data for table `vtiger_vis_chk_external_damages_seq`
--


--
-- Table structure for table `vtiger_vis_chk_hydraulic_air_leakages`
--

CREATE TABLE `vtiger_vis_chk_hydraulic_air_leakages` (
  `vis_chk_hydraulic_air_leakagesid` int(11) NOT NULL AUTO_INCREMENT,
  `vis_chk_hydraulic_air_leakages` varchar(200) NOT NULL,
  `sortorderid` int(11) DEFAULT NULL,
  `presence` int(11) NOT NULL DEFAULT 1,
  `color` varchar(10) DEFAULT NULL,
  PRIMARY KEY (`vis_chk_hydraulic_air_leakagesid`)
) ENGINE=InnoDB AUTO_INCREMENT=3 DEFAULT CHARSET=utf8mb3 COLLATE=utf8mb3_general_ci;

--
-- Dumping data for table `vtiger_vis_chk_hydraulic_air_leakages`
--

INSERT INTO `vtiger_vis_chk_hydraulic_air_leakages` VALUES
(1,'YES',1,1,NULL),
(2,'NO',2,1,NULL);

--
-- Table structure for table `vtiger_vis_chk_hydraulic_air_leakages_seq`
--

CREATE TABLE `vtiger_vis_chk_hydraulic_air_leakages_seq` (
  `id` int(11) NOT NULL
) ENGINE=InnoDB DEFAULT CHARSET=utf8mb3 COLLATE=utf8mb3_bin;

--
-- Dumping data for table `vtiger_vis_chk_hydraulic_air_leakages_seq`
--


--
-- Table structure for table `vtiger_vis_chk_lubrication`
--

CREATE TABLE `vtiger_vis_chk_lubrication` (
  `vis_chk_lubricationid` int(11) NOT NULL AUTO_INCREMENT,
  `vis_chk_lubrication` varchar(200) NOT NULL,
  `sortorderid` int(11) DEFAULT NULL,
  `presence` int(11) NOT NULL DEFAULT 1,
  `color` varchar(10) DEFAULT NULL,
  PRIMARY KEY (`vis_chk_lubricationid`)
) ENGINE=InnoDB AUTO_INCREMENT=3 DEFAULT CHARSET=utf8mb3 COLLATE=utf8mb3_general_ci;

--
-- Dumping data for table `vtiger_vis_chk_lubrication`
--

INSERT INTO `vtiger_vis_chk_lubrication` VALUES
(1,'OK',1,1,NULL),
(2,'NOT OK',2,1,NULL);

--
-- Table structure for table `vtiger_vis_chk_lubrication_seq`
--

CREATE TABLE `vtiger_vis_chk_lubrication_seq` (
  `id` int(11) NOT NULL
) ENGINE=InnoDB DEFAULT CHARSET=utf8mb3 COLLATE=utf8mb3_bin;

--
-- Dumping data for table `vtiger_vis_chk_lubrication_seq`
--


--
-- Table structure for table `vtiger_vis_chk_oil_levels`
--

CREATE TABLE `vtiger_vis_chk_oil_levels` (
  `vis_chk_oil_levelsid` int(11) NOT NULL AUTO_INCREMENT,
  `vis_chk_oil_levels` varchar(200) NOT NULL,
  `sortorderid` int(11) DEFAULT NULL,
  `presence` int(11) NOT NULL DEFAULT 1,
  `color` varchar(10) DEFAULT NULL,
  PRIMARY KEY (`vis_chk_oil_levelsid`)
) ENGINE=InnoDB AUTO_INCREMENT=3 DEFAULT CHARSET=utf8mb3 COLLATE=utf8mb3_general_ci;

--
-- Dumping data for table `vtiger_vis_chk_oil_levels`
--

INSERT INTO `vtiger_vis_chk_oil_levels` VALUES
(1,'OK',1,1,NULL),
(2,'NOT OK',2,1,NULL);

--
-- Table structure for table `vtiger_vis_chk_oil_levels_seq`
--

CREATE TABLE `vtiger_vis_chk_oil_levels_seq` (
  `id` int(11) NOT NULL
) ENGINE=InnoDB DEFAULT CHARSET=utf8mb3 COLLATE=utf8mb3_bin;

--
-- Dumping data for table `vtiger_vis_chk_oil_levels_seq`
--


--
-- Table structure for table `vtiger_vis_chk_painting`
--

CREATE TABLE `vtiger_vis_chk_painting` (
  `vis_chk_paintingid` int(11) NOT NULL AUTO_INCREMENT,
  `vis_chk_painting` varchar(200) NOT NULL,
  `presence` int(1) NOT NULL DEFAULT 1,
  `picklist_valueid` int(11) NOT NULL DEFAULT 0,
  `sortorderid` int(11) DEFAULT 0,
  `color` varchar(10) DEFAULT NULL,
  PRIMARY KEY (`vis_chk_paintingid`)
) ENGINE=InnoDB AUTO_INCREMENT=3 DEFAULT CHARSET=utf8mb3 COLLATE=utf8mb3_general_ci;

--
-- Dumping data for table `vtiger_vis_chk_painting`
--

INSERT INTO `vtiger_vis_chk_painting` VALUES
(1,'Ok',1,123101,1,NULL),
(2,'Not Ok',1,123102,2,NULL);

--
-- Table structure for table `vtiger_vis_chk_painting_seq`
--

CREATE TABLE `vtiger_vis_chk_painting_seq` (
  `id` int(11) NOT NULL
) ENGINE=InnoDB DEFAULT CHARSET=utf8mb3 COLLATE=utf8mb3_general_ci;

--
-- Dumping data for table `vtiger_vis_chk_painting_seq`
--

INSERT INTO `vtiger_vis_chk_painting_seq` VALUES
(2);

--
-- Table structure for table `vtiger_vis_chk_work_loseing_hders`
--

CREATE TABLE `vtiger_vis_chk_work_loseing_hders` (
  `vis_chk_work_loseing_hdersid` int(11) NOT NULL AUTO_INCREMENT,
  `vis_chk_work_loseing_hders` varchar(200) NOT NULL,
  `sortorderid` int(11) DEFAULT NULL,
  `presence` int(11) NOT NULL DEFAULT 1,
  `color` varchar(10) DEFAULT NULL,
  PRIMARY KEY (`vis_chk_work_loseing_hdersid`)
) ENGINE=InnoDB AUTO_INCREMENT=3 DEFAULT CHARSET=utf8mb3 COLLATE=utf8mb3_general_ci;

--
-- Dumping data for table `vtiger_vis_chk_work_loseing_hders`
--

INSERT INTO `vtiger_vis_chk_work_loseing_hders` VALUES
(1,'YES',1,1,NULL),
(2,'NO',2,1,NULL);

--
-- Table structure for table `vtiger_vis_chk_work_loseing_hders_seq`
--

CREATE TABLE `vtiger_vis_chk_work_loseing_hders_seq` (
  `id` int(11) NOT NULL
) ENGINE=InnoDB DEFAULT CHARSET=utf8mb3 COLLATE=utf8mb3_bin;

--
-- Dumping data for table `vtiger_vis_chk_work_loseing_hders_seq`
--


--
-- Table structure for table `vtiger_visibility`
--

CREATE TABLE `vtiger_visibility` (
  `visibilityid` int(19) NOT NULL AUTO_INCREMENT,
  `visibility` varchar(200) NOT NULL,
  `sortorderid` int(19) NOT NULL DEFAULT 0,
  `presence` int(1) NOT NULL DEFAULT 1,
  `color` varchar(10) DEFAULT NULL,
  PRIMARY KEY (`visibilityid`),
  UNIQUE KEY `visibility_visibility_idx` (`visibility`)
) ENGINE=InnoDB AUTO_INCREMENT=3 DEFAULT CHARSET=utf8mb3 COLLATE=utf8mb3_general_ci;

--
-- Dumping data for table `vtiger_visibility`
--

INSERT INTO `vtiger_visibility` VALUES
(1,'Private',0,1,NULL),
(2,'Public',1,1,NULL);

--
-- Table structure for table `vtiger_visibility_seq`
--

CREATE TABLE `vtiger_visibility_seq` (
  `id` int(11) NOT NULL
) ENGINE=MyISAM DEFAULT CHARSET=utf8mb3 COLLATE=utf8mb3_general_ci;

--
-- Dumping data for table `vtiger_visibility_seq`
--

INSERT INTO `vtiger_visibility_seq` VALUES
(2);

--
-- Table structure for table `vtiger_visit_status`
--

CREATE TABLE `vtiger_visit_status` (
  `visit_statusid` int(11) NOT NULL AUTO_INCREMENT,
  `visit_status` varchar(200) NOT NULL,
  `presence` int(1) NOT NULL DEFAULT 1,
  `picklist_valueid` int(11) NOT NULL DEFAULT 0,
  `sortorderid` int(11) DEFAULT 0,
  `color` varchar(10) DEFAULT NULL,
  PRIMARY KEY (`visit_statusid`)
) ENGINE=InnoDB AUTO_INCREMENT=3 DEFAULT CHARSET=utf8mb3 COLLATE=utf8mb3_general_ci;

--
-- Dumping data for table `vtiger_visit_status`
--

INSERT INTO `vtiger_visit_status` VALUES
(1,'created',1,330,1,NULL),
(2,'finished',1,331,2,NULL);

--
-- Table structure for table `vtiger_visit_status_seq`
--

CREATE TABLE `vtiger_visit_status_seq` (
  `id` int(11) NOT NULL
) ENGINE=InnoDB DEFAULT CHARSET=utf8mb3 COLLATE=utf8mb3_bin;

--
-- Dumping data for table `vtiger_visit_status_seq`
--

INSERT INTO `vtiger_visit_status_seq` VALUES
(2);

--
-- Table structure for table `vtiger_visitor_valid`
--

CREATE TABLE `vtiger_visitor_valid` (
  `visitor_validid` int(11) NOT NULL AUTO_INCREMENT,
  `visitor_valid` varchar(200) NOT NULL,
  `sortorderid` int(11) DEFAULT NULL,
  `presence` int(11) NOT NULL DEFAULT 1,
  `color` varchar(10) DEFAULT NULL,
  PRIMARY KEY (`visitor_validid`)
) ENGINE=InnoDB AUTO_INCREMENT=7 DEFAULT CHARSET=utf8mb3 COLLATE=utf8mb3_general_ci;

--
-- Dumping data for table `vtiger_visitor_valid`
--

INSERT INTO `vtiger_visitor_valid` VALUES
(1,'1 Hour',0,1,NULL),
(2,'2 Hour',1,1,NULL),
(3,'4 Hour',2,1,NULL),
(4,'8 Hour',3,1,NULL),
(5,'12 Hour',4,1,NULL),
(6,'24 Hour',5,1,NULL);

--
-- Table structure for table `vtiger_visitor_valid_seq`
--

CREATE TABLE `vtiger_visitor_valid_seq` (
  `id` int(11) NOT NULL
) ENGINE=InnoDB DEFAULT CHARSET=utf8mb3 COLLATE=utf8mb3_unicode_ci;

--
-- Dumping data for table `vtiger_visitor_valid_seq`
--

INSERT INTO `vtiger_visitor_valid_seq` VALUES
(6);

--
-- Table structure for table `vtiger_visitors`
--

CREATE TABLE `vtiger_visitors` (
  `visitorsid` int(19) NOT NULL,
  `visitor_name` varchar(100) DEFAULT NULL,
  `visitor_mobile` varchar(100) DEFAULT NULL,
  `todays_date` varchar(100) DEFAULT NULL,
  `visitor_no` varchar(100) DEFAULT NULL,
  `visitor_startingtime` time DEFAULT NULL,
  `visitor_valid` varchar(100) DEFAULT NULL,
  `vistorapproval_status` varchar(255) DEFAULT NULL,
  `visitor_in` varchar(255) DEFAULT NULL,
  PRIMARY KEY (`visitorsid`)
) ENGINE=InnoDB DEFAULT CHARSET=utf8mb3 COLLATE=utf8mb3_general_ci;

--
-- Dumping data for table `vtiger_visitors`
--

INSERT INTO `vtiger_visitors` VALUES
(639520,'Vaibhavi Shinde','7889908978','2025-01-16','VISI461','18:00:00','2 Hour',NULL,'0'),
(639542,'Was','+919876543210','2025-01-17','VISI462','10:45:00','2 Hour',NULL,'0'),
(639550,'jayveer','87766666677','2025-01-17','VISI463','13:00:00','4 Hour',NULL,'0'),
(639601,'Abdul','+917204577757','2025-01-17','VISI464','13:44:00','2 Hour',NULL,'0'),
(639602,'yashil','09580720224','2024-12-17','VISI465','18:30:00','24 Hour',NULL,'0'),
(639603,'jayveer','87766666677','2025-01-17','VISI466','15:30:00','4 Hour',NULL,'0'),
(639620,'Anamika','09657329130','2025-01-17','VISI467','17:00:00','4 Hour',NULL,'0'),
(639628,'Abhishek','+918210777297','2025-01-17','VISI468','18:27:00','2 Hour',NULL,'0'),
(639644,'Abhishek','+918210777297','2025-01-17','VISI469','19:02:00','2 Hour',NULL,'0'),
(639680,'Visitor','+917894561230','2025-01-20','VISI470','12:15:00','2 Hour',NULL,'0'),
(639681,'Das','+917894561230','2025-01-20','VISI471','12:11:00','2 Hour',NULL,'0'),
(639682,'Qw','+917894561230','2025-01-20','VISI472','12:17:00','2 Hour',NULL,'0'),
(639701,'We','+919876543210','2025-01-22','VISI473','12:59:00','2 Hour',NULL,'0'),
(639702,'We','+919876543210','2025-01-20','VISI474','13:02:00','2 Hour',NULL,'0'),
(639705,'We','+919876543210','2025-01-23','VISI475','13:05:00','2 Hour',NULL,'0'),
(639750,'xyz ','+916838857572','2025-01-20','VISI476','14:45:00','2 Hour',NULL,'1'),
(639775,'jcjcjc','+918083860990','2025-01-20','VISI477','16:46:00','2 Hour',NULL,'1'),
(639780,'Barney ','+918746043680','2025-01-20','VISI478','17:58:00','2 Hour',NULL,'0'),
(639799,'Abdul','+917204577757','2025-01-20','VISI479','17:42:00','2 Hour',NULL,'0'),
(639802,'Abdul','+917204577757','2025-01-20','VISI480','17:36:00','2 Hour',NULL,'0'),
(639824,'We','+919876543210','2025-01-21','VISI481','11:30:00','2 Hour',NULL,'0'),
(639853,'Abdul','+917204577757','2025-01-21','VISI482','15:00:00','2 Hour',NULL,'0'),
(640230,'Was','+917412589630','2025-01-29','VISI483','13:00:00','2 Hour',NULL,'0'),
(640597,'Has','+917412589630','2025-01-29','VISI484','16:18:00','24 Hour',NULL,'0'),
(640601,'Was','+918521479630','2025-01-29','VISI485','16:19:00','24 Hour',NULL,'0'),
(641196,'Abdul','+917204577757','2025-02-03','VISI486','11:50:00','4 Hour',NULL,'1'),
(641815,'Was','+919632587410','2025-02-10','VISI487','11:15:00','2 Hour',NULL,'0'),
(641816,'Qwe','+917412589630','2025-02-10','VISI488','11:05:00','2 Hour',NULL,'0'),
(641817,'Sanu','+916543217890','2025-02-10','VISI489','11:30:00','2 Hour',NULL,'0');

--
-- Table structure for table `vtiger_visitors1`
--

CREATE TABLE `vtiger_visitors1` (
  `visitors1id` int(19) NOT NULL,
  `visitor_name` varchar(100) DEFAULT NULL,
  `visitor_mobile` varchar(100) DEFAULT NULL,
  `todays_date` varchar(100) DEFAULT NULL,
  `visitor_no` varchar(100) DEFAULT NULL,
  PRIMARY KEY (`visitors1id`)
) ENGINE=InnoDB DEFAULT CHARSET=utf8mb3 COLLATE=utf8mb3_general_ci;

--
-- Dumping data for table `vtiger_visitors1`
--


--
-- Table structure for table `vtiger_visitors1cf`
--

CREATE TABLE `vtiger_visitors1cf` (
  `visitors1id` int(19) NOT NULL,
  PRIMARY KEY (`visitors1id`)
) ENGINE=InnoDB DEFAULT CHARSET=utf8mb3 COLLATE=utf8mb3_general_ci;

--
-- Dumping data for table `vtiger_visitors1cf`
--


--
-- Table structure for table `vtiger_visitorscf`
--

CREATE TABLE `vtiger_visitorscf` (
  `visitorsid` int(19) NOT NULL,
  PRIMARY KEY (`visitorsid`)
) ENGINE=InnoDB DEFAULT CHARSET=utf8mb3 COLLATE=utf8mb3_general_ci;

--
-- Dumping data for table `vtiger_visitorscf`
--

INSERT INTO `vtiger_visitorscf` VALUES
(630124),
(630125),
(630126),
(630127),
(630128),
(630129),
(630140),
(630198),
(630199),
(630200),
(630219),
(630220),
(630221),
(630243),
(630299),
(630304),
(630305),
(630330),
(630331),
(630332),
(630333),
(630334),
(630335),
(630336),
(630337),
(630338),
(630339),
(630340),
(630341),
(630342),
(630343),
(630344),
(630345),
(630346),
(630363),
(630373),
(630374),
(630375),
(630412),
(630487),
(630488),
(630492),
(630493),
(630498),
(630500),
(630664),
(630688),
(630800),
(630801),
(630803),
(630872),
(630884),
(630885),
(630886),
(630887),
(630888),
(630890),
(630894),
(630895),
(630896),
(630903),
(630904),
(630905),
(630906),
(630907),
(630926),
(630931),
(630960),
(630961),
(631213),
(631265),
(631271),
(631334),
(631335),
(631336),
(631337),
(631338),
(631339),
(631340),
(631341),
(631342),
(631343),
(631344),
(631349),
(631350),
(631372),
(631373),
(631380),
(631526),
(631724),
(631725),
(631726),
(631727),
(631728),
(631729),
(631730),
(631731),
(631747),
(631753),
(631754),
(631755),
(631756),
(631757),
(631758),
(631785),
(631786),
(631797),
(631798),
(631799),
(631803),
(631804),
(631814),
(631815),
(631816),
(631817),
(631818),
(631820),
(631821),
(631822),
(631823),
(631824),
(631846),
(631848),
(631850),
(631854),
(632013),
(632014),
(632015),
(632016),
(632041),
(632054),
(632055),
(632062),
(632063),
(632064),
(632085),
(632144),
(632365),
(632880),
(632882),
(633318),
(633359),
(633397),
(633445),
(633446),
(633532),
(633598),
(634007),
(634010),
(634023),
(634065),
(634068),
(634092),
(634105),
(634139),
(634150),
(634161),
(634162),
(634173),
(634180),
(634181),
(634185),
(634186),
(634187),
(634189),
(634207),
(634208),
(634211),
(634329),
(634330),
(634335),
(634336),
(634345),
(634346),
(634347),
(634348),
(634349),
(634369),
(634385),
(634392),
(634402),
(634403),
(634404),
(634405),
(634449),
(634458),
(634489),
(634499),
(634524),
(634527),
(634531),
(634618),
(634634),
(634644),
(634694),
(634719),
(634764),
(634766),
(634767),
(634768),
(634769),
(634770),
(634771),
(634802),
(634929),
(635160),
(635162),
(635163),
(635164),
(635166),
(635167),
(635168),
(635170),
(635171),
(635172),
(635177),
(635178),
(635179),
(635185),
(635187),
(635192),
(635194),
(635195),
(635196),
(635200),
(635201),
(635202),
(635230),
(635234),
(635235),
(635554),
(635558),
(635561),
(635562),
(635563),
(635564),
(635565),
(635569),
(635572),
(635582),
(635583),
(635587),
(635588),
(635590),
(635594),
(635595),
(635597),
(635602),
(635605),
(635612),
(635617),
(635618),
(635620),
(635623),
(635628),
(635897),
(635918),
(635932),
(635951),
(635966),
(635968),
(635972),
(635976),
(635978),
(635985),
(635988),
(635991),
(635995),
(636000),
(636003),
(636004),
(636013),
(636015),
(636017),
(636018),
(636019),
(636020),
(636021),
(636022),
(636025),
(636041),
(636047),
(636049),
(636054),
(636056),
(636060),
(636062),
(636065),
(636066),
(636071),
(636072),
(636075),
(636076),
(636082),
(636087),
(636089),
(636095),
(636129),
(636131),
(636132),
(636135),
(636136),
(636154),
(636159),
(636179),
(636197),
(636199),
(636206),
(636211),
(636214),
(636225),
(636244),
(636247),
(636257),
(636264),
(636324),
(636343),
(636365),
(636371),
(636372),
(636387),
(636433),
(636450),
(636473),
(636474),
(636478),
(636492),
(636500),
(636506),
(636550),
(636562),
(636567),
(636568),
(636597),
(636605),
(636616),
(636636),
(636637),
(636669),
(636682),
(636685),
(636697),
(636730),
(636734),
(636763),
(636764),
(636767),
(636803),
(636832),
(636834),
(636866),
(636871),
(636886),
(636894),
(636895),
(636900),
(636901),
(636928),
(636989),
(637020),
(637033),
(637042),
(637060),
(637062),
(637077),
(637083),
(637192),
(637194),
(637243),
(637251),
(637252),
(637257),
(637259),
(637261),
(637262),
(637265),
(637267),
(637292),
(637308),
(637322),
(637334),
(637336),
(637368),
(637394),
(637397),
(637398),
(637401),
(637403),
(637405),
(637406),
(637411),
(637435),
(637439),
(637441),
(637443),
(637453),
(637455),
(637459),
(637496),
(637501),
(637503),
(637510),
(637634),
(637661),
(637666),
(637668),
(637669),
(637674),
(637675),
(637687),
(637700),
(637702),
(637742),
(637773),
(637779),
(637783),
(637808),
(637895),
(637940),
(637943),
(637981),
(638014),
(638019),
(638041),
(638067),
(638094),
(638097),
(638110),
(638119),
(638121),
(638198),
(638211),
(638219),
(638220),
(638222),
(638224),
(638225),
(638227),
(638246),
(638258),
(638300),
(638337),
(638340),
(638345),
(638352),
(638356),
(638363),
(638372),
(638376),
(638447),
(638450),
(638455),
(638458),
(638501),
(638503),
(638512),
(638513),
(638517),
(638543),
(638544),
(638548),
(638549),
(638550),
(638562),
(638591),
(638677),
(638691),
(638746),
(638757),
(639015),
(639039),
(639040),
(639041),
(639074),
(639140),
(639178),
(639179),
(639180),
(639181),
(639182),
(639186),
(639230),
(639262),
(639277),
(639280),
(639367),
(639368),
(639374),
(639375),
(639384),
(639398),
(639401),
(639402),
(639405),
(639406),
(639411),
(639412),
(639413),
(639414),
(639417),
(639419),
(639424),
(639441),
(639442),
(639443),
(639463),
(639464),
(639469),
(639470),
(639471),
(639473),
(639474),
(639475),
(639510),
(639512),
(639513),
(639514),
(639515),
(639516),
(639517),
(639518),
(639519),
(639520),
(639542),
(639550),
(639601),
(639602),
(639603),
(639620),
(639628),
(639644),
(639680),
(639681),
(639682),
(639701),
(639702),
(639705),
(639750),
(639775),
(639780),
(639799),
(639802),
(639824),
(639853),
(640230),
(640597),
(640601),
(641196),
(641815),
(641816),
(641817);

--
-- Table structure for table `vtiger_vistorapproval_status`
--

CREATE TABLE `vtiger_vistorapproval_status` (
  `vistorapproval_statusid` int(11) NOT NULL AUTO_INCREMENT,
  `vistorapproval_status` varchar(200) NOT NULL,
  `presence` int(1) NOT NULL DEFAULT 1,
  `picklist_valueid` int(11) NOT NULL DEFAULT 0,
  `sortorderid` int(11) DEFAULT 0,
  `color` varchar(10) DEFAULT NULL,
  PRIMARY KEY (`vistorapproval_statusid`)
) ENGINE=InnoDB AUTO_INCREMENT=8 DEFAULT CHARSET=utf8mb3 COLLATE=utf8mb3_general_ci;

--
-- Dumping data for table `vtiger_vistorapproval_status`
--

INSERT INTO `vtiger_vistorapproval_status` VALUES
(1,'Pending',1,131846,1,NULL),
(2,'Accepted',1,131847,2,NULL),
(3,'Rejected',1,131848,3,NULL),
(4,'Accepted',1,131855,1,NULL),
(5,'Rejected',1,131856,2,NULL),
(6,'Accepted',1,131862,1,NULL),
(7,'Rejected',1,131863,2,NULL);

--
-- Table structure for table `vtiger_vistorapproval_status_seq`
--

CREATE TABLE `vtiger_vistorapproval_status_seq` (
  `id` int(11) NOT NULL
) ENGINE=InnoDB DEFAULT CHARSET=utf8mb3 COLLATE=utf8mb3_unicode_ci;

--
-- Dumping data for table `vtiger_vistorapproval_status_seq`
--

INSERT INTO `vtiger_vistorapproval_status_seq` VALUES
(7);

--
-- Table structure for table `vtiger_vtiger_fd_eq_sta_bsr_seq`
--

CREATE TABLE `vtiger_vtiger_fd_eq_sta_bsr_seq` (
  `id` int(11) NOT NULL
) ENGINE=InnoDB DEFAULT CHARSET=utf8mb3 COLLATE=utf8mb3_bin;

--
-- Dumping data for table `vtiger_vtiger_fd_eq_sta_bsr_seq`
--

INSERT INTO `vtiger_vtiger_fd_eq_sta_bsr_seq` VALUES
(9);

--
-- Table structure for table `vtiger_war_warable`
--

CREATE TABLE `vtiger_war_warable` (
  `war_warableid` int(11) NOT NULL AUTO_INCREMENT,
  `war_warable` varchar(200) NOT NULL,
  `presence` int(1) NOT NULL DEFAULT 1,
  `picklist_valueid` int(11) NOT NULL DEFAULT 0,
  `sortorderid` int(11) DEFAULT 0,
  `color` varchar(10) DEFAULT NULL,
  PRIMARY KEY (`war_warableid`)
) ENGINE=InnoDB AUTO_INCREMENT=3 DEFAULT CHARSET=utf8mb3 COLLATE=utf8mb3_general_ci;

--
-- Dumping data for table `vtiger_war_warable`
--

INSERT INTO `vtiger_war_warable` VALUES
(1,'Warrantable',1,31613,1,NULL),
(2,'Not Warrantable',1,31614,2,NULL);

--
-- Table structure for table `vtiger_war_warable_seq`
--

CREATE TABLE `vtiger_war_warable_seq` (
  `id` int(11) NOT NULL
) ENGINE=InnoDB DEFAULT CHARSET=utf8mb3 COLLATE=utf8mb3_bin;

--
-- Dumping data for table `vtiger_war_warable_seq`
--

INSERT INTO `vtiger_war_warable_seq` VALUES
(2);

--
-- Table structure for table `vtiger_warranty_status`
--

CREATE TABLE `vtiger_warranty_status` (
  `warranty_statusid` int(11) NOT NULL AUTO_INCREMENT,
  `warranty_status` varchar(200) NOT NULL,
  `sortorderid` int(11) DEFAULT NULL,
  `presence` int(11) NOT NULL DEFAULT 1,
  `color` varchar(10) DEFAULT NULL,
  PRIMARY KEY (`warranty_statusid`)
) ENGINE=InnoDB AUTO_INCREMENT=2 DEFAULT CHARSET=utf8mb3 COLLATE=utf8mb3_general_ci;

--
-- Dumping data for table `vtiger_warranty_status`
--

INSERT INTO `vtiger_warranty_status` VALUES
(1,'UNDER WARRANTY',0,1,NULL);

--
-- Table structure for table `vtiger_warranty_status_seq`
--

CREATE TABLE `vtiger_warranty_status_seq` (
  `id` int(11) NOT NULL
) ENGINE=InnoDB DEFAULT CHARSET=utf8mb3 COLLATE=utf8mb3_general_ci;

--
-- Dumping data for table `vtiger_warranty_status_seq`
--

INSERT INTO `vtiger_warranty_status_seq` VALUES
(1);

--
-- Table structure for table `vtiger_warrantydetails`
--

CREATE TABLE `vtiger_warrantydetails` (
  `warrantydetailsid` int(11) NOT NULL DEFAULT 0,
  `wr_warranty_description` text DEFAULT NULL,
  `wr_warranty_code` int(11) DEFAULT NULL,
  `wr_warranty_in_mon` int(11) DEFAULT NULL,
  `wr_waranty_hours` int(11) DEFAULT NULL,
  `tags` varchar(1) DEFAULT NULL,
  PRIMARY KEY (`warrantydetailsid`)
) ENGINE=InnoDB DEFAULT CHARSET=utf8mb3 COLLATE=utf8mb3_general_ci;

--
-- Dumping data for table `vtiger_warrantydetails`
--

INSERT INTO `vtiger_warrantydetails` VALUES
(609944,'sss',0,0,0,''),
(609945,'C&M EQPT - 3000 Hrs OR 1 Year',22,12,3000,''),
(609946,'C&M EQPT - 1 Year Std Warranty',21,12,0,''),
(609947,'C&M EQPT - 5000 Hrs or 2 Years',51,24,5000,''),
(609948,'Aggregate - 1000 Days / 10000 Hrs',56,33,10000,''),
(609949,'Aggregate - 3 Yrs / 7500 Hrs',112,36,7500,''),
(609950,'Aggregate - 2 Yrs / 6000 Hrs',53,24,6000,''),
(609951,'Standard Warranty - 18 Months',131,18,0,''),
(609952,'Aggregate - 18 Months / 4000 Hrs',94,18,4000,''),
(609953,'AGGREGATE 30 MONTHS OR 7200 HRS',221,30,7200,''),
(609954,'Main Eqpt - 24 Months',121,24,0,''),
(609955,'3000 Hrs or 36 Months which ever is earl',161,36,3000,''),
(609956,'CPG TUNISIA SPL WARR - 12000 HRS',361,0,12000,''),
(609957,'Aggregate - 6Months / 1000 Hrs',54,6,1000,''),
(609958,'C&M EQPT - 6000 Hrs or 2 Years',142,24,6000,''),
(609959,'C&M EQPT - 12 MONTHS OR 3000 HRS',24,12,3000,''),
(609960,'C&M EQPT  - 1 YEAR OR 4000 HRS',232,12,4000,''),
(609961,'Aggregate - 12 Months / 4000 Hrs',101,12,4000,''),
(609962,'C&M EQPT - 2000 Hrs OR 1 Year',11,12,2000,''),
(609963,'AGGREGATE - 2 YRS / 5000 HRS',201,24,5000,''),
(609964,'AGGREGATE - 12 Months',143,12,0,''),
(609965,'DEFENCE EQPT - 30 Months',81,30,0,''),
(609966,'AGGREGATE - 18 MONTHS OR 3000 HRS',431,18,3000,''),
(609967,'C&M EQPT - 3000 Hrs OR 18 Months',1,18,3000,''),
(609968,'C&M EQPT - 1 YEAR OR 5000 Hrs',261,12,5000,''),
(609969,'Aggregate - 2 Yrs / 6500 Hrs',71,24,6500,''),
(609970,'C&M EQPT - 3500 Hrs or 1 Year Which ever',57,12,3500,''),
(609971,'C&M EQPT - 2500 Hrs OR 1 Year',33,12,2500,''),
(609972,'18 MONTHS OR 3500 HRS',181,18,3500,''),
(609973,'Aggregate - 24 Months / 4000 Hrs',93,24,4000,''),
(609974,'C&M EQPT - 1500 Hrs OR 12 Months',144,12,1500,''),
(609975,'C&M EQPT - 2000 Hrs OR 18 Months',23,18,2000,''),
(609976,'Aggregate - 2 Yrs / 4500 Hrs',55,24,4500,''),
(609977,'C&M EQPT - 5000 Hrs OR 18 Months',73,18,5000,''),
(609978,'Aggregate - 15 Months / 4000 Hrs',141,15,4000,''),
(609979,'Aggregate - 2 Yrs / 10000 Hrs',72,24,10000,''),
(609980,'Aggregate - 1 Yrs / 1500 Hrs',91,12,1500,''),
(609981,'C&M EQPT - 3000 Hrs OR 15 Months',61,15,3000,''),
(609982,'C&M EQPT - 1000 Hrs OR 6 Months',146,6,1000,''),
(609983,'Aggregate -36 MONTHS OR 10000 HOURS',191,36,10000,''),
(609984,'Aggregate - 1000 Days / 9000 Hrs',111,33,9000,''),
(609985,'Aggregate - 5000 HRS',231,0,5000,''),
(609986,'AGGREGATE - 18 MONTHS / 5000 HRS',211,18,5000,''),
(609987,'2000 Hrs or 24 Months which ever is earl',151,24,2000,''),
(609988,'C&M EQPT - 1000 Hrs OR 1 Year',32,12,1000,''),
(609989,'C&M EQPT - 3000 Hrs',341,0,3000,''),
(609990,'Aggregate - 4000 Hours',352,0,4000,''),
(609991,'C&M EQPT - 3500 Hrs OR 15 Months',31,15,3500,''),
(609992,'C&M EQPT - 2 years OR 4000 Hrs',241,24,4000,''),
(609993,'C&M EQPT - 18 MONTHS OR 4000 HRS',421,18,4000,''),
(609994,'Aggregate - 18 Months / 4500 Hrs',62,18,4500,''),
(609996,'EQPT / AGGR - 36 MONTHS',171,36,0,''),
(609997,'Aggregate - 3 Yrs / 9000 Hrs',52,36,9000,''),
(609998,'7550 Hrs or 24 Months which ever is earl',152,24,7550,''),
(609999,'C&M EQPT - 2000 Hrs',25,0,2000,''),
(610002,'Aggregate - 24 Months / 3600 Hrs',92,24,3600,''),
(610009,'C&M EQPT - 2500 Hrs OR 18 Months',145,18,2500,''),
(610012,'C&M EQPT - 1000 Hrs OR 2 Years',34,24,1000,''),
(610013,'C&M EQPT - 1800 Hrs OR 12 Months',74,12,1800,''),
(610024,'18 months or 3500 hours',391,18,3500,''),
(610025,'C&M EQPT - 3500 Hrs OR 18 Months',401,18,3500,''),
(610044,'AGG WARRANTY - 24MONTHS OR 8000 HRS',312,24,8000,''),
(610059,'Aggregate - 6000 Hours',351,0,6000,''),
(610066,'1500 Hrs or 18 Months which ever is earl',163,18,1500,''),
(610082,'C&M EQPT - 1800 Hrs OR 24 Months',441,24,1800,''),
(610131,'SPL WARRANTY - 10.5 MONTHS OR 1826 HRS',331,11,1826,''),
(610132,'SPL AGG WRNTY - 16.5 MONTHS OR 2826 HRS',332,17,2826,''),
(610133,'AGGREGATE : 36 MONTHS / 6500 HOURS',281,36,6500,''),
(610134,'8000 Hrs or 48 Months which ever is earl',162,48,8000,''),
(610135,'C&MEQPT -15 Months /18Monthsfromdespatch',251,15,0,''),
(610136,'WARRANTY 2YR / 2000 HRS FROM 2158 HRS',321,24,4158,''),
(610137,'SPL - PG EXPORT - 6 MONTHS OR 1500 HOURS',301,6,1500,''),
(610138,'SPL WARR - 5000 Hrs OR UPTO 31.12.2013',291,0,5000,''),
(610139,'SPL WARR - 5000 Hrs OR UPTO 31.12.2013',292,0,5000,''),
(610140,'18 MONTHS OR 3600 HOURS',371,18,3600,''),
(610141,'C&M EQPT - 5000 Hrs or 18 Months',41,18,5000,''),
(610142,'12 monts / 4500 hours',381,12,4500,''),
(610143,'13 MONTHS STD WARRANTY',233,13,0,''),
(626228,'7 YEARS OR 28000 HOURS',271,84,28000,''),
(626229,'C&m EQPT - TUNISIA - 6000 Hours',311,0,6000,''),
(626230,'SPECIAL WARRANTY 12 MONTHS OR 2460 HRS',411,12,2460,'');

--
-- Table structure for table `vtiger_warrantydetailscf`
--

CREATE TABLE `vtiger_warrantydetailscf` (
  `warrantydetailsid` int(11) NOT NULL,
  PRIMARY KEY (`warrantydetailsid`)
) ENGINE=InnoDB DEFAULT CHARSET=utf8mb3 COLLATE=utf8mb3_general_ci;

--
-- Dumping data for table `vtiger_warrantydetailscf`
--

INSERT INTO `vtiger_warrantydetailscf` VALUES
(609944),
(609945),
(609946),
(609947),
(609948),
(609949),
(609950),
(609951),
(609952),
(609953),
(609954),
(609955),
(609956),
(609957),
(609958),
(609959),
(609960),
(609961),
(609962),
(609963),
(609964),
(609965),
(609966),
(609967),
(609968),
(609969),
(609970),
(609971),
(609972),
(609973),
(609974),
(609975),
(609976),
(609977),
(609978),
(609979),
(609980),
(609981),
(609982),
(609983),
(609984),
(609985),
(609986),
(609987),
(609988),
(609989),
(609990),
(609991),
(609992),
(609993),
(609994),
(609996),
(609997),
(609998),
(609999),
(610002),
(610009),
(610012),
(610013),
(610024),
(610025),
(610044),
(610059),
(610066),
(610082),
(610131),
(610132),
(610133),
(610134),
(610135),
(610136),
(610137),
(610138),
(610139),
(610140),
(610141),
(610142),
(610143),
(626228),
(626229),
(626230);

--
-- Table structure for table `vtiger_watertank`
--

CREATE TABLE `vtiger_watertank` (
  `watertankid` int(11) NOT NULL,
  `wtsuplier_name` varchar(255) DEFAULT NULL,
  `wtvehicle_number` varchar(255) DEFAULT NULL,
  `wtcontact_number` varchar(255) DEFAULT NULL,
  `wtchoose_date` date DEFAULT NULL,
  `take_photo` text DEFAULT NULL,
  `tags` varchar(1) DEFAULT NULL,
  `wtend_date` date DEFAULT NULL,
  `wt_statusinfo` varchar(255) DEFAULT NULL,
  `wtcapacity` varchar(255) DEFAULT NULL,
  `wt_approval_status` varchar(255) DEFAULT NULL,
  `rejection_reason` text NOT NULL,
  `Wt_uploadatachment` varchar(255) DEFAULT NULL,
  PRIMARY KEY (`watertankid`)
) ENGINE=InnoDB DEFAULT CHARSET=utf8mb3 COLLATE=utf8mb3_general_ci;

--
-- Dumping data for table `vtiger_watertank`
--

INSERT INTO `vtiger_watertank` VALUES
(638911,'Max ','KA24M8080','1234567890','2025-01-09','','','2025-01-10','Ongoing','1000000000','Accepted','',''),
(638918,'Splash','KA24M8080','9852177568','2025-01-09','','','2025-01-31','Approval pending','963852','','',''),
(638920,'H2O','KA24M8080','6868686860','2025-01-09','','','2025-01-31','Approval pending','5858058585','','',''),
(638929,'Blue Waters','KA24M8080','6868581771','2025-01-09','','','2025-01-31','Ongoing','963882','Accepted','',''),
(638939,'kjjjk','KA24M8080','9945148115','2024-02-12','','',NULL,'Ongoing','8558','Accepted','',''),
(639053,'Ramya','KA24M8080','582639877','2025-01-09','','','2025-01-31','Ongoing','258','Accepted','',''),
(639068,'Gcc','KA24M8080','5828866606','2025-01-10','','','2025-01-31','Approval pending','2858','','',''),
(639071,'Fhhf2345','KA24M8080','6568555555','2025-01-10','','','2025-01-30','Approval pending','6565','','',''),
(639115,'kjjjk','KA24M8080','9945148115','2024-02-12','','',NULL,'Ongoing','8558','Accepted','',''),
(639195,'Ndnd','KA24M8080','4959898989','2025-01-10','','','2025-01-10','Ongoing','649598','Accepted','',''),
(639226,'Tegs','KA24M8080','2164567890','2025-01-10','','','2025-01-24','Ongoing','6','Accepted','',''),
(639264,'Ramesh','KA24M8080','8523698874','2025-01-13','','','2025-01-31','Ongoing','25','Accepted','',''),
(639283,'Dr','KA24M8080','8662445669','2025-01-13','','','2025-01-31','Ongoing','55','Accepted','',''),
(639360,'Rahul','KA24M8080','8563968464','2025-01-14','','','2025-01-31','Ongoing','25','Accepted','',''),
(639385,'Jsjs','KA24M8080','6866868668','2025-01-15','','','2025-01-15','Ongoing','64656868','Accepted','',''),
(639420,'Sabarti','KA24M8080','8536978454','2025-01-15','','','2025-01-31','Ongoing','258','Accepted','',''),
(639742,'Bony','KA24M8080','9860686867','2025-01-20','','','2025-01-30','Ongoing','6868673737','Accepted','',''),
(640111,'Cvv','KA24M8080','8886558655','2025-01-27','','','2025-01-27','Approval pending','99','','',''),
(640943,'Rahul','KA00978','9966664444','2025-01-30','images.png','','2025-05-31','Approval pending','','Pending','','SampleJPGImage_50kbmb.jpg'),
(641904,'vaibhavi',NULL,'09580720224','2025-02-25','','','2025-02-28','Approval pending','8','Pending','','');

--
-- Table structure for table `vtiger_watertankcf`
--

CREATE TABLE `vtiger_watertankcf` (
  `watertankid` int(11) NOT NULL,
  PRIMARY KEY (`watertankid`)
) ENGINE=InnoDB DEFAULT CHARSET=utf8mb3 COLLATE=utf8mb3_general_ci;

--
-- Dumping data for table `vtiger_watertankcf`
--

INSERT INTO `vtiger_watertankcf` VALUES
(630589),
(630592),
(630596),
(630597),
(630599),
(630605),
(630606),
(630607),
(630608),
(630614),
(630624),
(630626),
(630650),
(630684),
(630689),
(630694),
(630701),
(630704),
(630706),
(630707),
(630710),
(630718),
(630725),
(630726),
(630727),
(630728),
(630729),
(630739),
(630740),
(630741),
(630742),
(630743),
(630744),
(630747),
(630750),
(630751),
(630752),
(630753),
(630756),
(630759),
(630760),
(630761),
(630763),
(630766),
(630769),
(630771),
(630772),
(630773),
(630776),
(630777),
(630779),
(630782),
(630785),
(630786),
(630788),
(630790),
(630793),
(630818),
(630857),
(630861),
(630910),
(630911),
(630912),
(630915),
(630920),
(630925),
(630928),
(630932),
(630934),
(630962),
(631048),
(631060),
(631147),
(631148),
(631149),
(631150),
(631160),
(631163),
(631164),
(631166),
(631168),
(631170),
(631171),
(631172),
(631173),
(631174),
(631180),
(631196),
(631237),
(631238),
(631256),
(631258),
(631260),
(631266),
(631274),
(631317),
(631318),
(631322),
(631324),
(631326),
(631345),
(631365),
(631417),
(631464),
(631465),
(631466),
(631467),
(631468),
(631476),
(631477),
(631489),
(631669),
(631709),
(631721),
(631864),
(631885),
(631899),
(631925),
(631927),
(631980),
(631982),
(631984),
(631988),
(631991),
(631993),
(631995),
(632011),
(632087),
(632100),
(632145),
(632168),
(632170),
(632290),
(632305),
(632315),
(632316),
(632341),
(632344),
(632347),
(632370),
(632373),
(632412),
(632825),
(632883),
(632906),
(633327),
(633450),
(633512),
(633514),
(633530),
(633545),
(633547),
(633586),
(634146),
(634165),
(634274),
(634284),
(634290),
(634294),
(634331),
(634465),
(634467),
(634484),
(634490),
(634492),
(634494),
(634497),
(634502),
(634546),
(634635),
(634728),
(634774),
(634781),
(634834),
(634835),
(634840),
(634846),
(634849),
(634959),
(635252),
(635257),
(635258),
(635259),
(635260),
(635261),
(635268),
(635271),
(635272),
(635273),
(635274),
(635276),
(635277),
(635278),
(635285),
(635289),
(635295),
(635296),
(635297),
(635299),
(635304),
(635308),
(635318),
(635340),
(635343),
(635636),
(635649),
(635655),
(635658),
(635659),
(635661),
(635665),
(635668),
(635670),
(635676),
(635678),
(635683),
(635691),
(635701),
(635703),
(635705),
(635711),
(635716),
(635717),
(635726),
(635734),
(635735),
(635736),
(635737),
(635743),
(636009),
(636042),
(636045),
(636085),
(636088),
(636112),
(636113),
(636114),
(636122),
(636158),
(636168),
(636169),
(636177),
(636205),
(636207),
(636212),
(636216),
(636219),
(636223),
(636240),
(636241),
(636242),
(636249),
(636250),
(636252),
(636253),
(636285),
(636287),
(636290),
(636296),
(636304),
(636305),
(636317),
(636325),
(636335),
(636338),
(636339),
(636342),
(636352),
(636359),
(636375),
(636382),
(636400),
(636418),
(636425),
(636435),
(636436),
(636467),
(636491),
(636516),
(636532),
(636554),
(636565),
(636583),
(636584),
(636598),
(636617),
(636644),
(636649),
(636666),
(636755),
(636770),
(636772),
(636807),
(636817),
(636839),
(636844),
(636885),
(636905),
(636945),
(636968),
(636974),
(636997),
(636999),
(637028),
(637044),
(637065),
(637073),
(637080),
(637082),
(637085),
(637106),
(637130),
(637138),
(637150),
(637161),
(637165),
(637173),
(637180),
(637222),
(637226),
(637239),
(637247),
(637250),
(637279),
(637326),
(637337),
(637340),
(637344),
(637345),
(637350),
(637379),
(637385),
(637390),
(637449),
(637463),
(637478),
(637479),
(637511),
(637531),
(637548),
(637631),
(637655),
(637681),
(637683),
(637686),
(637689),
(637709),
(637715),
(637721),
(637755),
(637756),
(637762),
(637782),
(637792),
(637794),
(637797),
(637799),
(637863),
(637901),
(637905),
(637907),
(637912),
(637915),
(637916),
(637917),
(637920),
(637923),
(637926),
(637928),
(637934),
(637935),
(637959),
(637966),
(637970),
(637974),
(637988),
(638092),
(638116),
(638124),
(638129),
(638131),
(638134),
(638168),
(638172),
(638174),
(638188),
(638205),
(638232),
(638244),
(638245),
(638271),
(638334),
(638365),
(638377),
(638414),
(638426),
(638476),
(638477),
(638480),
(638528),
(638530),
(638551),
(638553),
(638561),
(638610),
(638614),
(638633),
(638644),
(638645),
(638646),
(638653),
(638655),
(638657),
(638675),
(638679),
(638749),
(638788),
(638810),
(638819),
(638834),
(638836),
(638841),
(638843),
(638911),
(638918),
(638920),
(638929),
(638939),
(639053),
(639068),
(639071),
(639115),
(639195),
(639226),
(639264),
(639283),
(639360),
(639385),
(639420),
(639742),
(640111),
(640943),
(641904);

--
-- Table structure for table `vtiger_webform_file_fields`
--

CREATE TABLE `vtiger_webform_file_fields` (
  `id` int(19) NOT NULL AUTO_INCREMENT,
  `webformid` int(19) NOT NULL,
  `fieldname` varchar(100) NOT NULL,
  `fieldlabel` varchar(100) NOT NULL,
  `required` int(1) NOT NULL DEFAULT 0,
  PRIMARY KEY (`id`),
  KEY `fk_vtiger_webforms` (`webformid`),
  CONSTRAINT `fk_vtiger_webforms` FOREIGN KEY (`webformid`) REFERENCES `vtiger_webforms` (`id`) ON DELETE CASCADE
) ENGINE=InnoDB DEFAULT CHARSET=utf8mb3 COLLATE=utf8mb3_general_ci;

--
-- Dumping data for table `vtiger_webform_file_fields`
--


--
-- Table structure for table `vtiger_webforms`
--

CREATE TABLE `vtiger_webforms` (
  `id` int(19) NOT NULL AUTO_INCREMENT,
  `name` varchar(100) NOT NULL,
  `publicid` varchar(100) NOT NULL,
  `enabled` int(1) NOT NULL DEFAULT 1,
  `targetmodule` varchar(50) NOT NULL,
  `description` text DEFAULT NULL,
  `ownerid` int(19) NOT NULL,
  `returnurl` varchar(250) DEFAULT NULL,
  `captcha` int(1) NOT NULL DEFAULT 0,
  `roundrobin` int(1) NOT NULL DEFAULT 0,
  `roundrobin_userid` varchar(256) DEFAULT NULL,
  `roundrobin_logic` int(11) NOT NULL DEFAULT 0,
  PRIMARY KEY (`id`),
  UNIQUE KEY `webformname` (`name`),
  UNIQUE KEY `publicid` (`id`),
  KEY `webforms_webforms_id_idx` (`id`)
) ENGINE=InnoDB AUTO_INCREMENT=7 DEFAULT CHARSET=utf8mb3 COLLATE=utf8mb3_general_ci;

--
-- Dumping data for table `vtiger_webforms`
--

INSERT INTO `vtiger_webforms` VALUES
(3,'sss','1171254660d02967b8dbe7b20a36fcbf',1,'Contacts','',1,'',0,0,'{\"0\":\"1\"}',0),
(4,'Collect all Leads','594409e80d5ba81eca1672f5606e9d60',1,'Leads','',1,'',0,0,'{\"0\":\"1\"}',0),
(6,' BD355-P12017','9e9a37b490319c4a8ebaea6b399f0fc5',1,'HelpDesk','',1,'',0,0,'{\"0\":\"1\",\"1\":\"754\"}',0);

--
-- Table structure for table `vtiger_webforms_field`
--

CREATE TABLE `vtiger_webforms_field` (
  `id` int(19) NOT NULL AUTO_INCREMENT,
  `webformid` int(19) NOT NULL,
  `fieldname` varchar(50) NOT NULL,
  `neutralizedfield` varchar(50) NOT NULL,
  `defaultvalue` text DEFAULT NULL,
  `required` int(10) NOT NULL DEFAULT 0,
  `sequence` int(10) DEFAULT NULL,
  `hidden` int(10) DEFAULT NULL,
  PRIMARY KEY (`id`),
  KEY `webforms_webforms_field_idx` (`id`),
  KEY `fk_1_vtiger_webforms_field` (`webformid`),
  KEY `fk_2_vtiger_webforms_field` (`fieldname`),
  CONSTRAINT `fk_1_vtiger_webforms_field` FOREIGN KEY (`webformid`) REFERENCES `vtiger_webforms` (`id`) ON DELETE CASCADE,
  CONSTRAINT `fk_3_vtiger_webforms_field` FOREIGN KEY (`fieldname`) REFERENCES `vtiger_field` (`fieldname`) ON DELETE CASCADE
) ENGINE=InnoDB AUTO_INCREMENT=33 DEFAULT CHARSET=utf8mb3 COLLATE=utf8mb3_general_ci;

--
-- Dumping data for table `vtiger_webforms_field`
--

INSERT INTO `vtiger_webforms_field` VALUES
(18,3,'firstname','firstname','',1,0,0),
(19,4,'lastname','lastname','',1,0,0),
(20,4,'email','email','',1,0,0),
(21,4,'mobile','mobile',NULL,0,NULL,NULL),
(22,4,'company','company',NULL,0,NULL,NULL),
(23,4,'cf_1176','cf_1176',NULL,0,NULL,NULL),
(24,4,'cf_1178','cf_1178',NULL,0,NULL,NULL),
(25,4,'cf_1180','cf_1180',NULL,0,NULL,NULL),
(26,4,'cf_1182','cf_1182',NULL,0,NULL,NULL),
(27,4,'cf_1184','cf_1184',NULL,0,NULL,NULL),
(30,6,'description','description','',1,0,0),
(31,6,'cf_2847','cf_2847',NULL,0,NULL,NULL),
(32,6,'cf_2849','cf_2849',NULL,0,NULL,NULL);

--
-- Table structure for table `vtiger_wordtemplates`
--

CREATE TABLE `vtiger_wordtemplates` (
  `templateid` int(19) NOT NULL,
  `filename` varchar(100) NOT NULL,
  `module` varchar(30) NOT NULL,
  `date_entered` timestamp NOT NULL DEFAULT current_timestamp() ON UPDATE current_timestamp(),
  `parent_type` varchar(50) NOT NULL,
  `data` longblob DEFAULT NULL,
  `description` text DEFAULT NULL,
  `filesize` varchar(50) NOT NULL,
  `filetype` varchar(20) NOT NULL,
  `deleted` int(1) NOT NULL DEFAULT 0,
  PRIMARY KEY (`templateid`)
) ENGINE=InnoDB DEFAULT CHARSET=utf8mb3 COLLATE=utf8mb3_general_ci;

--
-- Dumping data for table `vtiger_wordtemplates`
--


--
-- Table structure for table `vtiger_ws_entity`
--

CREATE TABLE `vtiger_ws_entity` (
  `id` int(11) NOT NULL AUTO_INCREMENT,
  `name` varchar(25) NOT NULL,
  `handler_path` varchar(255) NOT NULL,
  `handler_class` varchar(64) NOT NULL,
  `ismodule` int(3) NOT NULL,
  PRIMARY KEY (`id`)
) ENGINE=InnoDB AUTO_INCREMENT=127 DEFAULT CHARSET=utf8mb3 COLLATE=utf8mb3_general_ci;

--
-- Dumping data for table `vtiger_ws_entity`
--

INSERT INTO `vtiger_ws_entity` VALUES
(1,'Faq','include/Webservices/VtigerModuleOperation.php','VtigerModuleOperation',1),
(2,'Vendors','include/Webservices/VtigerModuleOperation.php','VtigerModuleOperation',1),
(3,'PriceBooks','include/Webservices/VtigerModuleOperation.php','VtigerModuleOperation',1),
(4,'Quotes','include/Webservices/LineItem/VtigerInventoryOperation.php','VtigerInventoryOperation',1),
(5,'PurchaseOrder','include/Webservices/LineItem/VtigerInventoryOperation.php','VtigerInventoryOperation',1),
(6,'SalesOrder','include/Webservices/LineItem/VtigerInventoryOperation.php','VtigerInventoryOperation',1),
(7,'Invoice','include/Webservices/LineItem/VtigerInventoryOperation.php','VtigerInventoryOperation',1),
(8,'Campaigns','include/Webservices/VtigerModuleOperation.php','VtigerModuleOperation',1),
(9,'Calendar','include/Webservices/VtigerModuleOperation.php','VtigerModuleOperation',1),
(10,'Leads','include/Webservices/VtigerModuleOperation.php','VtigerModuleOperation',1),
(11,'Accounts','include/Webservices/VtigerModuleOperation.php','VtigerModuleOperation',1),
(12,'Contacts','include/Webservices/VtigerModuleOperation.php','VtigerModuleOperation',1),
(13,'Potentials','include/Webservices/VtigerModuleOperation.php','VtigerModuleOperation',1),
(14,'Products','include/Webservices/VtigerProductOperation.php','VtigerProductOperation',1),
(15,'Documents','include/Webservices/VtigerModuleOperation.php','VtigerModuleOperation',1),
(16,'Emails','include/Webservices/VtigerModuleOperation.php','VtigerModuleOperation',1),
(17,'HelpDesk','include/Webservices/LineItem/VtigerInventoryOperation.php','VtigerInventoryOperation',1),
(18,'Events','include/Webservices/VtigerModuleOperation.php','VtigerModuleOperation',1),
(19,'Users','include/Webservices/VtigerModuleOperation.php','VtigerModuleOperation',1),
(20,'Groups','include/Webservices/VtigerActorOperation.php','VtigerActorOperation',0),
(21,'Currency','include/Webservices/VtigerActorOperation.php','VtigerActorOperation',0),
(22,'DocumentFolders','include/Webservices/VtigerActorOperation.php','VtigerActorOperation',0),
(23,'CompanyDetails','include/Webservices/VtigerCompanyDetails.php','VtigerCompanyDetails',0),
(24,'PBXManager','include/Webservices/VtigerModuleOperation.php','VtigerModuleOperation',1),
(25,'ServiceContracts','include/Webservices/VtigerModuleOperation.php','VtigerModuleOperation',1),
(26,'Services','include/Webservices/VtigerProductOperation.php','VtigerProductOperation',1),
(27,'Assets','include/Webservices/VtigerModuleOperation.php','VtigerModuleOperation',1),
(28,'ModComments','include/Webservices/VtigerModuleOperation.php','VtigerModuleOperation',1),
(29,'ProjectMilestone','include/Webservices/VtigerModuleOperation.php','VtigerModuleOperation',1),
(30,'ProjectTask','include/Webservices/VtigerModuleOperation.php','VtigerModuleOperation',1),
(31,'Project','include/Webservices/VtigerModuleOperation.php','VtigerModuleOperation',1),
(32,'SMSNotifier','include/Webservices/VtigerModuleOperation.php','VtigerModuleOperation',1),
(33,'LineItem','include/Webservices/LineItem/VtigerLineItemOperation.php','VtigerLineItemOperation',0),
(34,'Tax','include/Webservices/LineItem/VtigerTaxOperation.php','VtigerTaxOperation',0),
(35,'ProductTaxes','include/Webservices/LineItem/VtigerProductTaxesOperation.php','VtigerProductTaxesOperation',0),
(36,'ServiceEngineer','include/Webservices/VtigerModuleOperation.php','VtigerModuleOperation',1),
(37,'BankGuarantee','include/Webservices/VtigerModuleOperation.php','VtigerModuleOperation',1),
(38,'Equipment','include/Webservices/VtigerModuleOperation.php','VtigerModuleOperation',1),
(40,'ITS4YouHeaderStatusBar','include/Webservices/VtigerModuleOperation.php','VtigerModuleOperation',1),
(41,'ITS4YouKanbanView','include/Webservices/VtigerModuleOperation.php','VtigerModuleOperation',1),
(43,'PDFMaker','include/Webservices/VtigerModuleOperation.php','VtigerModuleOperation',1),
(45,'FunctionalLocations','include/Webservices/VtigerModuleOperation.php','VtigerModuleOperation',1),
(46,'ServiceReports','include/Webservices/LineItem/VtigerInventoryOperation.php','VtigerInventoryOperation',1),
(47,'SalesPlanEquipment','include/Webservices/VtigerModuleOperation.php','VtigerModuleOperation',1),
(50,'StockTransferOrders','include/Webservices/LineItem/VtigerInventoryOperation.php','VtigerInventoryOperation',1),
(51,'MaintenancePlant','include/Webservices/VtigerModuleOperation.php','VtigerModuleOperation',1),
(52,'CallAssistance','include/Webservices/VtigerModuleOperation.php','VtigerModuleOperation',1),
(53,'HMREntries','include/Webservices/VtigerModuleOperation.php','VtigerModuleOperation',1),
(54,'ServiceOrders','include/Webservices/LineItem/VtigerInventoryOperation.php','VtigerInventoryOperation',1),
(57,'FailedParts','include/Webservices/LineItem/VtigerInventoryOperation.php','VtigerInventoryOperation',1),
(58,'EquipmentAvailability','include/Webservices/VtigerModuleOperation.php','VtigerModuleOperation',1),
(59,'DiscussionBlog','include/Webservices/VtigerModuleOperation.php','VtigerModuleOperation',1),
(60,'DeliveryNotes','include/Webservices/VtigerModuleOperation.php','VtigerModuleOperation',1),
(61,'RecommissioningReports','include/Webservices/LineItem/VtigerInventoryOperation.php','VtigerInventoryOperation',1),
(62,'ModelAggregateConfig','include/Webservices/VtigerModuleOperation.php','VtigerModuleOperation',1),
(64,'WarrantyDetails','include/Webservices/VtigerModuleOperation.php','VtigerModuleOperation',1),
(65,'ReturnSaleOrders','include/Webservices/LineItem/VtigerInventoryOperation.php','VtigerInventoryOperation',1),
(66,'ModelAndAggregates','include/Webservices/VtigerModuleOperation.php','VtigerModuleOperation',1),
(67,'LabelManager','include/Webservices/VtigerModuleOperation.php','VtigerModuleOperation',1),
(68,'Companies','include/Webservices/VtigerModuleOperation.php','VtigerModuleOperation',1),
(69,'Onboarding','include/Webservices/VtigerModuleOperation.php','VtigerModuleOperation',1),
(71,'Visitors','include/Webservices/VtigerModuleOperation.php','VtigerModuleOperation',1),
(72,'Attendance','include/Webservices/VtigerModuleOperation.php','VtigerModuleOperation',1),
(73,'Guard','include/Webservices/VtigerModuleOperation.php','VtigerModuleOperation',1),
(74,'Owner','include/Webservices/VtigerModuleOperation.php','VtigerModuleOperation',1),
(75,'Notice','include/Webservices/VtigerModuleOperation.php','VtigerModuleOperation',1),
(76,'WaterTank','include/Webservices/VtigerModuleOperation.php','VtigerModuleOperation',1),
(86,'SocietyRegistrationForm','include/Webservices/VtigerModuleOperation.php','VtigerModuleOperation',1),
(87,'Resident','include/Webservices/VtigerModuleOperation.php','VtigerModuleOperation',1),
(89,'GuardDir','include/Webservices/VtigerModuleOperation.php','VtigerModuleOperation',1),
(90,'EmergencyDir','include/Webservices/VtigerModuleOperation.php','VtigerModuleOperation',1),
(93,'DomesticHelp','include/Webservices/VtigerModuleOperation.php','VtigerModuleOperation',1),
(95,'Inout','include/Webservices/VtigerModuleOperation.php','VtigerModuleOperation',1),
(96,'SocBlocks','include/Webservices/VtigerModuleOperation.php','VtigerModuleOperation',1),
(97,'Plat','include/Webservices/VtigerModuleOperation.php','VtigerModuleOperation',1),
(98,'GuestApproval','include/Webservices/VtigerModuleOperation.php','VtigerModuleOperation',1),
(99,'GatePass','include/Webservices/VtigerModuleOperation.php','VtigerModuleOperation',1),
(100,'ADVNotice','include/Webservices/VtigerModuleOperation.php','VtigerModuleOperation',1),
(101,'DeliveryApproval','include/Webservices/VtigerModuleOperation.php','VtigerModuleOperation',1),
(103,'CustomerCare','include/Webservices/VtigerModuleOperation.php','VtigerModuleOperation',1),
(104,'PaymentDetail','include/Webservices/VtigerModuleOperation.php','VtigerModuleOperation',1),
(105,'QRCode','include/Webservices/VtigerModuleOperation.php','VtigerModuleOperation',1),
(108,'Poll','include/Webservices/VtigerModuleOperation.php','VtigerModuleOperation',1),
(110,'BuyAndSell','include/Webservices/VtigerModuleOperation.php','VtigerModuleOperation',1),
(116,'Amenities','include/Webservices/VtigerModuleOperation.php','VtigerModuleOperation',1),
(121,'Announcements','include/Webservices/VtigerModuleOperation.php','VtigerModuleOperation',1),
(122,'Booking','include/Webservices/VtigerModuleOperation.php','VtigerModuleOperation',1),
(126,'InfraEmployee','include/Webservices/VtigerModuleOperation.php','VtigerModuleOperation',1);

--
-- Table structure for table `vtiger_ws_entity_fieldtype`
--

CREATE TABLE `vtiger_ws_entity_fieldtype` (
  `fieldtypeid` int(19) NOT NULL AUTO_INCREMENT,
  `table_name` varchar(50) NOT NULL,
  `field_name` varchar(50) NOT NULL,
  `fieldtype` varchar(200) NOT NULL,
  PRIMARY KEY (`fieldtypeid`),
  UNIQUE KEY `vtiger_idx_1_tablename_fieldname` (`table_name`,`field_name`)
) ENGINE=InnoDB AUTO_INCREMENT=11 DEFAULT CHARSET=utf8mb3 COLLATE=utf8mb3_general_ci;

--
-- Dumping data for table `vtiger_ws_entity_fieldtype`
--

INSERT INTO `vtiger_ws_entity_fieldtype` VALUES
(1,'vtiger_attachmentsfolder','createdby','reference'),
(2,'vtiger_organizationdetails','logoname','file'),
(3,'vtiger_organizationdetails','phone','phone'),
(4,'vtiger_organizationdetails','fax','phone'),
(5,'vtiger_organizationdetails','website','url'),
(6,'vtiger_inventoryproductrel','productid','reference'),
(7,'vtiger_inventoryproductrel','id','reference'),
(8,'vtiger_inventoryproductrel','incrementondel','autogenerated'),
(9,'vtiger_producttaxrel','productid','reference'),
(10,'vtiger_producttaxrel','taxid','reference');

--
-- Table structure for table `vtiger_ws_entity_fieldtype_seq`
--

CREATE TABLE `vtiger_ws_entity_fieldtype_seq` (
  `id` int(11) NOT NULL
) ENGINE=MyISAM DEFAULT CHARSET=utf8mb3 COLLATE=utf8mb3_general_ci;

--
-- Dumping data for table `vtiger_ws_entity_fieldtype_seq`
--

INSERT INTO `vtiger_ws_entity_fieldtype_seq` VALUES
(10);

--
-- Table structure for table `vtiger_ws_entity_name`
--

CREATE TABLE `vtiger_ws_entity_name` (
  `entity_id` int(11) NOT NULL,
  `name_fields` varchar(50) NOT NULL,
  `index_field` varchar(50) NOT NULL,
  `table_name` varchar(50) NOT NULL,
  PRIMARY KEY (`entity_id`)
) ENGINE=InnoDB DEFAULT CHARSET=utf8mb3 COLLATE=utf8mb3_general_ci;

--
-- Dumping data for table `vtiger_ws_entity_name`
--

INSERT INTO `vtiger_ws_entity_name` VALUES
(20,'groupname','groupid','vtiger_groups'),
(21,'currency_name','id','vtiger_currency_info'),
(22,'foldername','folderid','vtiger_attachmentsfolder'),
(23,'organizationname','groupid','vtiger_organizationdetails'),
(34,'taxlabel','taxid','vtiger_inventorytaxinfo');

--
-- Table structure for table `vtiger_ws_entity_referencetype`
--

CREATE TABLE `vtiger_ws_entity_referencetype` (
  `fieldtypeid` int(19) NOT NULL,
  `type` varchar(25) NOT NULL,
  PRIMARY KEY (`fieldtypeid`,`type`),
  CONSTRAINT `vtiger_fk_1_actors_referencetype` FOREIGN KEY (`fieldtypeid`) REFERENCES `vtiger_ws_entity_fieldtype` (`fieldtypeid`) ON DELETE CASCADE
) ENGINE=InnoDB DEFAULT CHARSET=utf8mb3 COLLATE=utf8mb3_general_ci;

--
-- Dumping data for table `vtiger_ws_entity_referencetype`
--

INSERT INTO `vtiger_ws_entity_referencetype` VALUES
(5,'Users'),
(6,'Products'),
(7,'Invoice'),
(7,'PurchaseOrder'),
(7,'Quotes'),
(7,'SalesOrder'),
(9,'Products'),
(10,'Tax');

--
-- Table structure for table `vtiger_ws_entity_seq`
--

CREATE TABLE `vtiger_ws_entity_seq` (
  `id` int(11) NOT NULL
) ENGINE=MyISAM DEFAULT CHARSET=utf8mb3 COLLATE=utf8mb3_general_ci;

--
-- Dumping data for table `vtiger_ws_entity_seq`
--

INSERT INTO `vtiger_ws_entity_seq` VALUES
(126);

--
-- Table structure for table `vtiger_ws_entity_tables`
--

CREATE TABLE `vtiger_ws_entity_tables` (
  `webservice_entity_id` int(11) NOT NULL,
  `table_name` varchar(50) NOT NULL,
  PRIMARY KEY (`webservice_entity_id`,`table_name`),
  CONSTRAINT `fk_1_vtiger_ws_actor_tables` FOREIGN KEY (`webservice_entity_id`) REFERENCES `vtiger_ws_entity` (`id`) ON DELETE CASCADE
) ENGINE=InnoDB DEFAULT CHARSET=utf8mb3 COLLATE=utf8mb3_general_ci;

--
-- Dumping data for table `vtiger_ws_entity_tables`
--

INSERT INTO `vtiger_ws_entity_tables` VALUES
(20,'vtiger_groups'),
(21,'vtiger_currency_info'),
(22,'vtiger_attachmentsfolder'),
(23,'vtiger_organizationdetails'),
(33,'vtiger_inventoryproductrel'),
(34,'vtiger_inventorytaxinfo'),
(35,'vtiger_producttaxrel');

--
-- Table structure for table `vtiger_ws_fieldinfo`
--

CREATE TABLE `vtiger_ws_fieldinfo` (
  `id` varchar(64) NOT NULL,
  `property_name` varchar(32) DEFAULT NULL,
  `property_value` varchar(64) DEFAULT NULL,
  PRIMARY KEY (`id`)
) ENGINE=InnoDB DEFAULT CHARSET=utf8mb3 COLLATE=utf8mb3_general_ci;

--
-- Dumping data for table `vtiger_ws_fieldinfo`
--

INSERT INTO `vtiger_ws_fieldinfo` VALUES
('vtiger_organizationdetails.organization_id','upload.path','1');

--
-- Table structure for table `vtiger_ws_fieldtype`
--

CREATE TABLE `vtiger_ws_fieldtype` (
  `fieldtypeid` int(19) NOT NULL AUTO_INCREMENT,
  `uitype` varchar(30) NOT NULL,
  `fieldtype` varchar(200) NOT NULL,
  PRIMARY KEY (`fieldtypeid`),
  UNIQUE KEY `uitype_idx` (`uitype`)
) ENGINE=InnoDB AUTO_INCREMENT=43 DEFAULT CHARSET=utf8mb3 COLLATE=utf8mb3_general_ci;

--
-- Dumping data for table `vtiger_ws_fieldtype`
--

INSERT INTO `vtiger_ws_fieldtype` VALUES
(1,'15','picklist'),
(2,'16','picklist'),
(3,'19','text'),
(4,'20','text'),
(5,'21','text'),
(6,'24','text'),
(7,'3','autogenerated'),
(8,'11','phone'),
(9,'33','multipicklist'),
(10,'17','url'),
(11,'85','skype'),
(12,'56','boolean'),
(13,'156','boolean'),
(14,'53','owner'),
(15,'61','file'),
(16,'28','file'),
(17,'13','email'),
(18,'71','currency'),
(19,'72','currency'),
(20,'50','reference'),
(21,'51','reference'),
(22,'57','reference'),
(23,'58','reference'),
(24,'73','reference'),
(25,'75','reference'),
(26,'76','reference'),
(27,'78','reference'),
(28,'80','reference'),
(29,'81','reference'),
(30,'101','reference'),
(31,'52','reference'),
(32,'357','reference'),
(33,'59','reference'),
(34,'66','reference'),
(35,'77','reference'),
(36,'68','reference'),
(37,'117','reference'),
(38,'26','reference'),
(39,'10','reference'),
(40,'98','reference'),
(41,'69','image'),
(42,'999','radio');

--
-- Table structure for table `vtiger_ws_operation`
--

CREATE TABLE `vtiger_ws_operation` (
  `operationid` int(11) NOT NULL AUTO_INCREMENT,
  `name` varchar(128) NOT NULL,
  `handler_path` varchar(255) NOT NULL,
  `handler_method` varchar(64) NOT NULL,
  `type` varchar(8) NOT NULL,
  `prelogin` int(3) NOT NULL,
  PRIMARY KEY (`operationid`)
) ENGINE=InnoDB AUTO_INCREMENT=39 DEFAULT CHARSET=utf8mb3 COLLATE=utf8mb3_general_ci;

--
-- Dumping data for table `vtiger_ws_operation`
--

INSERT INTO `vtiger_ws_operation` VALUES
(1,'login','include/Webservices/Login.php','vtws_login','POST',1),
(2,'retrieve','include/Webservices/Retrieve.php','vtws_retrieve','GET',0),
(3,'create','include/Webservices/Create.php','vtws_create','POST',0),
(4,'update','include/Webservices/Update.php','vtws_update','POST',0),
(5,'delete','include/Webservices/Delete.php','vtws_delete','POST',0),
(6,'sync','include/Webservices/GetUpdates.php','vtws_sync','GET',0),
(7,'query','include/Webservices/Query.php','vtws_query','GET',0),
(8,'logout','include/Webservices/Logout.php','vtws_logout','POST',0),
(9,'listtypes','include/Webservices/ModuleTypes.php','vtws_listtypes','GET',0),
(10,'getchallenge','include/Webservices/AuthToken.php','vtws_getchallenge','GET',1),
(11,'describe','include/Webservices/DescribeObject.php','vtws_describe','GET',0),
(12,'extendsession','include/Webservices/ExtendSession.php','vtws_extendSession','POST',1),
(13,'convertlead','include/Webservices/ConvertLead.php','vtws_convertlead','POST',0),
(14,'revise','include/Webservices/Revise.php','vtws_revise','POST',0),
(15,'changePassword','include/Webservices/ChangePassword.php','vtws_changePassword','POST',0),
(16,'deleteUser','include/Webservices/DeleteUser.php','vtws_deleteUser','POST',0),
(17,'mobile.fetchallalerts','modules/Mobile/api/wsapi.php','mobile_ws_fetchAllAlerts','POST',0),
(18,'mobile.alertdetailswithmessage','modules/Mobile/api/wsapi.php','mobile_ws_alertDetailsWithMessage','POST',0),
(19,'mobile.fetchmodulefilters','modules/Mobile/api/wsapi.php','mobile_ws_fetchModuleFilters','POST',0),
(20,'mobile.fetchrecord','modules/Mobile/api/wsapi.php','mobile_ws_fetchRecord','POST',0),
(21,'mobile.fetchrecordwithgrouping','modules/Mobile/api/wsapi.php','mobile_ws_fetchRecordWithGrouping','POST',0),
(22,'mobile.filterdetailswithcount','modules/Mobile/api/wsapi.php','mobile_ws_filterDetailsWithCount','POST',0),
(23,'mobile.listmodulerecords','modules/Mobile/api/wsapi.php','mobile_ws_listModuleRecords','POST',0),
(24,'mobile.saverecord','modules/Mobile/api/wsapi.php','mobile_ws_saveRecord','POST',0),
(25,'mobile.syncModuleRecords','modules/Mobile/api/wsapi.php','mobile_ws_syncModuleRecords','POST',0),
(26,'mobile.query','modules/Mobile/api/wsapi.php','mobile_ws_query','POST',0),
(27,'mobile.querywithgrouping','modules/Mobile/api/wsapi.php','mobile_ws_queryWithGrouping','POST',0),
(28,'wsapp_register','modules/WSAPP/api/ws/Register.php','wsapp_register','POST',0),
(29,'wsapp_deregister','modules/WSAPP/api/ws/DeRegister.php','wsapp_deregister','POST',0),
(30,'wsapp_get','modules/WSAPP/api/ws/Get.php','wsapp_get','POST',0),
(31,'wsapp_put','modules/WSAPP/api/ws/Put.php','wsapp_put','POST',0),
(32,'wsapp_map','modules/WSAPP/api/ws/Map.php','wsapp_map','POST',0),
(33,'retrieve_inventory','include/Webservices/LineItem/RetrieveInventory.php','vtws_retrieve_inventory','GET',0),
(34,'relatedtypes','include/Webservices/RelatedTypes.php','vtws_relatedtypes','GET',0),
(35,'retrieve_related','include/Webservices/RetrieveRelated.php','vtws_retrieve_related','GET',0),
(36,'query_related','include/Webservices/QueryRelated.php','vtws_query_related','GET',0),
(37,'add_related','include/Webservices/AddRelated.php','vtws_add_related','POST',0),
(38,'files_retrieve','include/Webservices/FileRetrieve.php','vtws_file_retrieve','GET',0);

--
-- Table structure for table `vtiger_ws_operation_parameters`
--

CREATE TABLE `vtiger_ws_operation_parameters` (
  `operationid` int(11) NOT NULL AUTO_INCREMENT,
  `name` varchar(128) NOT NULL,
  `type` varchar(64) NOT NULL,
  `sequence` int(11) NOT NULL,
  PRIMARY KEY (`operationid`,`name`)
) ENGINE=InnoDB AUTO_INCREMENT=39 DEFAULT CHARSET=utf8mb3 COLLATE=utf8mb3_general_ci;

--
-- Dumping data for table `vtiger_ws_operation_parameters`
--

INSERT INTO `vtiger_ws_operation_parameters` VALUES
(1,'accessKey','String',2),
(1,'username','String',1),
(2,'id','String',1),
(3,'element','encoded',2),
(3,'elementType','String',1),
(4,'element','encoded',1),
(5,'id','String',1),
(6,'elementType','String',2),
(6,'modifiedTime','DateTime',1),
(7,'query','String',1),
(8,'sessionName','String',1),
(9,'fieldTypeList','encoded',1),
(10,'username','String',1),
(11,'elementType','String',1),
(13,'accountName','String',3),
(13,'assignedTo','String',2),
(13,'avoidPotential','Boolean',4),
(13,'leadId','String',1),
(13,'potential','Encoded',5),
(14,'element','Encoded',1),
(15,'confirmPassword','String',4),
(15,'id','String',1),
(15,'newPassword','String',3),
(15,'oldPassword','String',2),
(16,'id','String',1),
(16,'newOwnerId','String',2),
(18,'alertid','string',1),
(19,'module','string',1),
(20,'record','string',1),
(21,'record','string',1),
(22,'filterid','string',1),
(23,'elements','encoded',1),
(24,'module','string',1),
(24,'record','string',2),
(24,'values','encoded',3),
(25,'module','string',1),
(25,'page','string',3),
(25,'syncToken','string',2),
(26,'module','string',1),
(26,'page','string',3),
(26,'query','string',2),
(27,'module','string',1),
(27,'page','string',3),
(27,'query','string',2),
(28,'synctype','string',2),
(28,'type','string',1),
(29,'key','string',2),
(29,'type','string',1),
(30,'key','string',1),
(30,'module','string',2),
(30,'token','string',3),
(31,'element','encoded',2),
(31,'key','string',1),
(32,'element','encoded',2),
(32,'key','string',1),
(33,'id','String',1),
(34,'elementType','string',1),
(35,'id','string',1),
(35,'relatedLabel','string',3),
(35,'relatedType','string',2),
(36,'id','string',2),
(36,'query','string',1),
(36,'relatedLabel','string',3),
(37,'relatedRecordId','string',2),
(37,'relationIdLabel','string',3),
(37,'sourceRecordId','string',1),
(38,'id','string',1);

--
-- Table structure for table `vtiger_ws_operation_seq`
--

CREATE TABLE `vtiger_ws_operation_seq` (
  `id` int(11) NOT NULL
) ENGINE=MyISAM DEFAULT CHARSET=utf8mb3 COLLATE=utf8mb3_general_ci;

--
-- Dumping data for table `vtiger_ws_operation_seq`
--

INSERT INTO `vtiger_ws_operation_seq` VALUES
(38);

--
-- Table structure for table `vtiger_ws_referencetype`
--

CREATE TABLE `vtiger_ws_referencetype` (
  `fieldtypeid` int(19) NOT NULL,
  `type` varchar(25) NOT NULL,
  PRIMARY KEY (`fieldtypeid`,`type`),
  CONSTRAINT `fk_1_vtiger_referencetype` FOREIGN KEY (`fieldtypeid`) REFERENCES `vtiger_ws_fieldtype` (`fieldtypeid`) ON DELETE CASCADE
) ENGINE=InnoDB DEFAULT CHARSET=utf8mb3 COLLATE=utf8mb3_general_ci;

--
-- Dumping data for table `vtiger_ws_referencetype`
--

INSERT INTO `vtiger_ws_referencetype` VALUES
(20,'Accounts'),
(21,'Accounts'),
(22,'Contacts'),
(23,'Campaigns'),
(24,'Accounts'),
(25,'Vendors'),
(26,'Potentials'),
(27,'Quotes'),
(28,'SalesOrder'),
(29,'Vendors'),
(30,'Users'),
(31,'Users'),
(32,'Accounts'),
(32,'Contacts'),
(32,'Leads'),
(32,'Users'),
(32,'Vendors'),
(33,'Products'),
(34,'Accounts'),
(34,'Campaigns'),
(34,'HelpDesk'),
(34,'Invoice'),
(34,'ITS4YouMultiCompany'),
(34,'ITS4YouSalesVisit'),
(34,'Leads'),
(34,'Potentials'),
(34,'PurchaseOrder'),
(34,'Quotes'),
(34,'SalesOrder'),
(35,'Users'),
(36,'Accounts'),
(36,'Contacts'),
(37,'Currency'),
(38,'DocumentFolders');

--
-- Table structure for table `vtiger_ws_userauthtoken`
--

CREATE TABLE `vtiger_ws_userauthtoken` (
  `userid` int(19) NOT NULL,
  `token` varchar(36) NOT NULL,
  `expiretime` int(19) NOT NULL,
  PRIMARY KEY (`userid`,`expiretime`),
  UNIQUE KEY `userid_idx` (`userid`)
) ENGINE=InnoDB DEFAULT CHARSET=utf8mb3 COLLATE=utf8mb3_general_ci;

--
-- Dumping data for table `vtiger_ws_userauthtoken`
--

INSERT INTO `vtiger_ws_userauthtoken` VALUES
(1,'600eba3ce7a21',1611578216);

--
-- Table structure for table `vtiger_wsapp`
--

CREATE TABLE `vtiger_wsapp` (
  `appid` int(11) NOT NULL AUTO_INCREMENT,
  `name` varchar(200) NOT NULL,
  `appkey` varchar(255) DEFAULT NULL,
  `type` varchar(100) DEFAULT NULL,
  PRIMARY KEY (`appid`)
) ENGINE=InnoDB AUTO_INCREMENT=2 DEFAULT CHARSET=utf8mb3 COLLATE=utf8mb3_general_ci;

--
-- Dumping data for table `vtiger_wsapp`
--

INSERT INTO `vtiger_wsapp` VALUES
(1,'vtigerCRM','6007e22858c47','user');

--
-- Table structure for table `vtiger_wsapp_handlerdetails`
--

CREATE TABLE `vtiger_wsapp_handlerdetails` (
  `type` varchar(200) NOT NULL,
  `handlerclass` varchar(100) DEFAULT NULL,
  `handlerpath` varchar(300) DEFAULT NULL
) ENGINE=InnoDB DEFAULT CHARSET=utf8mb3 COLLATE=utf8mb3_general_ci;

--
-- Dumping data for table `vtiger_wsapp_handlerdetails`
--

INSERT INTO `vtiger_wsapp_handlerdetails` VALUES
('Outlook','OutlookHandler','modules/WSAPP/Handlers/OutlookHandler.php'),
('vtigerCRM','vtigerCRMHandler','modules/WSAPP/Handlers/vtigerCRMHandler.php'),
('vtigerSyncLib','WSAPP_VtigerSyncEventHandler','modules/WSAPP/synclib/handlers/VtigerSyncEventHandler.php'),
('Google_vtigerHandler','Google_Vtiger_Handler','modules/Google/handlers/Vtiger.php'),
('Google_vtigerSyncHandler','Google_VtigerSync_Handler','modules/Google/handlers/VtigerSync.php');

--
-- Table structure for table `vtiger_wsapp_logs_basic`
--

CREATE TABLE `vtiger_wsapp_logs_basic` (
  `id` int(25) NOT NULL AUTO_INCREMENT,
  `extensiontabid` int(19) DEFAULT NULL,
  `module` varchar(50) NOT NULL,
  `sync_datetime` datetime NOT NULL,
  `app_create_count` int(11) DEFAULT NULL,
  `app_update_count` int(11) DEFAULT NULL,
  `app_delete_count` int(11) DEFAULT NULL,
  `app_skip_count` int(11) DEFAULT NULL,
  `vt_create_count` int(11) DEFAULT NULL,
  `vt_update_count` int(11) DEFAULT NULL,
  `vt_delete_count` int(11) DEFAULT NULL,
  `vt_skip_count` int(11) DEFAULT NULL,
  `userid` int(11) DEFAULT NULL,
  PRIMARY KEY (`id`)
) ENGINE=InnoDB DEFAULT CHARSET=utf8mb3 COLLATE=utf8mb3_general_ci;

--
-- Dumping data for table `vtiger_wsapp_logs_basic`
--


--
-- Table structure for table `vtiger_wsapp_logs_details`
--

CREATE TABLE `vtiger_wsapp_logs_details` (
  `id` int(25) NOT NULL,
  `app_create_ids` mediumtext DEFAULT NULL,
  `app_update_ids` mediumtext DEFAULT NULL,
  `app_delete_ids` mediumtext DEFAULT NULL,
  `app_skip_info` mediumtext DEFAULT NULL,
  `vt_create_ids` mediumtext DEFAULT NULL,
  `vt_update_ids` mediumtext DEFAULT NULL,
  `vt_delete_ids` mediumtext DEFAULT NULL,
  `vt_skip_info` mediumtext DEFAULT NULL,
  KEY `vtiger_wsapp_logs_basic_ibfk_1` (`id`),
  CONSTRAINT `vtiger_wsapp_logs_basic_ibfk_1` FOREIGN KEY (`id`) REFERENCES `vtiger_wsapp_logs_basic` (`id`) ON DELETE CASCADE
) ENGINE=InnoDB DEFAULT CHARSET=utf8mb3 COLLATE=utf8mb3_general_ci;

--
-- Dumping data for table `vtiger_wsapp_logs_details`
--


--
-- Table structure for table `vtiger_wsapp_queuerecords`
--

CREATE TABLE `vtiger_wsapp_queuerecords` (
  `syncserverid` int(19) DEFAULT NULL,
  `details` varchar(300) DEFAULT NULL,
  `flag` varchar(100) DEFAULT NULL,
  `appid` int(19) DEFAULT NULL
) ENGINE=InnoDB DEFAULT CHARSET=utf8mb3 COLLATE=utf8mb3_general_ci;

--
-- Dumping data for table `vtiger_wsapp_queuerecords`
--


--
-- Table structure for table `vtiger_wsapp_recordmapping`
--

CREATE TABLE `vtiger_wsapp_recordmapping` (
  `id` int(19) NOT NULL AUTO_INCREMENT,
  `serverid` varchar(10) DEFAULT NULL,
  `clientid` varchar(255) DEFAULT NULL,
  `clientmodifiedtime` datetime DEFAULT NULL,
  `appid` int(11) DEFAULT NULL,
  `servermodifiedtime` datetime DEFAULT NULL,
  `serverappid` int(11) DEFAULT NULL,
  PRIMARY KEY (`id`)
) ENGINE=InnoDB DEFAULT CHARSET=utf8mb3 COLLATE=utf8mb3_general_ci;

--
-- Dumping data for table `vtiger_wsapp_recordmapping`
--


--
-- Table structure for table `vtiger_wsapp_sync_state`
--

CREATE TABLE `vtiger_wsapp_sync_state` (
  `id` int(19) NOT NULL AUTO_INCREMENT,
  `name` varchar(200) DEFAULT NULL,
  `stateencodedvalues` varchar(300) NOT NULL,
  `userid` int(19) DEFAULT NULL,
  PRIMARY KEY (`id`)
) ENGINE=InnoDB DEFAULT CHARSET=utf8mb3 COLLATE=utf8mb3_general_ci;

--
-- Dumping data for table `vtiger_wsapp_sync_state`
--


--
-- Table structure for table `vtiger_wt_approval_status`
--

CREATE TABLE `vtiger_wt_approval_status` (
  `wt_approval_statusid` int(11) NOT NULL AUTO_INCREMENT,
  `wt_approval_status` varchar(200) NOT NULL,
  `presence` int(1) NOT NULL DEFAULT 1,
  `picklist_valueid` int(11) NOT NULL DEFAULT 0,
  `sortorderid` int(11) DEFAULT 0,
  `color` varchar(10) DEFAULT NULL,
  PRIMARY KEY (`wt_approval_statusid`)
) ENGINE=InnoDB AUTO_INCREMENT=48 DEFAULT CHARSET=utf8mb3 COLLATE=utf8mb3_general_ci;

--
-- Dumping data for table `vtiger_wt_approval_status`
--

INSERT INTO `vtiger_wt_approval_status` VALUES
(2,'Rejected',1,131510,2,NULL),
(3,'Accepted',1,131514,1,NULL),
(47,'Pending',1,131866,3,'#ffffff');

--
-- Table structure for table `vtiger_wt_approval_status_seq`
--

CREATE TABLE `vtiger_wt_approval_status_seq` (
  `id` int(11) NOT NULL
) ENGINE=InnoDB DEFAULT CHARSET=utf8mb3 COLLATE=utf8mb3_unicode_ci;

--
-- Dumping data for table `vtiger_wt_approval_status_seq`
--

INSERT INTO `vtiger_wt_approval_status_seq` VALUES
(47);

--
-- Table structure for table `vtiger_wt_statusinfo`
--

CREATE TABLE `vtiger_wt_statusinfo` (
  `wt_statusinfoid` int(11) NOT NULL AUTO_INCREMENT,
  `wt_statusinfo` varchar(200) NOT NULL,
  `presence` int(1) NOT NULL DEFAULT 1,
  `picklist_valueid` int(11) NOT NULL DEFAULT 0,
  `sortorderid` int(11) DEFAULT 0,
  `color` varchar(10) DEFAULT NULL,
  PRIMARY KEY (`wt_statusinfoid`)
) ENGINE=InnoDB AUTO_INCREMENT=118 DEFAULT CHARSET=utf8mb3 COLLATE=utf8mb3_general_ci;

--
-- Dumping data for table `vtiger_wt_statusinfo`
--

INSERT INTO `vtiger_wt_statusinfo` VALUES
(1,'Initiated',1,131423,1,NULL),
(2,'Ongoing',1,131424,2,NULL),
(3,'Expired',1,131425,3,NULL),
(4,'Initiated',1,131426,1,NULL),
(5,'Ongoing',1,131427,2,NULL),
(6,'Expired',1,131428,3,NULL),
(7,'Initiated',1,131444,1,NULL),
(8,'Ongoing',1,131445,2,NULL),
(9,'Expired',1,131446,3,NULL),
(10,'Initiated',1,131447,1,NULL),
(11,'Ongoing',1,131448,2,NULL),
(12,'Expired',1,131449,3,NULL),
(13,'Initiated',1,131454,1,NULL),
(14,'Ongoing',1,131455,2,NULL),
(15,'Expired',1,131456,3,NULL),
(16,'Initiated',1,131457,1,NULL),
(17,'Ongoing',1,131458,2,NULL),
(18,'Expired',1,131459,3,NULL),
(19,'Initiated',1,131460,1,NULL),
(20,'Ongoing',1,131461,2,NULL),
(21,'Expired',1,131462,3,NULL),
(22,'Initiated',1,131463,1,NULL),
(23,'Ongoing',1,131464,2,NULL),
(24,'Expired',1,131465,3,NULL),
(25,'Initiated',1,131472,1,NULL),
(26,'Ongoing',1,131473,2,NULL),
(27,'Expired',1,131474,3,NULL),
(28,'Initiated',1,131475,1,NULL),
(29,'Ongoing',1,131476,2,NULL),
(30,'Expired',1,131477,3,NULL),
(31,'Initiated',1,131478,1,NULL),
(32,'Ongoing',1,131479,2,NULL),
(33,'Expired',1,131480,3,NULL),
(34,'Initiated',1,131481,1,NULL),
(35,'Ongoing',1,131482,2,NULL),
(36,'Expired',1,131483,3,NULL),
(37,'Initiated',1,131494,1,NULL),
(38,'Ongoing',1,131495,2,NULL),
(39,'Expired',1,131496,3,NULL),
(40,'Initiated',1,131497,1,NULL),
(41,'Ongoing',1,131498,2,NULL),
(42,'Expired',1,131499,3,NULL),
(43,'Initiated',1,131500,1,NULL),
(44,'Ongoing',1,131501,2,NULL),
(45,'Expired',1,131502,3,NULL),
(46,'Initiated',1,131503,1,NULL),
(47,'Ongoing',1,131504,2,NULL),
(48,'Expired',1,131505,3,NULL),
(49,'Initiated',1,131506,1,NULL),
(50,'Ongoing',1,131507,2,NULL),
(51,'Expired',1,131508,3,NULL),
(52,'Initiated',1,131511,1,NULL),
(53,'Ongoing',1,131512,2,NULL),
(54,'Expired',1,131513,3,NULL),
(55,'Initiated',1,131516,1,NULL),
(56,'Ongoing',1,131517,2,NULL),
(57,'Expired',1,131518,3,NULL),
(58,'Initiated',1,131521,1,NULL),
(59,'Ongoing',1,131522,2,NULL),
(60,'Expired',1,131523,3,NULL),
(61,'Initiated',1,131555,1,NULL),
(62,'Ongoing',1,131556,2,NULL),
(63,'Expired',1,131557,3,NULL),
(64,'Initiated',1,131600,1,NULL),
(65,'Ongoing',1,131601,2,NULL),
(66,'Expired',1,131602,3,NULL),
(67,'Initiated',1,131605,1,NULL),
(68,'Ongoing',1,131606,2,NULL),
(69,'Expired',1,131607,3,NULL),
(70,'Initiated',1,131619,1,NULL),
(71,'Ongoing',1,131620,2,NULL),
(72,'Expired',1,131621,3,NULL),
(73,'Initiated',1,131624,1,NULL),
(74,'Ongoing',1,131625,2,NULL),
(75,'Expired',1,131626,3,NULL),
(76,'Initiated',1,131629,1,NULL),
(77,'Ongoing',1,131630,2,NULL),
(78,'Expired',1,131631,3,NULL),
(79,'Initiated',1,131657,1,NULL),
(80,'Ongoing',1,131658,2,NULL),
(81,'Expired',1,131659,3,NULL),
(82,'Initiated',1,131662,1,NULL),
(83,'Ongoing',1,131663,2,NULL),
(84,'Expired',1,131664,3,NULL),
(85,'Initiated',1,131667,1,NULL),
(86,'Ongoing',1,131668,2,NULL),
(87,'Expired',1,131669,3,NULL),
(88,'Initiated',1,131672,1,NULL),
(89,'Ongoing',1,131673,2,NULL),
(90,'Expired',1,131674,3,NULL),
(91,'Initiated',1,131677,1,NULL),
(92,'Ongoing',1,131678,2,NULL),
(93,'Expired',1,131679,3,NULL),
(94,'Initiated',1,131682,1,NULL),
(95,'Ongoing',1,131683,2,NULL),
(96,'Expired',1,131684,3,NULL),
(97,'Initiated',1,131689,1,NULL),
(98,'Ongoing',1,131690,2,NULL),
(99,'Expired',1,131691,3,NULL),
(100,'Initiated',1,131697,1,NULL),
(101,'Ongoing',1,131698,2,NULL),
(102,'Expired',1,131699,3,NULL),
(103,'Initiated',1,131702,1,NULL),
(104,'Ongoing',1,131703,2,NULL),
(105,'Expired',1,131704,3,NULL),
(106,'Initiated',1,131725,1,NULL),
(107,'Ongoing',1,131726,2,NULL),
(108,'Expired',1,131727,3,NULL),
(109,'Initiated',1,131730,1,NULL),
(110,'Ongoing',1,131731,2,NULL),
(111,'Expired',1,131732,3,NULL),
(112,'Initiated',1,131735,1,NULL),
(113,'Ongoing',1,131736,2,NULL),
(114,'Expired',1,131737,3,NULL),
(115,'Initiated',1,131755,1,NULL),
(116,'Ongoing',1,131756,2,NULL),
(117,'Expired',1,131757,3,NULL);

--
-- Table structure for table `vtiger_wt_statusinfo_seq`
--

CREATE TABLE `vtiger_wt_statusinfo_seq` (
  `id` int(11) NOT NULL
) ENGINE=InnoDB DEFAULT CHARSET=utf8mb3 COLLATE=utf8mb3_unicode_ci;

--
-- Dumping data for table `vtiger_wt_statusinfo_seq`
--

INSERT INTO `vtiger_wt_statusinfo_seq` VALUES
(117);

--
-- Table structure for table `vtiger_zbg_region`
--

CREATE TABLE `vtiger_zbg_region` (
  `zbg_regionid` int(11) NOT NULL AUTO_INCREMENT,
  `zbg_region` varchar(200) NOT NULL,
  `sortorderid` int(11) DEFAULT NULL,
  `presence` int(11) NOT NULL DEFAULT 1,
  `color` varchar(10) DEFAULT NULL,
  PRIMARY KEY (`zbg_regionid`)
) ENGINE=InnoDB AUTO_INCREMENT=41 DEFAULT CHARSET=utf8mb3 COLLATE=utf8mb3_general_ci;

--
-- Dumping data for table `vtiger_zbg_region`
--

INSERT INTO `vtiger_zbg_region` VALUES
(1,'RANCHI',NULL,1,NULL),
(2,'DELHI',NULL,1,NULL),
(3,'BILASPUR',NULL,1,NULL),
(4,'HYDERABAD',NULL,1,NULL),
(5,'SINGRAULI',NULL,1,NULL),
(6,'NAGPUR',NULL,1,NULL),
(7,'MUMBAI',NULL,1,NULL),
(8,'NEYVELI',NULL,1,NULL),
(9,'SAMBALPUR',NULL,1,NULL),
(10,'BANGALORE RO',NULL,1,NULL),
(11,'DHANBAD',NULL,1,NULL),
(12,'BANGALORE',NULL,1,NULL),
(13,'KOLKATA',NULL,1,NULL),
(14,'',NULL,1,NULL),
(15,'CHENNAI',NULL,1,NULL),
(16,'HOSPET',NULL,1,NULL),
(17,'ASANSOL',NULL,1,NULL),
(18,'UDAIPUR',NULL,1,NULL),
(19,'KOCHI',NULL,1,NULL),
(20,'KOLKATTA',NULL,1,NULL),
(21,'BANGALORE REGION',NULL,1,NULL),
(22,'PALAKKAD',NULL,1,NULL),
(23,'MYSORE COMPLEX',NULL,1,NULL),
(24,'B.COMPLEX',NULL,1,NULL),
(25,'RAIL COACH',NULL,1,NULL),
(26,'AHMEDABAD',NULL,1,NULL),
(27,'CHANDRAPUR',NULL,1,NULL),
(28,'BHILAI',NULL,1,NULL),
(29,'MYSORE',NULL,1,NULL),
(30,'AHMEDABAD, MUMBAI',NULL,1,NULL),
(31,'DEF-DELHI',NULL,1,NULL),
(32,'NEW DELHI',NULL,1,NULL),
(33,'UB-BANGALORE',NULL,1,NULL),
(34,'DEFENCE',NULL,1,NULL),
(35,'DELHI-110001',NULL,1,NULL),
(36,'KOREA',NULL,1,NULL),
(37,'GUWAHATI',NULL,1,NULL),
(38,'TRICHY',NULL,1,NULL),
(39,'BANGALORE-HQ',NULL,1,NULL),
(40,'BANGALORE-RO',NULL,1,NULL);


