(56,'36x641406',0,'false','{\"fromEmail\":\"cchs_crm@outlook.com\",\"fromName\":\"SUPPORT\",\"replyTo\":\"cchs_crm@outlook.com\",\"toEmail\":\",shiny@mailinator.com\",\"ccEmail\":\"\",\"bccEmail\":\"\",\"subject\":\"Thank you for registering with us\",\"content\":\"<html>\\r\\n<head>\\r\\n\\t<title><\\/title>\\r\\n<\\/head>\\r\\n<body>Hi, Shiny,<br \\/>\\r\\nThank you for registering with us. You are account is pending for validation.<br \\/>\\r\\nAfter Successful validation you will be intimated.<br \\/>\\r\\n<br \\/>\\r\\nBEML Ltd.<\\/body>\\r\\n<\\/html>\\r\\n<br><br>\"}'),
(57,'36x641406',0,'false','{\"fromEmail\":\"cchs_crm@outlook.com\",\"fromName\":\"SUPPORT\",\"replyTo\":\"cchs_crm@outlook.com\",\"toEmail\":\",karanb@gmail.com\",\"ccEmail\":\"\",\"bccEmail\":\"\",\"subject\":\"New User Got Sign UP\",\"content\":\"<html>\\r\\n<head>\\r\\n\\t<title><\\/title>\\r\\n<\\/head>\\r\\n<body>New User Got Sign Up.<br \\/>\\r\\nPlease Review.<br \\/>\\r\\nCRM Detail View Link -&nbsp;<a href=\\\"https:\\/\\/api.bizinfratech.in\\/bizinfraeyequality\\/\\/index.php?module=ServiceEngineer&view=Detail&record=641406\\\">CRM Detail View URL<\\/a>&nbsp;<br \\/>\\r\\n<br \\/>\\r\\nRegards,<br \\/>\\r\\nBEML<\\/body>\\r\\n<\\/html>\\r\\n<br><br>\"}'),
(96,'36x641406',0,'false','{\"fromEmail\":\"cchs_crm@outlook.com\",\"fromName\":\"SUPPORT\",\"replyTo\":\"cchs_crm@outlook.com\",\"toEmail\":\",shiny@mailinator.com\",\"ccEmail\":\"\",\"bccEmail\":\"\",\"subject\":\"Your Credentials is Created \",\"content\":\"<html>\\r\\n<head>\\r\\n\\t<title><\\/title>\\r\\n<\\/head>\\r\\n<body>\\r\\n<p>Hi Shiny,<br \\/>\\r\\nYour account has been successfully validated.<br \\/>\\r\\nYou can now login with username: &quot;shiny@mailinator.com&quot; and Password: &quot;bizsuper641372&quot;.<\\/p>\\r\\n\\r\\n<p>Thanks &amp; Regards,<\\/p>\\r\\n\\r\\n<p>BizInfra<\\/p>\\r\\n<\\/body>\\r\\n<\\/html>\\r\\n<br><br>\"}'),
(56,'36x641413',0,'false','{\"fromEmail\":\"cchs_crm@outlook.com\",\"fromName\":\"SUPPORT\",\"replyTo\":\"cchs_crm@outlook.com\",\"toEmail\":\",shiny@mailinator.com\",\"ccEmail\":\"\",\"bccEmail\":\"\",\"subject\":\"Thank you for registering with us\",\"content\":\"<html>\\r\\n<head>\\r\\n\\t<title><\\/title>\\r\\n<\\/head>\\r\\n<body>Hi, Shiny,<br \\/>\\r\\nThank you for registering with us. You are account is pending for validation.<br \\/>\\r\\nAfter Successful validation you will be intimated.<br \\/>\\r\\n<br \\/>\\r\\nBEML Ltd.<\\/body>\\r\\n<\\/html>\\r\\n<br><br>\"}'),
(57,'36x641413',0,'false','{\"fromEmail\":\"cchs_crm@outlook.com\",\"fromName\":\"SUPPORT\",\"replyTo\":\"cchs_crm@outlook.com\",\"toEmail\":\",karanb@gmail.com\",\"ccEmail\":\"\",\"bccEmail\":\"\",\"subject\":\"New User Got Sign UP\",\"content\":\"<html>\\r\\n<head>\\r\\n\\t<title><\\/title>\\r\\n<\\/head>\\r\\n<body>New User Got Sign Up.<br \\/>\\r\\nPlease Review.<br \\/>\\r\\nCRM Detail View Link -&nbsp;<a href=\\\"https:\\/\\/api.bizinfratech.in\\/bizinfraeyequality\\/\\/index.php?module=ServiceEngineer&view=Detail&record=641413\\\">CRM Detail View URL<\\/a>&nbsp;<br \\/>\\r\\n<br \\/>\\r\\nRegards,<br \\/>\\r\\nBEML<\\/body>\\r\\n<\\/html>\\r\\n<br><br>\"}'),
(96,'36x641413',0,'false','{\"fromEmail\":\"cchs_crm@outlook.com\",\"fromName\":\"SUPPORT\",\"replyTo\":\"cchs_crm@outlook.com\",\"toEmail\":\",shiny@mailinator.com\",\"ccEmail\":\"\",\"bccEmail\":\"\",\"subject\":\"Your Credentials is Created \",\"content\":\"<html>\\r\\n<head>\\r\\n\\t<title><\\/title>\\r\\n<\\/head>\\r\\n<body>\\r\\n<p>Hi Shiny,<br \\/>\\r\\nYour account has been successfully validated.<br \\/>\\r\\nYou can now login with username: &quot;shiny@mailinator.com&quot; and Password: &quot;bizsuper641372&quot;.<\\/p>\\r\\n\\r\\n<p>Thanks &amp; Regards,<\\/p>\\r\\n\\r\\n<p>BizInfra<\\/p>\\r\\n<\\/body>\\r\\n<\\/html>\\r\\n<br><br>\"}'),
(56,'36x641417',0,'false','{\"fromEmail\":\"cchs_crm@outlook.com\",\"fromName\":\"SUPPORT\",\"replyTo\":\"cchs_crm@outlook.com\",\"toEmail\":\",shiny@mailinator.com\",\"ccEmail\":\"\",\"bccEmail\":\"\",\"subject\":\"Thank you for registering with us\",\"content\":\"<html>\\r\\n<head>\\r\\n\\t<title><\\/title>\\r\\n<\\/head>\\r\\n<body>Hi, Shiny,<br \\/>\\r\\nThank you for registering with us. You are account is pending for validation.<br \\/>\\r\\nAfter Successful validation you will be intimated.<br \\/>\\r\\n<br \\/>\\r\\nBEML Ltd.<\\/body>\\r\\n<\\/html>\\r\\n<br><br>\"}'),
(57,'36x641417',0,'false','{\"fromEmail\":\"cchs_crm@outlook.com\",\"fromName\":\"SUPPORT\",\"replyTo\":\"cchs_crm@outlook.com\",\"toEmail\":\",karanb@gmail.com\",\"ccEmail\":\"\",\"bccEmail\":\"\",\"subject\":\"New User Got Sign UP\",\"content\":\"<html>\\r\\n<head>\\r\\n\\t<title><\\/title>\\r\\n<\\/head>\\r\\n<body>New User Got Sign Up.<br \\/>\\r\\nPlease Review.<br \\/>\\r\\nCRM Detail View Link -&nbsp;<a href=\\\"https:\\/\\/api.bizinfratech.in\\/bizinfraeyequality\\/\\/index.php?module=ServiceEngineer&view=Detail&record=641417\\\">CRM Detail View URL<\\/a>&nbsp;<br \\/>\\r\\n<br \\/>\\r\\nRegards,<br \\/>\\r\\nBEML<\\/body>\\r\\n<\\/html>\\r\\n<br><br>\"}'),
(96,'36x641417',0,'false','{\"fromEmail\":\"cchs_crm@outlook.com\",\"fromName\":\"SUPPORT\",\"replyTo\":\"cchs_crm@outlook.com\",\"toEmail\":\",shiny@mailinator.com\",\"ccEmail\":\"\",\"bccEmail\":\"\",\"subject\":\"Your Credentials is Created \",\"content\":\"<html>\\r\\n<head>\\r\\n\\t<title><\\/title>\\r\\n<\\/head>\\r\\n<body>\\r\\n<p>Hi Shiny,<br \\/>\\r\\nYour account has been successfully validated.<br \\/>\\r\\nYou can now login with username: &quot;shiny@mailinator.com&quot; and Password: &quot;bizsuper641372&quot;.<\\/p>\\r\\n\\r\\n<p>Thanks &amp; Regards,<\\/p>\\r\\n\\r\\n<p>BizInfra<\\/p>\\r\\n<\\/body>\\r\\n<\\/html>\\r\\n<br><br>\"}'),
(56,'36x641421',0,'false','{\"fromEmail\":\"cchs_crm@outlook.com\",\"fromName\":\"SUPPORT\",\"replyTo\":\"cchs_crm@outlook.com\",\"toEmail\":\",shiny@mailinator.com\",\"ccEmail\":\"\",\"bccEmail\":\"\",\"subject\":\"Thank you for registering with us\",\"content\":\"<html>\\r\\n<head>\\r\\n\\t<title><\\/title>\\r\\n<\\/head>\\r\\n<body>Hi, Shiny,<br \\/>\\r\\nThank you for registering with us. You are account is pending for validation.<br \\/>\\r\\nAfter Successful validation you will be intimated.<br \\/>\\r\\n<br \\/>\\r\\nBEML Ltd.<\\/body>\\r\\n<\\/html>\\r\\n<br><br>\"}'),
(57,'36x641421',0,'false','{\"fromEmail\":\"cchs_crm@outlook.com\",\"fromName\":\"SUPPORT\",\"replyTo\":\"cchs_crm@outlook.com\",\"toEmail\":\",karanb@gmail.com\",\"ccEmail\":\"\",\"bccEmail\":\"\",\"subject\":\"New User Got Sign UP\",\"content\":\"<html>\\r\\n<head>\\r\\n\\t<title><\\/title>\\r\\n<\\/head>\\r\\n<body>New User Got Sign Up.<br \\/>\\r\\nPlease Review.<br \\/>\\r\\nCRM Detail View Link -&nbsp;<a href=\\\"https:\\/\\/api.bizinfratech.in\\/bizinfraeyequality\\/\\/index.php?module=ServiceEngineer&view=Detail&record=641421\\\">CRM Detail View URL<\\/a>&nbsp;<br \\/>\\r\\n<br \\/>\\r\\nRegards,<br \\/>\\r\\nBEML<\\/body>\\r\\n<\\/html>\\r\\n<br><br>\"}'),
(96,'36x641421',0,'false','{\"fromEmail\":\"cchs_crm@outlook.com\",\"fromName\":\"SUPPORT\",\"replyTo\":\"cchs_crm@outlook.com\",\"toEmail\":\",shiny@mailinator.com\",\"ccEmail\":\"\",\"bccEmail\":\"\",\"subject\":\"Your Credentials is Created \",\"content\":\"<html>\\r\\n<head>\\r\\n\\t<title><\\/title>\\r\\n<\\/head>\\r\\n<body>\\r\\n<p>Hi Shiny,<br \\/>\\r\\nYour account has been successfully validated.<br \\/>\\r\\nYou can now login with username: &quot;shiny@mailinator.com&quot; and Password: &quot;bizsuper641372&quot;.<\\/p>\\r\\n\\r\\n<p>Thanks &amp; Regards,<\\/p>\\r\\n\\r\\n<p>BizInfra<\\/p>\\r\\n<\\/body>\\r\\n<\\/html>\\r\\n<br><br>\"}'),
(56,'36x641425',0,'false','{\"fromEmail\":\"cchs_crm@outlook.com\",\"fromName\":\"SUPPORT\",\"replyTo\":\"cchs_crm@outlook.com\",\"toEmail\":\",shiny@mailinator.com\",\"ccEmail\":\"\",\"bccEmail\":\"\",\"subject\":\"Thank you for registering with us\",\"content\":\"<html>\\r\\n<head>\\r\\n\\t<title><\\/title>\\r\\n<\\/head>\\r\\n<body>Hi, Shiny,<br \\/>\\r\\nThank you for registering with us. You are account is pending for validation.<br \\/>\\r\\nAfter Successful validation you will be intimated.<br \\/>\\r\\n<br \\/>\\r\\nBEML Ltd.<\\/body>\\r\\n<\\/html>\\r\\n<br><br>\"}'),
(57,'36x641425',0,'false','{\"fromEmail\":\"cchs_crm@outlook.com\",\"fromName\":\"SUPPORT\",\"replyTo\":\"cchs_crm@outlook.com\",\"toEmail\":\",karanb@gmail.com\",\"ccEmail\":\"\",\"bccEmail\":\"\",\"subject\":\"New User Got Sign UP\",\"content\":\"<html>\\r\\n<head>\\r\\n\\t<title><\\/title>\\r\\n<\\/head>\\r\\n<body>New User Got Sign Up.<br \\/>\\r\\nPlease Review.<br \\/>\\r\\nCRM Detail View Link -&nbsp;<a href=\\\"https:\\/\\/api.bizinfratech.in\\/bizinfraeyequality\\/\\/index.php?module=ServiceEngineer&view=Detail&record=641425\\\">CRM Detail View URL<\\/a>&nbsp;<br \\/>\\r\\n<br \\/>\\r\\nRegards,<br \\/>\\r\\nBEML<\\/body>\\r\\n<\\/html>\\r\\n<br><br>\"}'),
(96,'36x641425',0,'false','{\"fromEmail\":\"cchs_crm@outlook.com\",\"fromName\":\"SUPPORT\",\"replyTo\":\"cchs_crm@outlook.com\",\"toEmail\":\",shiny@mailinator.com\",\"ccEmail\":\"\",\"bccEmail\":\"\",\"subject\":\"Your Credentials is Created \",\"content\":\"<html>\\r\\n<head>\\r\\n\\t<title><\\/title>\\r\\n<\\/head>\\r\\n<body>\\r\\n<p>Hi Shiny,<br \\/>\\r\\nYour account has been successfully validated.<br \\/>\\r\\nYou can now login with username: &quot;shiny@mailinator.com&quot; and Password: &quot;bizsuper641372&quot;.<\\/p>\\r\\n\\r\\n<p>Thanks &amp; Regards,<\\/p>\\r\\n\\r\\n<p>BizInfra<\\/p>\\r\\n<\\/body>\\r\\n<\\/html>\\r\\n<br><br>\"}'),
(56,'36x641429',0,'false','{\"fromEmail\":\"cchs_crm@outlook.com\",\"fromName\":\"SUPPORT\",\"replyTo\":\"cchs_crm@outlook.com\",\"toEmail\":\",shiny@mailinator.com\",\"ccEmail\":\"\",\"bccEmail\":\"\",\"subject\":\"Thank you for registering with us\",\"content\":\"<html>\\r\\n<head>\\r\\n\\t<title><\\/title>\\r\\n<\\/head>\\r\\n<body>Hi, Shiny,<br \\/>\\r\\nThank you for registering with us. You are account is pending for validation.<br \\/>\\r\\nAfter Successful validation you will be intimated.<br \\/>\\r\\n<br \\/>\\r\\nBEML Ltd.<\\/body>\\r\\n<\\/html>\\r\\n<br><br>\"}'),
(57,'36x641429',0,'false','{\"fromEmail\":\"cchs_crm@outlook.com\",\"fromName\":\"SUPPORT\",\"replyTo\":\"cchs_crm@outlook.com\",\"toEmail\":\",karanb@gmail.com\",\"ccEmail\":\"\",\"bccEmail\":\"\",\"subject\":\"New User Got Sign UP\",\"content\":\"<html>\\r\\n<head>\\r\\n\\t<title><\\/title>\\r\\n<\\/head>\\r\\n<body>New User Got Sign Up.<br \\/>\\r\\nPlease Review.<br \\/>\\r\\nCRM Detail View Link -&nbsp;<a href=\\\"https:\\/\\/api.bizinfratech.in\\/bizinfraeyequality\\/\\/index.php?module=ServiceEngineer&view=Detail&record=641429\\\">CRM Detail View URL<\\/a>&nbsp;<br \\/>\\r\\n<br \\/>\\r\\nRegards,<br \\/>\\r\\nBEML<\\/body>\\r\\n<\\/html>\\r\\n<br><br>\"}'),
(96,'36x641429',0,'false','{\"fromEmail\":\"cchs_crm@outlook.com\",\"fromName\":\"SUPPORT\",\"replyTo\":\"cchs_crm@outlook.com\",\"toEmail\":\",shiny@mailinator.com\",\"ccEmail\":\"\",\"bccEmail\":\"\",\"subject\":\"Your Credentials is Created \",\"content\":\"<html>\\r\\n<head>\\r\\n\\t<title><\\/title>\\r\\n<\\/head>\\r\\n<body>\\r\\n<p>Hi Shiny,<br \\/>\\r\\nYour account has been successfully validated.<br \\/>\\r\\nYou can now login with username: &quot;shiny@mailinator.com&quot; and Password: &quot;bizsuper641372&quot;.<\\/p>\\r\\n\\r\\n<p>Thanks &amp; Regards,<\\/p>\\r\\n\\r\\n<p>BizInfra<\\/p>\\r\\n<\\/body>\\r\\n<\\/html>\\r\\n<br><br>\"}'),
(56,'36x641435',0,'false','{\"fromEmail\":\"cchs_crm@outlook.com\",\"fromName\":\"SUPPORT\",\"replyTo\":\"cchs_crm@outlook.com\",\"toEmail\":\",wright@mailinator.com\",\"ccEmail\":\"\",\"bccEmail\":\"\",\"subject\":\"Thank you for registering with us\",\"content\":\"<html>\\r\\n<head>\\r\\n\\t<title><\\/title>\\r\\n<\\/head>\\r\\n<body>Hi, Wright,<br \\/>\\r\\nThank you for registering with us. You are account is pending for validation.<br \\/>\\r\\nAfter Successful validation you will be intimated.<br \\/>\\r\\n<br \\/>\\r\\nBEML Ltd.<\\/body>\\r\\n<\\/html>\\r\\n<br><br>\"}'),
(57,'36x641435',0,'false','{\"fromEmail\":\"cchs_crm@outlook.com\",\"fromName\":\"SUPPORT\",\"replyTo\":\"cchs_crm@outlook.com\",\"toEmail\":\",karanb@gmail.com\",\"ccEmail\":\"\",\"bccEmail\":\"\",\"subject\":\"New User Got Sign UP\",\"content\":\"<html>\\r\\n<head>\\r\\n\\t<title><\\/title>\\r\\n<\\/head>\\r\\n<body>New User Got Sign Up.<br \\/>\\r\\nPlease Review.<br \\/>\\r\\nCRM Detail View Link -&nbsp;<a href=\\\"https:\\/\\/api.bizinfratech.in\\/bizinfraeyequality\\/\\/index.php?module=ServiceEngineer&view=Detail&record=641435\\\">CRM Detail View URL<\\/a>&nbsp;<br \\/>\\r\\n<br \\/>\\r\\nRegards,<br \\/>\\r\\nBEML<\\/body>\\r\\n<\\/html>\\r\\n<br><br>\"}'),
(96,'36x641435',0,'false','{\"fromEmail\":\"cchs_crm@outlook.com\",\"fromName\":\"SUPPORT\",\"replyTo\":\"cchs_crm@outlook.com\",\"toEmail\":\",wright@mailinator.com\",\"ccEmail\":\"\",\"bccEmail\":\"\",\"subject\":\"Your Credentials is Created \",\"content\":\"<html>\\r\\n<head>\\r\\n\\t<title><\\/title>\\r\\n<\\/head>\\r\\n<body>\\r\\n<p>Hi Wright,<br \\/>\\r\\nYour account has been successfully validated.<br \\/>\\r\\nYou can now login with username: &quot;wright@mailinator.com&quot; and Password: &quot;bizsuper641434&quot;.<\\/p>\\r\\n\\r\\n<p>Thanks &amp; Regards,<\\/p>\\r\\n\\r\\n<p>BizInfra<\\/p>\\r\\n<\\/body>\\r\\n<\\/html>\\r\\n<br><br>\"}'),
(56,'36x641440',0,'false','{\"fromEmail\":\"cchs_crm@outlook.com\",\"fromName\":\"SUPPORT\",\"replyTo\":\"cchs_crm@outlook.com\",\"toEmail\":\",wright@mailinator.com\",\"ccEmail\":\"\",\"bccEmail\":\"\",\"subject\":\"Thank you for registering with us\",\"content\":\"<html>\\r\\n<head>\\r\\n\\t<title><\\/title>\\r\\n<\\/head>\\r\\n<body>Hi, Wright,<br \\/>\\r\\nThank you for registering with us. You are account is pending for validation.<br \\/>\\r\\nAfter Successful validation you will be intimated.<br \\/>\\r\\n<br \\/>\\r\\nBEML Ltd.<\\/body>\\r\\n<\\/html>\\r\\n<br><br>\"}'),
(57,'36x641440',0,'false','{\"fromEmail\":\"cchs_crm@outlook.com\",\"fromName\":\"SUPPORT\",\"replyTo\":\"cchs_crm@outlook.com\",\"toEmail\":\",karanb@gmail.com\",\"ccEmail\":\"\",\"bccEmail\":\"\",\"subject\":\"New User Got Sign UP\",\"content\":\"<html>\\r\\n<head>\\r\\n\\t<title><\\/title>\\r\\n<\\/head>\\r\\n<body>New User Got Sign Up.<br \\/>\\r\\nPlease Review.<br \\/>\\r\\nCRM Detail View Link -&nbsp;<a href=\\\"https:\\/\\/api.bizinfratech.in\\/bizinfraeyequality\\/\\/index.php?module=ServiceEngineer&view=Detail&record=641440\\\">CRM Detail View URL<\\/a>&nbsp;<br \\/>\\r\\n<br \\/>\\r\\nRegards,<br \\/>\\r\\nBEML<\\/body>\\r\\n<\\/html>\\r\\n<br><br>\"}'),
(96,'36x641440',0,'false','{\"fromEmail\":\"cchs_crm@outlook.com\",\"fromName\":\"SUPPORT\",\"replyTo\":\"cchs_crm@outlook.com\",\"toEmail\":\",wright@mailinator.com\",\"ccEmail\":\"\",\"bccEmail\":\"\",\"subject\":\"Your Credentials is Created \",\"content\":\"<html>\\r\\n<head>\\r\\n\\t<title><\\/title>\\r\\n<\\/head>\\r\\n<body>\\r\\n<p>Hi Wright,<br \\/>\\r\\nYour account has been successfully validated.<br \\/>\\r\\nYou can now login with username: &quot;wright@mailinator.com&quot; and Password: &quot;bizsuper641434&quot;.<\\/p>\\r\\n\\r\\n<p>Thanks &amp; Regards,<\\/p>\\r\\n\\r\\n<p>BizInfra<\\/p>\\r\\n<\\/body>\\r\\n<\\/html>\\r\\n<br><br>\"}'),
(57,'36x641447',0,'false','{\"fromEmail\":\"cchs_crm@outlook.com\",\"fromName\":\"SUPPORT\",\"replyTo\":\"cchs_crm@outlook.com\",\"toEmail\":\",jasmine@mailinator.com\",\"ccEmail\":\"\",\"bccEmail\":\"\",\"subject\":\"New User Got Sign UP\",\"content\":\"<html>\\r\\n<head>\\r\\n\\t<title><\\/title>\\r\\n<\\/head>\\r\\n<body>New User Got Sign Up.<br \\/>\\r\\nPlease Review.<br \\/>\\r\\nCRM Detail View Link -&nbsp;<a href=\\\"https:\\/\\/api.bizinfratech.in\\/bizinfraeyequality\\/\\/index.php?module=ServiceEngineer&view=Detail&record=641447\\\">CRM Detail View URL<\\/a>&nbsp;<br \\/>\\r\\n<br \\/>\\r\\nRegards,<br \\/>\\r\\nBEML<\\/body>\\r\\n<\\/html>\\r\\n<br><br>\"}'),
(57,'36x641449',0,'false','{\"fromEmail\":\"cchs_crm@outlook.com\",\"fromName\":\"SUPPORT\",\"replyTo\":\"cchs_crm@outlook.com\",\"toEmail\":\",jasmine@mailinator.com\",\"ccEmail\":\"\",\"bccEmail\":\"\",\"subject\":\"New User Got Sign UP\",\"content\":\"<html>\\r\\n<head>\\r\\n\\t<title><\\/title>\\r\\n<\\/head>\\r\\n<body>New User Got Sign Up.<br \\/>\\r\\nPlease Review.<br \\/>\\r\\nCRM Detail View Link -&nbsp;<a href=\\\"https:\\/\\/api.bizinfratech.in\\/bizinfraeyequality\\/\\/index.php?module=ServiceEngineer&view=Detail&record=641449\\\">CRM Detail View URL<\\/a>&nbsp;<br \\/>\\r\\n<br \\/>\\r\\nRegards,<br \\/>\\r\\nBEML<\\/body>\\r\\n<\\/html>\\r\\n<br><br>\"}'),
(57,'36x641451',0,'false','{\"fromEmail\":\"cchs_crm@outlook.com\",\"fromName\":\"SUPPORT\",\"replyTo\":\"cchs_crm@outlook.com\",\"toEmail\":\",jasmine@mailinator.com\",\"ccEmail\":\"\",\"bccEmail\":\"\",\"subject\":\"New User Got Sign UP\",\"content\":\"<html>\\r\\n<head>\\r\\n\\t<title><\\/title>\\r\\n<\\/head>\\r\\n<body>New User Got Sign Up.<br \\/>\\r\\nPlease Review.<br \\/>\\r\\nCRM Detail View Link -&nbsp;<a href=\\\"https:\\/\\/api.bizinfratech.in\\/bizinfraeyequality\\/\\/index.php?module=ServiceEngineer&view=Detail&record=641451\\\">CRM Detail View URL<\\/a>&nbsp;<br \\/>\\r\\n<br \\/>\\r\\nRegards,<br \\/>\\r\\nBEML<\\/body>\\r\\n<\\/html>\\r\\n<br><br>\"}'),
(56,'36x641456',0,'false','{\"fromEmail\":\"cchs_crm@outlook.com\",\"fromName\":\"SUPPORT\",\"replyTo\":\"cchs_crm@outlook.com\",\"toEmail\":\",wright@mailinator.com\",\"ccEmail\":\"\",\"bccEmail\":\"\",\"subject\":\"Thank you for registering with us\",\"content\":\"<html>\\r\\n<head>\\r\\n\\t<title><\\/title>\\r\\n<\\/head>\\r\\n<body>Hi, Wright,<br \\/>\\r\\nThank you for registering with us. You are account is pending for validation.<br \\/>\\r\\nAfter Successful validation you will be intimated.<br \\/>\\r\\n<br \\/>\\r\\nBEML Ltd.<\\/body>\\r\\n<\\/html>\\r\\n<br><br>\"}'),
(57,'36x641456',0,'false','{\"fromEmail\":\"cchs_crm@outlook.com\",\"fromName\":\"SUPPORT\",\"replyTo\":\"cchs_crm@outlook.com\",\"toEmail\":\",karanb@gmail.com\",\"ccEmail\":\"\",\"bccEmail\":\"\",\"subject\":\"New User Got Sign UP\",\"content\":\"<html>\\r\\n<head>\\r\\n\\t<title><\\/title>\\r\\n<\\/head>\\r\\n<body>New User Got Sign Up.<br \\/>\\r\\nPlease Review.<br \\/>\\r\\nCRM Detail View Link -&nbsp;<a href=\\\"https:\\/\\/api.bizinfratech.in\\/bizinfraeyequality\\/\\/index.php?module=ServiceEngineer&view=Detail&record=641456\\\">CRM Detail View URL<\\/a>&nbsp;<br \\/>\\r\\n<br \\/>\\r\\nRegards,<br \\/>\\r\\nBEML<\\/body>\\r\\n<\\/html>\\r\\n<br><br>\"}'),
(96,'36x641456',0,'false','{\"fromEmail\":\"cchs_crm@outlook.com\",\"fromName\":\"SUPPORT\",\"replyTo\":\"cchs_crm@outlook.com\",\"toEmail\":\",wright@mailinator.com\",\"ccEmail\":\"\",\"bccEmail\":\"\",\"subject\":\"Your Credentials is Created \",\"content\":\"<html>\\r\\n<head>\\r\\n\\t<title><\\/title>\\r\\n<\\/head>\\r\\n<body>\\r\\n<p>Hi Wright,<br \\/>\\r\\nYour account has been successfully validated.<br \\/>\\r\\nYou can now login with username: &quot;wright@mailinator.com&quot; and Password: &quot;bizsuper641434&quot;.<\\/p>\\r\\n\\r\\n<p>Thanks &amp; Regards,<\\/p>\\r\\n\\r\\n<p>BizInfra<\\/p>\\r\\n<\\/body>\\r\\n<\\/html>\\r\\n<br><br>\"}'),
(57,'36x641460',0,'false','{\"fromEmail\":\"cchs_crm@outlook.com\",\"fromName\":\"SUPPORT\",\"replyTo\":\"cchs_crm@outlook.com\",\"toEmail\":\",jasmine@mailinator.com\",\"ccEmail\":\"\",\"bccEmail\":\"\",\"subject\":\"New User Got Sign UP\",\"content\":\"<html>\\r\\n<head>\\r\\n\\t<title><\\/title>\\r\\n<\\/head>\\r\\n<body>New User Got Sign Up.<br \\/>\\r\\nPlease Review.<br \\/>\\r\\nCRM Detail View Link -&nbsp;<a href=\\\"https:\\/\\/api.bizinfratech.in\\/bizinfraeyequality\\/\\/index.php?module=ServiceEngineer&view=Detail&record=641460\\\">CRM Detail View URL<\\/a>&nbsp;<br \\/>\\r\\n<br \\/>\\r\\nRegards,<br \\/>\\r\\nBEML<\\/body>\\r\\n<\\/html>\\r\\n<br><br>\"}'),
(57,'36x641462',0,'false','{\"fromEmail\":\"cchs_crm@outlook.com\",\"fromName\":\"SUPPORT\",\"replyTo\":\"cchs_crm@outlook.com\",\"toEmail\":\",jasmine@mailinator.com\",\"ccEmail\":\"\",\"bccEmail\":\"\",\"subject\":\"New User Got Sign UP\",\"content\":\"<html>\\r\\n<head>\\r\\n\\t<title><\\/title>\\r\\n<\\/head>\\r\\n<body>New User Got Sign Up.<br \\/>\\r\\nPlease Review.<br \\/>\\r\\nCRM Detail View Link -&nbsp;<a href=\\\"https:\\/\\/api.bizinfratech.in\\/bizinfraeyequality\\/\\/index.php?module=ServiceEngineer&view=Detail&record=641462\\\">CRM Detail View URL<\\/a>&nbsp;<br \\/>\\r\\n<br \\/>\\r\\nRegards,<br \\/>\\r\\nBEML<\\/body>\\r\\n<\\/html>\\r\\n<br><br>\"}'),
(56,'36x641464',0,'false','{\"fromEmail\":\"cchs_crm@outlook.com\",\"fromName\":\"SUPPORT\",\"replyTo\":\"cchs_crm@outlook.com\",\"toEmail\":\",wright@mailinator.com\",\"ccEmail\":\"\",\"bccEmail\":\"\",\"subject\":\"Thank you for registering with us\",\"content\":\"<html>\\r\\n<head>\\r\\n\\t<title><\\/title>\\r\\n<\\/head>\\r\\n<body>Hi, Wright,<br \\/>\\r\\nThank you for registering with us. You are account is pending for validation.<br \\/>\\r\\nAfter Successful validation you will be intimated.<br \\/>\\r\\n<br \\/>\\r\\nBEML Ltd.<\\/body>\\r\\n<\\/html>\\r\\n<br><br>\"}'),
(57,'36x641464',0,'false','{\"fromEmail\":\"cchs_crm@outlook.com\",\"fromName\":\"SUPPORT\",\"replyTo\":\"cchs_crm@outlook.com\",\"toEmail\":\",karanb@gmail.com\",\"ccEmail\":\"\",\"bccEmail\":\"\",\"subject\":\"New User Got Sign UP\",\"content\":\"<html>\\r\\n<head>\\r\\n\\t<title><\\/title>\\r\\n<\\/head>\\r\\n<body>New User Got Sign Up.<br \\/>\\r\\nPlease Review.<br \\/>\\r\\nCRM Detail View Link -&nbsp;<a href=\\\"https:\\/\\/api.bizinfratech.in\\/bizinfraeyequality\\/\\/index.php?module=ServiceEngineer&view=Detail&record=641464\\\">CRM Detail View URL<\\/a>&nbsp;<br \\/>\\r\\n<br \\/>\\r\\nRegards,<br \\/>\\r\\nBEML<\\/body>\\r\\n<\\/html>\\r\\n<br><br>\"}'),
(96,'36x641464',0,'false','{\"fromEmail\":\"cchs_crm@outlook.com\",\"fromName\":\"SUPPORT\",\"replyTo\":\"cchs_crm@outlook.com\",\"toEmail\":\",wright@mailinator.com\",\"ccEmail\":\"\",\"bccEmail\":\"\",\"subject\":\"Your Credentials is Created \",\"content\":\"<html>\\r\\n<head>\\r\\n\\t<title><\\/title>\\r\\n<\\/head>\\r\\n<body>\\r\\n<p>Hi Wright,<br \\/>\\r\\nYour account has been successfully validated.<br \\/>\\r\\nYou can now login with username: &quot;wright@mailinator.com&quot; and Password: &quot;bizsuper641434&quot;.<\\/p>\\r\\n\\r\\n<p>Thanks &amp; Regards,<\\/p>\\r\\n\\r\\n<p>BizInfra<\\/p>\\r\\n<\\/body>\\r\\n<\\/html>\\r\\n<br><br>\"}'),
(57,'36x641468',0,'false','{\"fromEmail\":\"cchs_crm@outlook.com\",\"fromName\":\"SUPPORT\",\"replyTo\":\"cchs_crm@outlook.com\",\"toEmail\":\",jasmine@mailinator.com\",\"ccEmail\":\"\",\"bccEmail\":\"\",\"subject\":\"New User Got Sign UP\",\"content\":\"<html>\\r\\n<head>\\r\\n\\t<title><\\/title>\\r\\n<\\/head>\\r\\n<body>New User Got Sign Up.<br \\/>\\r\\nPlease Review.<br \\/>\\r\\nCRM Detail View Link -&nbsp;<a href=\\\"https:\\/\\/api.bizinfratech.in\\/bizinfraeyequality\\/\\/index.php?module=ServiceEngineer&view=Detail&record=641468\\\">CRM Detail View URL<\\/a>&nbsp;<br \\/>\\r\\n<br \\/>\\r\\nRegards,<br \\/>\\r\\nBEML<\\/body>\\r\\n<\\/html>\\r\\n<br><br>\"}'),
(56,'36x641475',0,'false','{\"fromEmail\":\"cchs_crm@outlook.com\",\"fromName\":\"SUPPORT\",\"replyTo\":\"cchs_crm@outlook.com\",\"toEmail\":\",wright@mailinator.com\",\"ccEmail\":\"\",\"bccEmail\":\"\",\"subject\":\"Thank you for registering with us\",\"content\":\"<html>\\r\\n<head>\\r\\n\\t<title><\\/title>\\r\\n<\\/head>\\r\\n<body>Hi, Wright,<br \\/>\\r\\nThank you for registering with us. You are account is pending for validation.<br \\/>\\r\\nAfter Successful validation you will be intimated.<br \\/>\\r\\n<br \\/>\\r\\nBEML Ltd.<\\/body>\\r\\n<\\/html>\\r\\n<br><br>\"}'),
(57,'36x641475',0,'false','{\"fromEmail\":\"cchs_crm@outlook.com\",\"fromName\":\"SUPPORT\",\"replyTo\":\"cchs_crm@outlook.com\",\"toEmail\":\",karanb@gmail.com\",\"ccEmail\":\"\",\"bccEmail\":\"\",\"subject\":\"New User Got Sign UP\",\"content\":\"<html>\\r\\n<head>\\r\\n\\t<title><\\/title>\\r\\n<\\/head>\\r\\n<body>New User Got Sign Up.<br \\/>\\r\\nPlease Review.<br \\/>\\r\\nCRM Detail View Link -&nbsp;<a href=\\\"https:\\/\\/api.bizinfratech.in\\/bizinfraeyequality\\/\\/index.php?module=ServiceEngineer&view=Detail&record=641475\\\">CRM Detail View URL<\\/a>&nbsp;<br \\/>\\r\\n<br \\/>\\r\\nRegards,<br \\/>\\r\\nBEML<\\/body>\\r\\n<\\/html>\\r\\n<br><br>\"}'),
(96,'36x641475',0,'false','{\"fromEmail\":\"cchs_crm@outlook.com\",\"fromName\":\"SUPPORT\",\"replyTo\":\"cchs_crm@outlook.com\",\"toEmail\":\",wright@mailinator.com\",\"ccEmail\":\"\",\"bccEmail\":\"\",\"subject\":\"Your Credentials is Created \",\"content\":\"<html>\\r\\n<head>\\r\\n\\t<title><\\/title>\\r\\n<\\/head>\\r\\n<body>\\r\\n<p>Hi Wright,<br \\/>\\r\\nYour account has been successfully validated.<br \\/>\\r\\nYou can now login with username: &quot;wright@mailinator.com&quot; and Password: &quot;bizsuper641434&quot;.<\\/p>\\r\\n\\r\\n<p>Thanks &amp; Regards,<\\/p>\\r\\n\\r\\n<p>BizInfra<\\/p>\\r\\n<\\/body>\\r\\n<\\/html>\\r\\n<br><br>\"}'),
(56,'36x641480',0,'false','{\"fromEmail\":\"cchs_crm@outlook.com\",\"fromName\":\"SUPPORT\",\"replyTo\":\"cchs_crm@outlook.com\",\"toEmail\":\",wright@mailinator.com\",\"ccEmail\":\"\",\"bccEmail\":\"\",\"subject\":\"Thank you for registering with us\",\"content\":\"<html>\\r\\n<head>\\r\\n\\t<title><\\/title>\\r\\n<\\/head>\\r\\n<body>Hi, Wright,<br \\/>\\r\\nThank you for registering with us. You are account is pending for validation.<br \\/>\\r\\nAfter Successful validation you will be intimated.<br \\/>\\r\\n<br \\/>\\r\\nBEML Ltd.<\\/body>\\r\\n<\\/html>\\r\\n<br><br>\"}'),
(57,'36x641480',0,'false','{\"fromEmail\":\"cchs_crm@outlook.com\",\"fromName\":\"SUPPORT\",\"replyTo\":\"cchs_crm@outlook.com\",\"toEmail\":\",karanb@gmail.com\",\"ccEmail\":\"\",\"bccEmail\":\"\",\"subject\":\"New User Got Sign UP\",\"content\":\"<html>\\r\\n<head>\\r\\n\\t<title><\\/title>\\r\\n<\\/head>\\r\\n<body>New User Got Sign Up.<br \\/>\\r\\nPlease Review.<br \\/>\\r\\nCRM Detail View Link -&nbsp;<a href=\\\"https:\\/\\/api.bizinfratech.in\\/bizinfraeyequality\\/\\/index.php?module=ServiceEngineer&view=Detail&record=641480\\\">CRM Detail View URL<\\/a>&nbsp;<br \\/>\\r\\n<br \\/>\\r\\nRegards,<br \\/>\\r\\nBEML<\\/body>\\r\\n<\\/html>\\r\\n<br><br>\"}'),
(96,'36x641480',0,'false','{\"fromEmail\":\"cchs_crm@outlook.com\",\"fromName\":\"SUPPORT\",\"replyTo\":\"cchs_crm@outlook.com\",\"toEmail\":\",wright@mailinator.com\",\"ccEmail\":\"\",\"bccEmail\":\"\",\"subject\":\"Your Credentials is Created \",\"content\":\"<html>\\r\\n<head>\\r\\n\\t<title><\\/title>\\r\\n<\\/head>\\r\\n<body>\\r\\n<p>Hi Wright,<br \\/>\\r\\nYour account has been successfully validated.<br \\/>\\r\\nYou can now login with username: &quot;wright@mailinator.com&quot; and Password: &quot;bizsuper641434&quot;.<\\/p>\\r\\n\\r\\n<p>Thanks &amp; Regards,<\\/p>\\r\\n\\r\\n<p>BizInfra<\\/p>\\r\\n<\\/body>\\r\\n<\\/html>\\r\\n<br><br>\"}'),
(56,'36x641485',0,'false','{\"fromEmail\":\"cchs_crm@outlook.com\",\"fromName\":\"SUPPORT\",\"replyTo\":\"cchs_crm@outlook.com\",\"toEmail\":\",wright@mailinator.com\",\"ccEmail\":\"\",\"bccEmail\":\"\",\"subject\":\"Thank you for registering with us\",\"content\":\"<html>\\r\\n<head>\\r\\n\\t<title><\\/title>\\r\\n<\\/head>\\r\\n<body>Hi, Wright,<br \\/>\\r\\nThank you for registering with us. You are account is pending for validation.<br \\/>\\r\\nAfter Successful validation you will be intimated.<br \\/>\\r\\n<br \\/>\\r\\nBEML Ltd.<\\/body>\\r\\n<\\/html>\\r\\n<br><br>\"}'),
(57,'36x641485',0,'false','{\"fromEmail\":\"cchs_crm@outlook.com\",\"fromName\":\"SUPPORT\",\"replyTo\":\"cchs_crm@outlook.com\",\"toEmail\":\",karanb@gmail.com\",\"ccEmail\":\"\",\"bccEmail\":\"\",\"subject\":\"New User Got Sign UP\",\"content\":\"<html>\\r\\n<head>\\r\\n\\t<title><\\/title>\\r\\n<\\/head>\\r\\n<body>New User Got Sign Up.<br \\/>\\r\\nPlease Review.<br \\/>\\r\\nCRM Detail View Link -&nbsp;<a href=\\\"https:\\/\\/api.bizinfratech.in\\/bizinfraeyequality\\/\\/index.php?module=ServiceEngineer&view=Detail&record=641485\\\">CRM Detail View URL<\\/a>&nbsp;<br \\/>\\r\\n<br \\/>\\r\\nRegards,<br \\/>\\r\\nBEML<\\/body>\\r\\n<\\/html>\\r\\n<br><br>\"}'),
(96,'36x641485',0,'false','{\"fromEmail\":\"cchs_crm@outlook.com\",\"fromName\":\"SUPPORT\",\"replyTo\":\"cchs_crm@outlook.com\",\"toEmail\":\",wright@mailinator.com\",\"ccEmail\":\"\",\"bccEmail\":\"\",\"subject\":\"Your Credentials is Created \",\"content\":\"<html>\\r\\n<head>\\r\\n\\t<title><\\/title>\\r\\n<\\/head>\\r\\n<body>\\r\\n<p>Hi Wright,<br \\/>\\r\\nYour account has been successfully validated.<br \\/>\\r\\nYou can now login with username: &quot;wright@mailinator.com&quot; and Password: &quot;bizsuper641434&quot;.<\\/p>\\r\\n\\r\\n<p>Thanks &amp; Regards,<\\/p>\\r\\n\\r\\n<p>BizInfra<\\/p>\\r\\n<\\/body>\\r\\n<\\/html>\\r\\n<br><br>\"}'),
(56,'36x641489',0,'false','{\"fromEmail\":\"cchs_crm@outlook.com\",\"fromName\":\"SUPPORT\",\"replyTo\":\"cchs_crm@outlook.com\",\"toEmail\":\",wright@mailinator.com\",\"ccEmail\":\"\",\"bccEmail\":\"\",\"subject\":\"Thank you for registering with us\",\"content\":\"<html>\\r\\n<head>\\r\\n\\t<title><\\/title>\\r\\n<\\/head>\\r\\n<body>Hi, Wright,<br \\/>\\r\\nThank you for registering with us. You are account is pending for validation.<br \\/>\\r\\nAfter Successful validation you will be intimated.<br \\/>\\r\\n<br \\/>\\r\\nBEML Ltd.<\\/body>\\r\\n<\\/html>\\r\\n<br><br>\"}'),
(57,'36x641489',0,'false','{\"fromEmail\":\"cchs_crm@outlook.com\",\"fromName\":\"SUPPORT\",\"replyTo\":\"cchs_crm@outlook.com\",\"toEmail\":\",karanb@gmail.com\",\"ccEmail\":\"\",\"bccEmail\":\"\",\"subject\":\"New User Got Sign UP\",\"content\":\"<html>\\r\\n<head>\\r\\n\\t<title><\\/title>\\r\\n<\\/head>\\r\\n<body>New User Got Sign Up.<br \\/>\\r\\nPlease Review.<br \\/>\\r\\nCRM Detail View Link -&nbsp;<a href=\\\"https:\\/\\/api.bizinfratech.in\\/bizinfraeyequality\\/\\/index.php?module=ServiceEngineer&view=Detail&record=641489\\\">CRM Detail View URL<\\/a>&nbsp;<br \\/>\\r\\n<br \\/>\\r\\nRegards,<br \\/>\\r\\nBEML<\\/body>\\r\\n<\\/html>\\r\\n<br><br>\"}'),
(96,'36x641489',0,'false','{\"fromEmail\":\"cchs_crm@outlook.com\",\"fromName\":\"SUPPORT\",\"replyTo\":\"cchs_crm@outlook.com\",\"toEmail\":\",wright@mailinator.com\",\"ccEmail\":\"\",\"bccEmail\":\"\",\"subject\":\"Your Credentials is Created \",\"content\":\"<html>\\r\\n<head>\\r\\n\\t<title><\\/title>\\r\\n<\\/head>\\r\\n<body>\\r\\n<p>Hi Wright,<br \\/>\\r\\nYour account has been successfully validated.<br \\/>\\r\\nYou can now login with username: &quot;wright@mailinator.com&quot; and Password: &quot;bizsuper641434&quot;.<\\/p>\\r\\n\\r\\n<p>Thanks &amp; Regards,<\\/p>\\r\\n\\r\\n<p>BizInfra<\\/p>\\r\\n<\\/body>\\r\\n<\\/html>\\r\\n<br><br>\"}'),
(56,'36x641493',0,'false','{\"fromEmail\":\"cchs_crm@outlook.com\",\"fromName\":\"SUPPORT\",\"replyTo\":\"cchs_crm@outlook.com\",\"toEmail\":\",wright@mailinator.com\",\"ccEmail\":\"\",\"bccEmail\":\"\",\"subject\":\"Thank you for registering with us\",\"content\":\"<html>\\r\\n<head>\\r\\n\\t<title><\\/title>\\r\\n<\\/head>\\r\\n<body>Hi, Wright,<br \\/>\\r\\nThank you for registering with us. You are account is pending for validation.<br \\/>\\r\\nAfter Successful validation you will be intimated.<br \\/>\\r\\n<br \\/>\\r\\nBEML Ltd.<\\/body>\\r\\n<\\/html>\\r\\n<br><br>\"}'),
(57,'36x641493',0,'false','{\"fromEmail\":\"cchs_crm@outlook.com\",\"fromName\":\"SUPPORT\",\"replyTo\":\"cchs_crm@outlook.com\",\"toEmail\":\",karanb@gmail.com\",\"ccEmail\":\"\",\"bccEmail\":\"\",\"subject\":\"New User Got Sign UP\",\"content\":\"<html>\\r\\n<head>\\r\\n\\t<title><\\/title>\\r\\n<\\/head>\\r\\n<body>New User Got Sign Up.<br \\/>\\r\\nPlease Review.<br \\/>\\r\\nCRM Detail View Link -&nbsp;<a href=\\\"https:\\/\\/api.bizinfratech.in\\/bizinfraeyequality\\/\\/index.php?module=ServiceEngineer&view=Detail&record=641493\\\">CRM Detail View URL<\\/a>&nbsp;<br \\/>\\r\\n<br \\/>\\r\\nRegards,<br \\/>\\r\\nBEML<\\/body>\\r\\n<\\/html>\\r\\n<br><br>\"}'),
(96,'36x641493',0,'false','{\"fromEmail\":\"cchs_crm@outlook.com\",\"fromName\":\"SUPPORT\",\"replyTo\":\"cchs_crm@outlook.com\",\"toEmail\":\",wright@mailinator.com\",\"ccEmail\":\"\",\"bccEmail\":\"\",\"subject\":\"Your Credentials is Created \",\"content\":\"<html>\\r\\n<head>\\r\\n\\t<title><\\/title>\\r\\n<\\/head>\\r\\n<body>\\r\\n<p>Hi Wright,<br \\/>\\r\\nYour account has been successfully validated.<br \\/>\\r\\nYou can now login with username: &quot;wright@mailinator.com&quot; and Password: &quot;bizsuper641434&quot;.<\\/p>\\r\\n\\r\\n<p>Thanks &amp; Regards,<\\/p>\\r\\n\\r\\n<p>BizInfra<\\/p>\\r\\n<\\/body>\\r\\n<\\/html>\\r\\n<br><br>\"}'),
(56,'36x641508',0,'false','{\"fromEmail\":\"cchs_crm@outlook.com\",\"fromName\":\"SUPPORT\",\"replyTo\":\"cchs_crm@outlook.com\",\"toEmail\":\",wright@mailinator.com\",\"ccEmail\":\"\",\"bccEmail\":\"\",\"subject\":\"Thank you for registering with us\",\"content\":\"<html>\\r\\n<head>\\r\\n\\t<title><\\/title>\\r\\n<\\/head>\\r\\n<body>Hi, Wright,<br \\/>\\r\\nThank you for registering with us. You are account is pending for validation.<br \\/>\\r\\nAfter Successful validation you will be intimated.<br \\/>\\r\\n<br \\/>\\r\\nBEML Ltd.<\\/body>\\r\\n<\\/html>\\r\\n<br><br>\"}'),
(57,'36x641508',0,'false','{\"fromEmail\":\"cchs_crm@outlook.com\",\"fromName\":\"SUPPORT\",\"replyTo\":\"cchs_crm@outlook.com\",\"toEmail\":\",karanb@gmail.com\",\"ccEmail\":\"\",\"bccEmail\":\"\",\"subject\":\"New User Got Sign UP\",\"content\":\"<html>\\r\\n<head>\\r\\n\\t<title><\\/title>\\r\\n<\\/head>\\r\\n<body>New User Got Sign Up.<br \\/>\\r\\nPlease Review.<br \\/>\\r\\nCRM Detail View Link -&nbsp;<a href=\\\"https:\\/\\/api.bizinfratech.in\\/bizinfraeyequality\\/\\/index.php?module=ServiceEngineer&view=Detail&record=641508\\\">CRM Detail View URL<\\/a>&nbsp;<br \\/>\\r\\n<br \\/>\\r\\nRegards,<br \\/>\\r\\nBEML<\\/body>\\r\\n<\\/html>\\r\\n<br><br>\"}'),
(96,'36x641508',0,'false','{\"fromEmail\":\"cchs_crm@outlook.com\",\"fromName\":\"SUPPORT\",\"replyTo\":\"cchs_crm@outlook.com\",\"toEmail\":\",wright@mailinator.com\",\"ccEmail\":\"\",\"bccEmail\":\"\",\"subject\":\"Your Credentials is Created \",\"content\":\"<html>\\r\\n<head>\\r\\n\\t<title><\\/title>\\r\\n<\\/head>\\r\\n<body>\\r\\n<p>Hi Wright,<br \\/>\\r\\nYour account has been successfully validated.<br \\/>\\r\\nYou can now login with username: &quot;wright@mailinator.com&quot; and Password: &quot;bizsuper641434&quot;.<\\/p>\\r\\n\\r\\n<p>Thanks &amp; Regards,<\\/p>\\r\\n\\r\\n<p>BizInfra<\\/p>\\r\\n<\\/body>\\r\\n<\\/html>\\r\\n<br><br>\"}'),
(56,'36x641519',0,'false','{\"fromEmail\":\"cchs_crm@outlook.com\",\"fromName\":\"SUPPORT\",\"replyTo\":\"cchs_crm@outlook.com\",\"toEmail\":\",wright@mailinator.com\",\"ccEmail\":\"\",\"bccEmail\":\"\",\"subject\":\"Thank you for registering with us\",\"content\":\"<html>\\r\\n<head>\\r\\n\\t<title><\\/title>\\r\\n<\\/head>\\r\\n<body>Hi, Wright,<br \\/>\\r\\nThank you for registering with us. You are account is pending for validation.<br \\/>\\r\\nAfter Successful validation you will be intimated.<br \\/>\\r\\n<br \\/>\\r\\nBEML Ltd.<\\/body>\\r\\n<\\/html>\\r\\n<br><br>\"}'),
(57,'36x641519',0,'false','{\"fromEmail\":\"cchs_crm@outlook.com\",\"fromName\":\"SUPPORT\",\"replyTo\":\"cchs_crm@outlook.com\",\"toEmail\":\",karanb@gmail.com\",\"ccEmail\":\"\",\"bccEmail\":\"\",\"subject\":\"New User Got Sign UP\",\"content\":\"<html>\\r\\n<head>\\r\\n\\t<title><\\/title>\\r\\n<\\/head>\\r\\n<body>New User Got Sign Up.<br \\/>\\r\\nPlease Review.<br \\/>\\r\\nCRM Detail View Link -&nbsp;<a href=\\\"https:\\/\\/api.bizinfratech.in\\/bizinfraeyequality\\/\\/index.php?module=ServiceEngineer&view=Detail&record=641519\\\">CRM Detail View URL<\\/a>&nbsp;<br \\/>\\r\\n<br \\/>\\r\\nRegards,<br \\/>\\r\\nBEML<\\/body>\\r\\n<\\/html>\\r\\n<br><br>\"}'),
(96,'36x641519',0,'false','{\"fromEmail\":\"cchs_crm@outlook.com\",\"fromName\":\"SUPPORT\",\"replyTo\":\"cchs_crm@outlook.com\",\"toEmail\":\",wright@mailinator.com\",\"ccEmail\":\"\",\"bccEmail\":\"\",\"subject\":\"Your Credentials is Created \",\"content\":\"<html>\\r\\n<head>\\r\\n\\t<title><\\/title>\\r\\n<\\/head>\\r\\n<body>\\r\\n<p>Hi Wright,<br \\/>\\r\\nYour account has been successfully validated.<br \\/>\\r\\nYou can now login with username: &quot;wright@mailinator.com&quot; and Password: &quot;bizsuper641434&quot;.<\\/p>\\r\\n\\r\\n<p>Thanks &amp; Regards,<\\/p>\\r\\n\\r\\n<p>BizInfra<\\/p>\\r\\n<\\/body>\\r\\n<\\/html>\\r\\n<br><br>\"}'),
(56,'36x641529',0,'false','{\"fromEmail\":\"cchs_crm@outlook.com\",\"fromName\":\"SUPPORT\",\"replyTo\":\"cchs_crm@outlook.com\",\"toEmail\":\",wright@mailinator.com\",\"ccEmail\":\"\",\"bccEmail\":\"\",\"subject\":\"Thank you for registering with us\",\"content\":\"<html>\\r\\n<head>\\r\\n\\t<title><\\/title>\\r\\n<\\/head>\\r\\n<body>Hi, Wright,<br \\/>\\r\\nThank you for registering with us. You are account is pending for validation.<br \\/>\\r\\nAfter Successful validation you will be intimated.<br \\/>\\r\\n<br \\/>\\r\\nBEML Ltd.<\\/body>\\r\\n<\\/html>\\r\\n<br><br>\"}'),
(57,'36x641529',0,'false','{\"fromEmail\":\"cchs_crm@outlook.com\",\"fromName\":\"SUPPORT\",\"replyTo\":\"cchs_crm@outlook.com\",\"toEmail\":\",karanb@gmail.com\",\"ccEmail\":\"\",\"bccEmail\":\"\",\"subject\":\"New User Got Sign UP\",\"content\":\"<html>\\r\\n<head>\\r\\n\\t<title><\\/title>\\r\\n<\\/head>\\r\\n<body>New User Got Sign Up.<br \\/>\\r\\nPlease Review.<br \\/>\\r\\nCRM Detail View Link -&nbsp;<a href=\\\"https:\\/\\/api.bizinfratech.in\\/bizinfraeyequality\\/\\/index.php?module=ServiceEngineer&view=Detail&record=641529\\\">CRM Detail View URL<\\/a>&nbsp;<br \\/>\\r\\n<br \\/>\\r\\nRegards,<br \\/>\\r\\nBEML<\\/body>\\r\\n<\\/html>\\r\\n<br><br>\"}'),
(96,'36x641529',0,'false','{\"fromEmail\":\"cchs_crm@outlook.com\",\"fromName\":\"SUPPORT\",\"replyTo\":\"cchs_crm@outlook.com\",\"toEmail\":\",wright@mailinator.com\",\"ccEmail\":\"\",\"bccEmail\":\"\",\"subject\":\"Your Credentials is Created \",\"content\":\"<html>\\r\\n<head>\\r\\n\\t<title><\\/title>\\r\\n<\\/head>\\r\\n<body>\\r\\n<p>Hi Wright,<br \\/>\\r\\nYour account has been successfully validated.<br \\/>\\r\\nYou can now login with username: &quot;wright@mailinator.com&quot; and Password: &quot;bizsuper641434&quot;.<\\/p>\\r\\n\\r\\n<p>Thanks &amp; Regards,<\\/p>\\r\\n\\r\\n<p>BizInfra<\\/p>\\r\\n<\\/body>\\r\\n<\\/html>\\r\\n<br><br>\"}'),
(56,'36x641540',0,'false','{\"fromEmail\":\"cchs_crm@outlook.com\",\"fromName\":\"SUPPORT\",\"replyTo\":\"cchs_crm@outlook.com\",\"toEmail\":\",wright@mailinator.com\",\"ccEmail\":\"\",\"bccEmail\":\"\",\"subject\":\"Thank you for registering with us\",\"content\":\"<html>\\r\\n<head>\\r\\n\\t<title><\\/title>\\r\\n<\\/head>\\r\\n<body>Hi, Wright,<br \\/>\\r\\nThank you for registering with us. You are account is pending for validation.<br \\/>\\r\\nAfter Successful validation you will be intimated.<br \\/>\\r\\n<br \\/>\\r\\nBEML Ltd.<\\/body>\\r\\n<\\/html>\\r\\n<br><br>\"}'),
(57,'36x641540',0,'false','{\"fromEmail\":\"cchs_crm@outlook.com\",\"fromName\":\"SUPPORT\",\"replyTo\":\"cchs_crm@outlook.com\",\"toEmail\":\",karanb@gmail.com\",\"ccEmail\":\"\",\"bccEmail\":\"\",\"subject\":\"New User Got Sign UP\",\"content\":\"<html>\\r\\n<head>\\r\\n\\t<title><\\/title>\\r\\n<\\/head>\\r\\n<body>New User Got Sign Up.<br \\/>\\r\\nPlease Review.<br \\/>\\r\\nCRM Detail View Link -&nbsp;<a href=\\\"https:\\/\\/api.bizinfratech.in\\/bizinfraeyequality\\/\\/index.php?module=ServiceEngineer&view=Detail&record=641540\\\">CRM Detail View URL<\\/a>&nbsp;<br \\/>\\r\\n<br \\/>\\r\\nRegards,<br \\/>\\r\\nBEML<\\/body>\\r\\n<\\/html>\\r\\n<br><br>\"}'),
(96,'36x641540',0,'false','{\"fromEmail\":\"cchs_crm@outlook.com\",\"fromName\":\"SUPPORT\",\"replyTo\":\"cchs_crm@outlook.com\",\"toEmail\":\",wright@mailinator.com\",\"ccEmail\":\"\",\"bccEmail\":\"\",\"subject\":\"Your Credentials is Created \",\"content\":\"<html>\\r\\n<head>\\r\\n\\t<title><\\/title>\\r\\n<\\/head>\\r\\n<body>\\r\\n<p>Hi Wright,<br \\/>\\r\\nYour account has been successfully validated.<br \\/>\\r\\nYou can now login with username: &quot;wright@mailinator.com&quot; and Password: &quot;bizsuper641434&quot;.<\\/p>\\r\\n\\r\\n<p>Thanks &amp; Regards,<\\/p>\\r\\n\\r\\n<p>BizInfra<\\/p>\\r\\n<\\/body>\\r\\n<\\/html>\\r\\n<br><br>\"}'),
(56,'36x641544',0,'false','{\"fromEmail\":\"cchs_crm@outlook.com\",\"fromName\":\"SUPPORT\",\"replyTo\":\"cchs_crm@outlook.com\",\"toEmail\":\",wright@mailinator.com\",\"ccEmail\":\"\",\"bccEmail\":\"\",\"subject\":\"Thank you for registering with us\",\"content\":\"<html>\\r\\n<head>\\r\\n\\t<title><\\/title>\\r\\n<\\/head>\\r\\n<body>Hi, Wright,<br \\/>\\r\\nThank you for registering with us. You are account is pending for validation.<br \\/>\\r\\nAfter Successful validation you will be intimated.<br \\/>\\r\\n<br \\/>\\r\\nBEML Ltd.<\\/body>\\r\\n<\\/html>\\r\\n<br><br>\"}'),
(57,'36x641544',0,'false','{\"fromEmail\":\"cchs_crm@outlook.com\",\"fromName\":\"SUPPORT\",\"replyTo\":\"cchs_crm@outlook.com\",\"toEmail\":\",karanb@gmail.com\",\"ccEmail\":\"\",\"bccEmail\":\"\",\"subject\":\"New User Got Sign UP\",\"content\":\"<html>\\r\\n<head>\\r\\n\\t<title><\\/title>\\r\\n<\\/head>\\r\\n<body>New User Got Sign Up.<br \\/>\\r\\nPlease Review.<br \\/>\\r\\nCRM Detail View Link -&nbsp;<a href=\\\"https:\\/\\/api.bizinfratech.in\\/bizinfraeyequality\\/\\/index.php?module=ServiceEngineer&view=Detail&record=641544\\\">CRM Detail View URL<\\/a>&nbsp;<br \\/>\\r\\n<br \\/>\\r\\nRegards,<br \\/>\\r\\nBEML<\\/body>\\r\\n<\\/html>\\r\\n<br><br>\"}'),
(96,'36x641544',0,'false','{\"fromEmail\":\"cchs_crm@outlook.com\",\"fromName\":\"SUPPORT\",\"replyTo\":\"cchs_crm@outlook.com\",\"toEmail\":\",wright@mailinator.com\",\"ccEmail\":\"\",\"bccEmail\":\"\",\"subject\":\"Your Credentials is Created \",\"content\":\"<html>\\r\\n<head>\\r\\n\\t<title><\\/title>\\r\\n<\\/head>\\r\\n<body>\\r\\n<p>Hi Wright,<br \\/>\\r\\nYour account has been successfully validated.<br \\/>\\r\\nYou can now login with username: &quot;wright@mailinator.com&quot; and Password: &quot;bizsuper641434&quot;.<\\/p>\\r\\n\\r\\n<p>Thanks &amp; Regards,<\\/p>\\r\\n\\r\\n<p>BizInfra<\\/p>\\r\\n<\\/body>\\r\\n<\\/html>\\r\\n<br><br>\"}'),
(56,'36x641551',0,'false','{\"fromEmail\":\"cchs_crm@outlook.com\",\"fromName\":\"SUPPORT\",\"replyTo\":\"cchs_crm@outlook.com\",\"toEmail\":\",wright@mailinator.com\",\"ccEmail\":\"\",\"bccEmail\":\"\",\"subject\":\"Thank you for registering with us\",\"content\":\"<html>\\r\\n<head>\\r\\n\\t<title><\\/title>\\r\\n<\\/head>\\r\\n<body>Hi, Wright,<br \\/>\\r\\nThank you for registering with us. You are account is pending for validation.<br \\/>\\r\\nAfter Successful validation you will be intimated.<br \\/>\\r\\n<br \\/>\\r\\nBEML Ltd.<\\/body>\\r\\n<\\/html>\\r\\n<br><br>\"}'),
(57,'36x641551',0,'false','{\"fromEmail\":\"cchs_crm@outlook.com\",\"fromName\":\"SUPPORT\",\"replyTo\":\"cchs_crm@outlook.com\",\"toEmail\":\",karanb@gmail.com\",\"ccEmail\":\"\",\"bccEmail\":\"\",\"subject\":\"New User Got Sign UP\",\"content\":\"<html>\\r\\n<head>\\r\\n\\t<title><\\/title>\\r\\n<\\/head>\\r\\n<body>New User Got Sign Up.<br \\/>\\r\\nPlease Review.<br \\/>\\r\\nCRM Detail View Link -&nbsp;<a href=\\\"https:\\/\\/api.bizinfratech.in\\/bizinfraeyequality\\/\\/index.php?module=ServiceEngineer&view=Detail&record=641551\\\">CRM Detail View URL<\\/a>&nbsp;<br \\/>\\r\\n<br \\/>\\r\\nRegards,<br \\/>\\r\\nBEML<\\/body>\\r\\n<\\/html>\\r\\n<br><br>\"}'),
(96,'36x641551',0,'false','{\"fromEmail\":\"cchs_crm@outlook.com\",\"fromName\":\"SUPPORT\",\"replyTo\":\"cchs_crm@outlook.com\",\"toEmail\":\",wright@mailinator.com\",\"ccEmail\":\"\",\"bccEmail\":\"\",\"subject\":\"Your Credentials is Created \",\"content\":\"<html>\\r\\n<head>\\r\\n\\t<title><\\/title>\\r\\n<\\/head>\\r\\n<body>\\r\\n<p>Hi Wright,<br \\/>\\r\\nYour account has been successfully validated.<br \\/>\\r\\nYou can now login with username: &quot;wright@mailinator.com&quot; and Password: &quot;bizsuper641434&quot;.<\\/p>\\r\\n\\r\\n<p>Thanks &amp; Regards,<\\/p>\\r\\n\\r\\n<p>BizInfra<\\/p>\\r\\n<\\/body>\\r\\n<\\/html>\\r\\n<br><br>\"}'),
(56,'36x641555',0,'false','{\"fromEmail\":\"cchs_crm@outlook.com\",\"fromName\":\"SUPPORT\",\"replyTo\":\"cchs_crm@outlook.com\",\"toEmail\":\",wright@mailinator.com\",\"ccEmail\":\"\",\"bccEmail\":\"\",\"subject\":\"Thank you for registering with us\",\"content\":\"<html>\\r\\n<head>\\r\\n\\t<title><\\/title>\\r\\n<\\/head>\\r\\n<body>Hi, Wright,<br \\/>\\r\\nThank you for registering with us. You are account is pending for validation.<br \\/>\\r\\nAfter Successful validation you will be intimated.<br \\/>\\r\\n<br \\/>\\r\\nBEML Ltd.<\\/body>\\r\\n<\\/html>\\r\\n<br><br>\"}'),
(57,'36x641555',0,'false','{\"fromEmail\":\"cchs_crm@outlook.com\",\"fromName\":\"SUPPORT\",\"replyTo\":\"cchs_crm@outlook.com\",\"toEmail\":\",karanb@gmail.com\",\"ccEmail\":\"\",\"bccEmail\":\"\",\"subject\":\"New User Got Sign UP\",\"content\":\"<html>\\r\\n<head>\\r\\n\\t<title><\\/title>\\r\\n<\\/head>\\r\\n<body>New User Got Sign Up.<br \\/>\\r\\nPlease Review.<br \\/>\\r\\nCRM Detail View Link -&nbsp;<a href=\\\"https:\\/\\/api.bizinfratech.in\\/bizinfraeyequality\\/\\/index.php?module=ServiceEngineer&view=Detail&record=641555\\\">CRM Detail View URL<\\/a>&nbsp;<br \\/>\\r\\n<br \\/>\\r\\nRegards,<br \\/>\\r\\nBEML<\\/body>\\r\\n<\\/html>\\r\\n<br><br>\"}'),
(96,'36x641555',0,'false','{\"fromEmail\":\"cchs_crm@outlook.com\",\"fromName\":\"SUPPORT\",\"replyTo\":\"cchs_crm@outlook.com\",\"toEmail\":\",wright@mailinator.com\",\"ccEmail\":\"\",\"bccEmail\":\"\",\"subject\":\"Your Credentials is Created \",\"content\":\"<html>\\r\\n<head>\\r\\n\\t<title><\\/title>\\r\\n<\\/head>\\r\\n<body>\\r\\n<p>Hi Wright,<br \\/>\\r\\nYour account has been successfully validated.<br \\/>\\r\\nYou can now login with username: &quot;wright@mailinator.com&quot; and Password: &quot;bizsuper641434&quot;.<\\/p>\\r\\n\\r\\n<p>Thanks &amp; Regards,<\\/p>\\r\\n\\r\\n<p>BizInfra<\\/p>\\r\\n<\\/body>\\r\\n<\\/html>\\r\\n<br><br>\"}'),
(56,'36x641560',0,'false','{\"fromEmail\":\"cchs_crm@outlook.com\",\"fromName\":\"SUPPORT\",\"replyTo\":\"cchs_crm@outlook.com\",\"toEmail\":\",wright@mailinator.com\",\"ccEmail\":\"\",\"bccEmail\":\"\",\"subject\":\"Thank you for registering with us\",\"content\":\"<html>\\r\\n<head>\\r\\n\\t<title><\\/title>\\r\\n<\\/head>\\r\\n<body>Hi, Wright,<br \\/>\\r\\nThank you for registering with us. You are account is pending for validation.<br \\/>\\r\\nAfter Successful validation you will be intimated.<br \\/>\\r\\n<br \\/>\\r\\nBEML Ltd.<\\/body>\\r\\n<\\/html>\\r\\n<br><br>\"}'),
(57,'36x641560',0,'false','{\"fromEmail\":\"cchs_crm@outlook.com\",\"fromName\":\"SUPPORT\",\"replyTo\":\"cchs_crm@outlook.com\",\"toEmail\":\",karanb@gmail.com\",\"ccEmail\":\"\",\"bccEmail\":\"\",\"subject\":\"New User Got Sign UP\",\"content\":\"<html>\\r\\n<head>\\r\\n\\t<title><\\/title>\\r\\n<\\/head>\\r\\n<body>New User Got Sign Up.<br \\/>\\r\\nPlease Review.<br \\/>\\r\\nCRM Detail View Link -&nbsp;<a href=\\\"https:\\/\\/api.bizinfratech.in\\/bizinfraeyequality\\/\\/index.php?module=ServiceEngineer&view=Detail&record=641560\\\">CRM Detail View URL<\\/a>&nbsp;<br \\/>\\r\\n<br \\/>\\r\\nRegards,<br \\/>\\r\\nBEML<\\/body>\\r\\n<\\/html>\\r\\n<br><br>\"}'),
(96,'36x641560',0,'false','{\"fromEmail\":\"cchs_crm@outlook.com\",\"fromName\":\"SUPPORT\",\"replyTo\":\"cchs_crm@outlook.com\",\"toEmail\":\",wright@mailinator.com\",\"ccEmail\":\"\",\"bccEmail\":\"\",\"subject\":\"Your Credentials is Created \",\"content\":\"<html>\\r\\n<head>\\r\\n\\t<title><\\/title>\\r\\n<\\/head>\\r\\n<body>\\r\\n<p>Hi Wright,<br \\/>\\r\\nYour account has been successfully validated.<br \\/>\\r\\nYou can now login with username: &quot;wright@mailinator.com&quot; and Password: &quot;bizsuper641434&quot;.<\\/p>\\r\\n\\r\\n<p>Thanks &amp; Regards,<\\/p>\\r\\n\\r\\n<p>BizInfra<\\/p>\\r\\n<\\/body>\\r\\n<\\/html>\\r\\n<br><br>\"}'),
(56,'36x641586',0,'false','{\"fromEmail\":\"cchs_crm@outlook.com\",\"fromName\":\"SUPPORT\",\"replyTo\":\"cchs_crm@outlook.com\",\"toEmail\":\",bravo@mailinator.com\",\"ccEmail\":\"\",\"bccEmail\":\"\",\"subject\":\"Thank you for registering with us\",\"content\":\"<html>\\r\\n<head>\\r\\n\\t<title><\\/title>\\r\\n<\\/head>\\r\\n<body>Hi, Bravo,<br \\/>\\r\\nThank you for registering with us. You are account is pending for validation.<br \\/>\\r\\nAfter Successful validation you will be intimated.<br \\/>\\r\\n<br \\/>\\r\\nBEML Ltd.<\\/body>\\r\\n<\\/html>\\r\\n<br><br>\"}'),
(57,'36x641586',0,'false','{\"fromEmail\":\"cchs_crm@outlook.com\",\"fromName\":\"SUPPORT\",\"replyTo\":\"cchs_crm@outlook.com\",\"toEmail\":\",karanb@gmail.com\",\"ccEmail\":\"\",\"bccEmail\":\"\",\"subject\":\"New User Got Sign UP\",\"content\":\"<html>\\r\\n<head>\\r\\n\\t<title><\\/title>\\r\\n<\\/head>\\r\\n<body>New User Got Sign Up.<br \\/>\\r\\nPlease Review.<br \\/>\\r\\nCRM Detail View Link -&nbsp;<a href=\\\"https:\\/\\/api.bizinfratech.in\\/bizinfraeyequality\\/\\/index.php?module=ServiceEngineer&view=Detail&record=641586\\\">CRM Detail View URL<\\/a>&nbsp;<br \\/>\\r\\n<br \\/>\\r\\nRegards,<br \\/>\\r\\nBEML<\\/body>\\r\\n<\\/html>\\r\\n<br><br>\"}'),
(96,'36x641586',0,'false','{\"fromEmail\":\"cchs_crm@outlook.com\",\"fromName\":\"SUPPORT\",\"replyTo\":\"cchs_crm@outlook.com\",\"toEmail\":\",bravo@mailinator.com\",\"ccEmail\":\"\",\"bccEmail\":\"\",\"subject\":\"Your Credentials is Created \",\"content\":\"<html>\\r\\n<head>\\r\\n\\t<title><\\/title>\\r\\n<\\/head>\\r\\n<body>\\r\\n<p>Hi Bravo,<br \\/>\\r\\nYour account has been successfully validated.<br \\/>\\r\\nYou can now login with username: &quot;bravo@mailinator.com&quot; and Password: &quot;bizsuper641585&quot;.<\\/p>\\r\\n\\r\\n<p>Thanks &amp; Regards,<\\/p>\\r\\n\\r\\n<p>BizInfra<\\/p>\\r\\n<\\/body>\\r\\n<\\/html>\\r\\n<br><br>\"}'),
(57,'36x641769',0,'false','{\"fromEmail\":\"cchs_crm@outlook.com\",\"fromName\":\"SUPPORT\",\"replyTo\":\"cchs_crm@outlook.com\",\"toEmail\":\",anagha@mailinator.com\",\"ccEmail\":\"\",\"bccEmail\":\"\",\"subject\":\"New User Got Sign UP\",\"content\":\"<html>\\r\\n<head>\\r\\n\\t<title><\\/title>\\r\\n<\\/head>\\r\\n<body>New User Got Sign Up.<br \\/>\\r\\nPlease Review.<br \\/>\\r\\nCRM Detail View Link -&nbsp;<a href=\\\"https:\\/\\/api.bizinfratech.in\\/bizinfraeyequality\\/\\/index.php?module=ServiceEngineer&view=Detail&record=641769\\\">CRM Detail View URL<\\/a>&nbsp;<br \\/>\\r\\n<br \\/>\\r\\nRegards,<br \\/>\\r\\nBEML<\\/body>\\r\\n<\\/html>\\r\\n<br><br>\"}'),
(57,'36x641779',0,'false','{\"fromEmail\":\"cchs_crm@outlook.com\",\"fromName\":\"SUPPORT\",\"replyTo\":\"cchs_crm@outlook.com\",\"toEmail\":\",anagha@mailinator.com\",\"ccEmail\":\"\",\"bccEmail\":\"\",\"subject\":\"New User Got Sign UP\",\"content\":\"<html>\\r\\n<head>\\r\\n\\t<title><\\/title>\\r\\n<\\/head>\\r\\n<body>New User Got Sign Up.<br \\/>\\r\\nPlease Review.<br \\/>\\r\\nCRM Detail View Link -&nbsp;<a href=\\\"https:\\/\\/api.bizinfratech.in\\/bizinfraeyequality\\/\\/index.php?module=ServiceEngineer&view=Detail&record=641779\\\">CRM Detail View URL<\\/a>&nbsp;<br \\/>\\r\\n<br \\/>\\r\\nRegards,<br \\/>\\r\\nBEML<\\/body>\\r\\n<\\/html>\\r\\n<br><br>\"}'),
(57,'36x641788',0,'false','{\"fromEmail\":\"cchs_crm@outlook.com\",\"fromName\":\"SUPPORT\",\"replyTo\":\"cchs_crm@outlook.com\",\"toEmail\":\",karanb@gmail.com\",\"ccEmail\":\"\",\"bccEmail\":\"\",\"subject\":\"New User Got Sign UP\",\"content\":\"<html>\\r\\n<head>\\r\\n\\t<title><\\/title>\\r\\n<\\/head>\\r\\n<body>New User Got Sign Up.<br \\/>\\r\\nPlease Review.<br \\/>\\r\\nCRM Detail View Link -&nbsp;<a href=\\\"https:\\/\\/api.bizinfratech.in\\/bizinfraeyequality\\/\\/index.php?module=ServiceEngineer&view=Detail&record=641788\\\">CRM Detail View URL<\\/a>&nbsp;<br \\/>\\r\\n<br \\/>\\r\\nRegards,<br \\/>\\r\\nBEML<\\/body>\\r\\n<\\/html>\\r\\n<br><br>\"}'),
(56,'36x642040',0,'false','{\"fromEmail\":\"cchs_crm@outlook.com\",\"fromName\":\"SUPPORT\",\"replyTo\":\"cchs_crm@outlook.com\",\"toEmail\":\",nehasingh160499@gmail.com\",\"ccEmail\":\"\",\"bccEmail\":\"\",\"subject\":\"Thank you for registering with us\",\"content\":\"<html>\\r\\n<head>\\r\\n\\t<title><\\/title>\\r\\n<\\/head>\\r\\n<body>Hi, Neha Singh,<br \\/>\\r\\nThank you for registering with us. You are account is pending for validation.<br \\/>\\r\\nAfter Successful validation you will be intimated.<br \\/>\\r\\n<br \\/>\\r\\nBEML Ltd.<\\/body>\\r\\n<\\/html>\\r\\n<br><br>\"}'),
(57,'36x642040',0,'false','{\"fromEmail\":\"cchs_crm@outlook.com\",\"fromName\":\"SUPPORT\",\"replyTo\":\"cchs_crm@outlook.com\",\"toEmail\":\",karanb@gmail.com\",\"ccEmail\":\"\",\"bccEmail\":\"\",\"subject\":\"New User Got Sign UP\",\"content\":\"<html>\\r\\n<head>\\r\\n\\t<title><\\/title>\\r\\n<\\/head>\\r\\n<body>New User Got Sign Up.<br \\/>\\r\\nPlease Review.<br \\/>\\r\\nCRM Detail View Link -&nbsp;<a href=\\\"https:\\/\\/api.bizinfratech.in\\/bizinfraeyequality\\/\\/index.php?module=ServiceEngineer&view=Detail&record=642040\\\">CRM Detail View URL<\\/a>&nbsp;<br \\/>\\r\\n<br \\/>\\r\\nRegards,<br \\/>\\r\\nBEML<\\/body>\\r\\n<\\/html>\\r\\n<br><br>\"}'),
(96,'36x642040',0,'false','{\"fromEmail\":\"cchs_crm@outlook.com\",\"fromName\":\"SUPPORT\",\"replyTo\":\"cchs_crm@outlook.com\",\"toEmail\":\",nehasingh160499@gmail.com\",\"ccEmail\":\"\",\"bccEmail\":\"\",\"subject\":\"Your Credentials is Created \",\"content\":\"<html>\\r\\n<head>\\r\\n\\t<title><\\/title>\\r\\n<\\/head>\\r\\n<body>\\r\\n<p>Hi Neha Singh,<br \\/>\\r\\nYour account has been successfully validated.<br \\/>\\r\\nYou can now login with username: &quot;nehasingh160499@gmail.com&quot; and Password: &quot;12345&quot;.<\\/p>\\r\\n\\r\\n<p>Thanks &amp; Regards,<\\/p>\\r\\n\\r\\n<p>BizInfra<\\/p>\\r\\n<\\/body>\\r\\n<\\/html>\\r\\n<br><br>\"}'),
(56,'36x642064',0,'false','{\"fromEmail\":\"cchs_crm@outlook.com\",\"fromName\":\"SUPPORT\",\"replyTo\":\"cchs_crm@outlook.com\",\"toEmail\":\",john@mailinator.com\",\"ccEmail\":\"\",\"bccEmail\":\"\",\"subject\":\"Thank you for registering with us\",\"content\":\"<html>\\r\\n<head>\\r\\n\\t<title><\\/title>\\r\\n<\\/head>\\r\\n<body>Hi, john,<br \\/>\\r\\nThank you for registering with us. You are account is pending for validation.<br \\/>\\r\\nAfter Successful validation you will be intimated.<br \\/>\\r\\n<br \\/>\\r\\nBEML Ltd.<\\/body>\\r\\n<\\/html>\\r\\n<br><br>\"}'),
(57,'36x642064',0,'false','{\"fromEmail\":\"cchs_crm@outlook.com\",\"fromName\":\"SUPPORT\",\"replyTo\":\"cchs_crm@outlook.com\",\"toEmail\":\",karanb@gmail.com\",\"ccEmail\":\"\",\"bccEmail\":\"\",\"subject\":\"New User Got Sign UP\",\"content\":\"<html>\\r\\n<head>\\r\\n\\t<title><\\/title>\\r\\n<\\/head>\\r\\n<body>New User Got Sign Up.<br \\/>\\r\\nPlease Review.<br \\/>\\r\\nCRM Detail View Link -&nbsp;<a href=\\\"https:\\/\\/api.bizinfratech.in\\/bizinfraeyequality\\/\\/index.php?module=ServiceEngineer&view=Detail&record=642064\\\">CRM Detail View URL<\\/a>&nbsp;<br \\/>\\r\\n<br \\/>\\r\\nRegards,<br \\/>\\r\\nBEML<\\/body>\\r\\n<\\/html>\\r\\n<br><br>\"}'),
(56,'36x642083',0,'false','{\"fromEmail\":\"cchs_crm@outlook.com\",\"fromName\":\"SUPPORT\",\"replyTo\":\"cchs_crm@outlook.com\",\"toEmail\":\",harris@mailinator.com\",\"ccEmail\":\"\",\"bccEmail\":\"\",\"subject\":\"Thank you for registering with us\",\"content\":\"<html>\\r\\n<head>\\r\\n\\t<title><\\/title>\\r\\n<\\/head>\\r\\n<body>Hi, harris,<br \\/>\\r\\nThank you for registering with us. You are account is pending for validation.<br \\/>\\r\\nAfter Successful validation you will be intimated.<br \\/>\\r\\n<br \\/>\\r\\nBEML Ltd.<\\/body>\\r\\n<\\/html>\\r\\n<br><br>\"}'),
(57,'36x642083',0,'false','{\"fromEmail\":\"cchs_crm@outlook.com\",\"fromName\":\"SUPPORT\",\"replyTo\":\"cchs_crm@outlook.com\",\"toEmail\":\",karanb@gmail.com\",\"ccEmail\":\"\",\"bccEmail\":\"\",\"subject\":\"New User Got Sign UP\",\"content\":\"<html>\\r\\n<head>\\r\\n\\t<title><\\/title>\\r\\n<\\/head>\\r\\n<body>New User Got Sign Up.<br \\/>\\r\\nPlease Review.<br \\/>\\r\\nCRM Detail View Link -&nbsp;<a href=\\\"https:\\/\\/api.bizinfratech.in\\/bizinfraeyequality\\/\\/index.php?module=ServiceEngineer&view=Detail&record=642083\\\">CRM Detail View URL<\\/a>&nbsp;<br \\/>\\r\\n<br \\/>\\r\\nRegards,<br \\/>\\r\\nBEML<\\/body>\\r\\n<\\/html>\\r\\n<br><br>\"}'),
(56,'36x642196',0,'false','{\"fromEmail\":\"cchs_crm@outlook.com\",\"fromName\":\"SUPPORT\",\"replyTo\":\"cchs_crm@outlook.com\",\"toEmail\":\",nehasingh1604@gmail.com\",\"ccEmail\":\"\",\"bccEmail\":\"\",\"subject\":\"Thank you for registering with us\",\"content\":\"<html>\\r\\n<head>\\r\\n\\t<title><\\/title>\\r\\n<\\/head>\\r\\n<body>Hi, Brahmcharni devi,<br \\/>\\r\\nThank you for registering with us. You are account is pending for validation.<br \\/>\\r\\nAfter Successful validation you will be intimated.<br \\/>\\r\\n<br \\/>\\r\\nBEML Ltd.<\\/body>\\r\\n<\\/html>\\r\\n<br><br>\"}'),
(57,'36x642196',0,'false','{\"fromEmail\":\"cchs_crm@outlook.com\",\"fromName\":\"SUPPORT\",\"replyTo\":\"cchs_crm@outlook.com\",\"toEmail\":\",karanb@gmail.com\",\"ccEmail\":\"\",\"bccEmail\":\"\",\"subject\":\"New User Got Sign UP\",\"content\":\"<html>\\r\\n<head>\\r\\n\\t<title><\\/title>\\r\\n<\\/head>\\r\\n<body>New User Got Sign Up.<br \\/>\\r\\nPlease Review.<br \\/>\\r\\nCRM Detail View Link -&nbsp;<a href=\\\"https:\\/\\/api.bizinfratech.in\\/bizinfraeyequality\\/\\/index.php?module=ServiceEngineer&view=Detail&record=642196\\\">CRM Detail View URL<\\/a>&nbsp;<br \\/>\\r\\n<br \\/>\\r\\nRegards,<br \\/>\\r\\nBEML<\\/body>\\r\\n<\\/html>\\r\\n<br><br>\"}'),
(96,'36x642196',0,'false','{\"fromEmail\":\"cchs_crm@outlook.com\",\"fromName\":\"SUPPORT\",\"replyTo\":\"cchs_crm@outlook.com\",\"toEmail\":\",nehasingh1604@gmail.com\",\"ccEmail\":\"\",\"bccEmail\":\"\",\"subject\":\"Your Credentials is Created \",\"content\":\"<html>\\r\\n<head>\\r\\n\\t<title><\\/title>\\r\\n<\\/head>\\r\\n<body>\\r\\n<p>Hi Brahmcharni devi,<br \\/>\\r\\nYour account has been successfully validated.<br \\/>\\r\\nYou can now login with username: &quot;nehasingh1604@gmail.com&quot; and Password: &quot;12345&quot;.<\\/p>\\r\\n\\r\\n<p>Thanks &amp; Regards,<\\/p>\\r\\n\\r\\n<p>BizInfra<\\/p>\\r\\n<\\/body>\\r\\n<\\/html>\\r\\n<br><br>\"}'),
(56,'36x642207',0,'false','{\"fromEmail\":\"cchs_crm@outlook.com\",\"fromName\":\"SUPPORT\",\"replyTo\":\"cchs_crm@outlook.com\",\"toEmail\":\",nehasingh54059@gmail.com\",\"ccEmail\":\"\",\"bccEmail\":\"\",\"subject\":\"Thank you for registering with us\",\"content\":\"<html>\\r\\n<head>\\r\\n\\t<title><\\/title>\\r\\n<\\/head>\\r\\n<body>Hi, Brahmcharni Devi,<br \\/>\\r\\nThank you for registering with us. You are account is pending for validation.<br \\/>\\r\\nAfter Successful validation you will be intimated.<br \\/>\\r\\n<br \\/>\\r\\nBEML Ltd.<\\/body>\\r\\n<\\/html>\\r\\n<br><br>\"}'),
(57,'36x642207',0,'false','{\"fromEmail\":\"cchs_crm@outlook.com\",\"fromName\":\"SUPPORT\",\"replyTo\":\"cchs_crm@outlook.com\",\"toEmail\":\",karanb@gmail.com\",\"ccEmail\":\"\",\"bccEmail\":\"\",\"subject\":\"New User Got Sign UP\",\"content\":\"<html>\\r\\n<head>\\r\\n\\t<title><\\/title>\\r\\n<\\/head>\\r\\n<body>New User Got Sign Up.<br \\/>\\r\\nPlease Review.<br \\/>\\r\\nCRM Detail View Link -&nbsp;<a href=\\\"https:\\/\\/api.bizinfratech.in\\/bizinfraeyequality\\/\\/index.php?module=ServiceEngineer&view=Detail&record=642207\\\">CRM Detail View URL<\\/a>&nbsp;<br \\/>\\r\\n<br \\/>\\r\\nRegards,<br \\/>\\r\\nBEML<\\/body>\\r\\n<\\/html>\\r\\n<br><br>\"}'),
(57,'36x642365',0,'false','{\"fromEmail\":\"cchs_crm@outlook.com\",\"fromName\":\"SUPPORT\",\"replyTo\":\"cchs_crm@outlook.com\",\"toEmail\":\",karanb@gmail.com\",\"ccEmail\":\"\",\"bccEmail\":\"\",\"subject\":\"New User Got Sign UP\",\"content\":\"<html>\\r\\n<head>\\r\\n\\t<title><\\/title>\\r\\n<\\/head>\\r\\n<body>New User Got Sign Up.<br \\/>\\r\\nPlease Review.<br \\/>\\r\\nCRM Detail View Link -&nbsp;<a href=\\\"https:\\/\\/api.bizinfratech.in\\/bizinfraeyequality\\/\\/index.php?module=ServiceEngineer&view=Detail&record=642365\\\">CRM Detail View URL<\\/a>&nbsp;<br \\/>\\r\\n<br \\/>\\r\\nRegards,<br \\/>\\r\\nBEML<\\/body>\\r\\n<\\/html>\\r\\n<br><br>\"}'),
(56,'36x642464',0,'false','{\"fromEmail\":\"cchs_crm@outlook.com\",\"fromName\":\"SUPPORT\",\"replyTo\":\"cchs_crm@outlook.com\",\"toEmail\":\",admin\",\"ccEmail\":\"\",\"bccEmail\":\"\",\"subject\":\"Thank you for registering with us\",\"content\":\"<html>\\r\\n<head>\\r\\n\\t<title><\\/title>\\r\\n<\\/head>\\r\\n<body>Hi, harry,<br \\/>\\r\\nThank you for registering with us. You are account is pending for validation.<br \\/>\\r\\nAfter Successful validation you will be intimated.<br \\/>\\r\\n<br \\/>\\r\\nBEML Ltd.<\\/body>\\r\\n<\\/html>\\r\\n<br><br>\"}'),
(57,'36x642464',0,'false','{\"fromEmail\":\"cchs_crm@outlook.com\",\"fromName\":\"SUPPORT\",\"replyTo\":\"cchs_crm@outlook.com\",\"toEmail\":\",karanb@gmail.com\",\"ccEmail\":\"\",\"bccEmail\":\"\",\"subject\":\"New User Got Sign UP\",\"content\":\"<html>\\r\\n<head>\\r\\n\\t<title><\\/title>\\r\\n<\\/head>\\r\\n<body>New User Got Sign Up.<br \\/>\\r\\nPlease Review.<br \\/>\\r\\nCRM Detail View Link -&nbsp;<a href=\\\"https:\\/\\/api.bizinfratech.in\\/bizinfraeyequality\\/\\/index.php?module=ServiceEngineer&view=Detail&record=642464\\\">CRM Detail View URL<\\/a>&nbsp;<br \\/>\\r\\n<br \\/>\\r\\nRegards,<br \\/>\\r\\nBEML<\\/body>\\r\\n<\\/html>\\r\\n<br><br>\"}');

--
-- Table structure for table `com_vtiger_workflowtasks`
--

CREATE TABLE `com_vtiger_workflowtasks` (
  `task_id` int(11) NOT NULL AUTO_INCREMENT,
  `workflow_id` int(11) DEFAULT NULL,
  `summary` varchar(400) NOT NULL,
  `task` text DEFAULT NULL,
  PRIMARY KEY (`task_id`),
  UNIQUE KEY `com_vtiger_workflowtasks_idx` (`task_id`)
) ENGINE=InnoDB AUTO_INCREMENT=121 DEFAULT CHARSET=utf8mb3 COLLATE=utf8mb3_general_ci;

--
-- Dumping data for table `com_vtiger_workflowtasks`
--

INSERT INTO `com_vtiger_workflowtasks` VALUES
(1,1,'','O:18:\"VTEntityMethodTask\":6:{s:18:\"executeImmediately\";b:1;s:10:\"workflowId\";i:1;s:7:\"summary\";s:0:\"\";s:6:\"active\";b:1;s:10:\"methodName\";s:15:\"UpdateInventory\";s:2:\"id\";i:1;}'),
(2,2,'An account has been created ','O:11:\"VTEmailTask\":9:{s:18:\"executeImmediately\";s:0:\"\";s:10:\"workflowId\";s:1:\"2\";s:7:\"summary\";s:28:\"An account has been created \";s:6:\"active\";s:1:\"1\";s:10:\"methodName\";s:11:\"NotifyOwner\";s:9:\"recepient\";s:36:\"$(assigned_user_id : (Users) email1)\";s:7:\"subject\";s:26:\"Regarding Account Creation\";s:7:\"content\";s:301:\"An Account has been assigned to you on vtigerCRM<br>Details of account are :<br><br>AccountId:<b>$account_no</b><br>AccountName:<b>$accountname</b><br>Rating:<b>$rating</b><br>Industry:<b>$industry</b><br>AccountType:<b>$accounttype</b><br>Description:<b>$description</b><br><br><br>Thank You<br>Admin\";s:2:\"id\";s:1:\"2\";}'),
(3,3,'An contact has been created ','O:11:\"VTEmailTask\":18:{s:18:\"executeImmediately\";s:0:\"\";s:10:\"workflowId\";s:1:\"3\";s:7:\"summary\";s:28:\"An contact has been created \";s:6:\"active\";s:1:\"1\";s:10:\"methodName\";s:11:\"NotifyOwner\";s:9:\"recepient\";s:36:\"$(assigned_user_id : (Users) email1)\";s:7:\"subject\";s:26:\"Regarding Contact Creation\";s:7:\"content\";s:414:\"<html>\r\n<head>\r\n	<title></title>\r\n</head>\r\n<body>An Contact has been assigned to you on CRM<br />\r\nDetails of Contact are :<br />\r\n<br />\r\nContact Id:<b>$contact_no</b><br />\r\nLastName:<b>$lastname</b><br />\r\nFirstName:<b>$firstname</b><br />\r\nLead Source:<b>$leadsource</b><br />\r\nDepartment:<b>$department</b><br />\r\nDescription:<b>$description</b><br />\r\n<br />\r\n<br />\r\nThank You<br />\r\nAdmin</body>\r\n</html>\r\n\";s:2:\"id\";s:1:\"3\";s:7:\"trigger\";N;s:7:\"emailcc\";s:0:\"\";s:8:\"emailbcc\";s:0:\"\";s:9:\"fromEmail\";s:0:\"\";s:3:\"pdf\";s:0:\"\";s:13:\"pdfTemplateId\";s:0:\"\";s:9:\"signature\";s:0:\"\";s:7:\"replyTo\";s:0:\"\";s:19:\"field_value_mapping\";s:4:\"null\";}'),
(4,4,'Email Customer Portal Login Details','O:18:\"VTEntityMethodTask\":8:{s:18:\"executeImmediately\";b:1;s:10:\"workflowId\";i:4;s:7:\"summary\";s:35:\"Email Customer Portal Login Details\";s:6:\"active\";b:1;s:10:\"methodName\";s:22:\"SendPortalLoginDetails\";s:2:\"id\";i:4;s:7:\"trigger\";N;s:19:\"field_value_mapping\";s:4:\"null\";}'),
(5,5,'An Potential has been created ','O:11:\"VTEmailTask\":8:{s:18:\"executeImmediately\";s:0:\"\";s:10:\"workflowId\";s:1:\"5\";s:7:\"summary\";s:30:\"An Potential has been created \";s:6:\"active\";s:1:\"1\";s:9:\"recepient\";s:36:\"$(assigned_user_id : (Users) email1)\";s:7:\"subject\";s:30:\"Regarding Potential Assignment\";s:7:\"content\";s:342:\"An Potential has been assigned to you on vtigerCRM<br>Details of Potential are :<br><br>Potential No:<b>$potential_no</b><br>Potential Name:<b>$potentialname</b><br>Amount:<b>$amount</b><br>Expected Close Date:<b>$closingdate ($_DATE_FORMAT_)</b><br>Type:<b>$opportunity_type</b><br><br><br>Description :$description<br><br>Thank You<br>Admin\";s:2:\"id\";s:1:\"5\";}'),
(6,6,'An contact has been created ','O:11:\"VTEmailTask\":17:{s:18:\"executeImmediately\";s:0:\"\";s:10:\"workflowId\";s:1:\"6\";s:7:\"summary\";s:28:\"An contact has been created \";s:6:\"active\";s:1:\"1\";s:9:\"recepient\";s:36:\"$(assigned_user_id : (Users) email1)\";s:7:\"subject\";s:28:\"Regarding Contact Assignment\";s:7:\"content\";s:501:\"<html>\r\n<head>\r\n	<title></title>\r\n</head>\r\n<body>An Contact has been assigned to you on CRM<br />\r\nDetails of Contact are :<br />\r\n<br />\r\nContact Id:<b>$contact_no</b><br />\r\nLastName:<b>$lastname</b><br />\r\nFirstName:<b>$firstname</b><br />\r\nLead Source:<b>$leadsource</b><br />\r\nDepartment:<b>$department</b><br />\r\nDescription:<b>$description</b><br />\r\n<br />\r\n<br />\r\nAnd <b>CustomerPortal Login Details</b> is sent to the EmailID :-$email<br />\r\n<br />\r\nThank You<br />\r\nAdmin</body>\r\n</html>\r\n\";s:2:\"id\";s:1:\"6\";s:7:\"trigger\";N;s:7:\"emailcc\";s:0:\"\";s:8:\"emailbcc\";s:0:\"\";s:9:\"fromEmail\";s:0:\"\";s:3:\"pdf\";s:0:\"\";s:13:\"pdfTemplateId\";s:0:\"\";s:9:\"signature\";s:0:\"\";s:7:\"replyTo\";s:0:\"\";s:19:\"field_value_mapping\";s:4:\"null\";}'),
(7,7,'Notify Related Contact when Ticket is created from Portal','O:11:\"VTEmailTask\":9:{s:18:\"executeImmediately\";s:1:\"0\";s:7:\"summary\";s:57:\"Notify Related Contact when Ticket is created from Portal\";s:6:\"active\";s:1:\"1\";s:2:\"id\";s:1:\"7\";s:10:\"workflowId\";s:1:\"7\";s:9:\"fromEmail\";s:93:\"$(general : (__VtigerMeta__) supportName)&lt;$(general : (__VtigerMeta__) supportEmailId)&gt;\";s:9:\"recepient\";s:33:\",$(contact_id : (Contacts) email)\";s:7:\"subject\";s:93:\"[From Portal] $ticket_no [ Ticket Id : $(general : (__VtigerMeta__) recordId) ] $ticket_title\";s:7:\"content\";s:158:\"Ticket No : $ticket_no<br>\n							  Ticket ID : $(general : (__VtigerMeta__) recordId)<br>\n							  Ticket Title : $ticket_title<br><br>\n							  $description\";}'),
(10,9,'Send Email to Contact on Ticket Update','O:11:\"VTEmailTask\":9:{s:18:\"executeImmediately\";s:1:\"0\";s:7:\"summary\";s:38:\"Send Email to Contact on Ticket Update\";s:6:\"active\";s:1:\"1\";s:2:\"id\";s:2:\"10\";s:9:\"fromEmail\";s:93:\"$(general : (__VtigerMeta__) supportName)&lt;$(general : (__VtigerMeta__) supportEmailId)&gt;\";s:9:\"recepient\";s:33:\",$(contact_id : (Contacts) email)\";s:7:\"subject\";s:79:\"$ticket_no [ Ticket Id : $(general : (__VtigerMeta__) recordId) ] $ticket_title\";s:7:\"content\";s:624:\"Ticket ID : $(general : (__VtigerMeta__) recordId)<br>Ticket Title : $ticket_title<br><br>\n								Dear $(contact_id : (Contacts) lastname) $(contact_id : (Contacts) firstname),<br><br>\n								The Ticket is replied the details are :<br><br>\n								Ticket No : $ticket_no<br>\n								Status : $ticketstatus<br>\n								Category : $ticketcategories<br>\n								Severity : $ticketseverities<br>\n								Priority : $ticketpriorities<br><br>\n								Description : <br>$description<br><br>\n								Solution : <br>$solution<br>\n								The comments are : <br>\n								$allComments<br><br>\n								Regards<br>Support Administrator\";s:10:\"workflowId\";s:1:\"9\";}'),
(13,12,'update forecast amount','O:18:\"VTUpdateFieldsTask\":7:{s:18:\"executeImmediately\";b:1;s:43:\"\0VTUpdateFieldsTask\0referenceFieldFocusList\";a:0:{}s:10:\"workflowId\";i:12;s:7:\"summary\";s:22:\"update forecast amount\";s:6:\"active\";b:1;s:19:\"field_value_mapping\";s:96:\"[{\"fieldname\":\"forecast_amount\",\"valuetype\":\"expression\",\"value\":\"amount * probability \\/ 100\"}]\";s:2:\"id\";i:13;}'),
(14,13,'Send Notification Email to Record Owner','O:11:\"VTEmailTask\":8:{s:18:\"executeImmediately\";s:0:\"\";s:10:\"workflowId\";s:2:\"13\";s:7:\"summary\";s:39:\"Send Notification Email to Record Owner\";s:6:\"active\";s:1:\"1\";s:9:\"recepient\";s:36:\"$(assigned_user_id : (Users) email1)\";s:7:\"subject\";s:17:\"Event :  $subject\";s:7:\"content\";s:771:\"$(assigned_user_id : (Users) last_name) $(assigned_user_id : (Users) first_name) ,<br/><b>Activity Notification Details:</b><br/>Subject             : $subject<br/>Start date and time : $date_start ($(general : (__VtigerMeta__) usertimezone))<br/>End date and time   : $due_date ($(general : (__VtigerMeta__) usertimezone)) <br/>Status              : $eventstatus <br/>Priority            : $taskpriority <br/>Related To          : $(parent_id : (Leads) lastname) $(parent_id : (Leads) firstname) $(parent_id : (Accounts) accountname) $(parent_id : (Potentials) potentialname) $(parent_id : (HelpDesk) ticket_title) $(parent_id : (Campaigns) campaignname) <br/>Contacts List       : $contact_id <br/>Location            : $location <br/>Description         : $description\";s:2:\"id\";s:2:\"14\";}'),
(15,14,'Send Notification Email to Record Owner','O:11:\"VTEmailTask\":8:{s:18:\"executeImmediately\";s:0:\"\";s:10:\"workflowId\";s:2:\"14\";s:7:\"summary\";s:39:\"Send Notification Email to Record Owner\";s:6:\"active\";s:1:\"1\";s:9:\"recepient\";s:36:\"$(assigned_user_id : (Users) email1)\";s:7:\"subject\";s:16:\"Task :  $subject\";s:7:\"content\";s:689:\"$(assigned_user_id : (Users) last_name) $(assigned_user_id : (Users) first_name) ,<br/><b>Task Notification Details:</b><br/>Subject : $subject<br/>Start date and time : $date_start ($(general : (__VtigerMeta__) usertimezone))<br/>End date and time   : $due_date ($_DATE_FORMAT_) <br/>Status              : $taskstatus <br/>Priority            : $taskpriority <br/>Related To          : $(parent_id : (Leads) lastname) $(parent_id : (Leads) firstname) $(parent_id : (Accounts) accountname) $(parent_id : (Potentials) potentialname) $(parent_id : (HelpDesk) ticket_title) $(parent_id : (Campaigns) campaignname) <br/>Contacts List       : $contact_id <br/>Description         : $description\";s:2:\"id\";s:2:\"15\";}'),
(18,16,'Update Inventory Products','O:18:\"VTEntityMethodTask\":6:{s:18:\"executeImmediately\";b:1;s:10:\"workflowId\";i:16;s:7:\"summary\";s:25:\"Update Inventory Products\";s:6:\"active\";b:1;s:10:\"methodName\";s:15:\"UpdateInventory\";s:2:\"id\";i:18;}'),
(19,17,'Comment Added From Portal : Send Email to Record Owner','O:11:\"VTEmailTask\":9:{s:18:\"executeImmediately\";s:1:\"0\";s:7:\"summary\";s:54:\"Comment Added From Portal : Send Email to Record Owner\";s:6:\"active\";s:1:\"1\";s:2:\"id\";s:2:\"19\";s:10:\"workflowId\";s:2:\"17\";s:9:\"fromEmail\";s:112:\"$(contact_id : (Contacts) lastname) $(contact_id : (Contacts) firstname)&lt;$(contact_id : (Contacts) email)&gt;\";s:9:\"recepient\";s:37:\",$(assigned_user_id : (Users) email1)\";s:7:\"subject\";s:92:\"Respond to Ticket ID## $(general : (__VtigerMeta__) recordId) ## in Customer Portal - URGENT\";s:7:\"content\";s:325:\"Dear $(assigned_user_id : (Users) last_name) $(assigned_user_id : (Users) first_name),<br><br>\n								Customer has provided the following additional information to your reply:<br><br>\n								<b>$lastComment</b><br><br>\n								Kindly respond to above ticket at the earliest.<br><br>\n								Regards<br>Support Administrator\";}'),
(20,18,'Comment Added From CRM : Send Email to Contact, where Contact is not a Portal User','O:11:\"VTEmailTask\":9:{s:18:\"executeImmediately\";s:1:\"0\";s:7:\"summary\";s:82:\"Comment Added From CRM : Send Email to Contact, where Contact is not a Portal User\";s:6:\"active\";s:1:\"1\";s:2:\"id\";s:2:\"20\";s:10:\"workflowId\";s:2:\"18\";s:9:\"fromEmail\";s:93:\"$(general : (__VtigerMeta__) supportName)&lt;$(general : (__VtigerMeta__) supportEmailId)&gt;\";s:9:\"recepient\";s:33:\",$(contact_id : (Contacts) email)\";s:7:\"subject\";s:79:\"$ticket_no [ Ticket Id : $(general : (__VtigerMeta__) recordId) ] $ticket_title\";s:7:\"content\";s:514:\"Dear $(contact_id : (Contacts) lastname) $(contact_id : (Contacts) firstname),<br><br>\n							The Ticket is replied the details are :<br><br>\n							Ticket No : $ticket_no<br>\n							Status : $ticketstatus<br>\n							Category : $ticketcategories<br>\n							Severity : $ticketseverities<br>\n							Priority : $ticketpriorities<br><br>\n							Description : <br>$description<br><br>\n							Solution : <br>$solution<br>\n							The comments are : <br>\n							$allComments<br><br>\n							Regards<br>Support Administrator\";}'),
(21,19,'Comment Added From CRM : Send Email to Contact, where Contact is Portal User','O:11:\"VTEmailTask\":9:{s:18:\"executeImmediately\";s:1:\"0\";s:7:\"summary\";s:76:\"Comment Added From CRM : Send Email to Contact, where Contact is Portal User\";s:6:\"active\";s:1:\"1\";s:2:\"id\";s:2:\"21\";s:10:\"workflowId\";s:2:\"19\";s:9:\"fromEmail\";s:93:\"$(general : (__VtigerMeta__) supportName)&lt;$(general : (__VtigerMeta__) supportEmailId)&gt;\";s:9:\"recepient\";s:33:\",$(contact_id : (Contacts) email)\";s:7:\"subject\";s:79:\"$ticket_no [ Ticket Id : $(general : (__VtigerMeta__) recordId) ] $ticket_title\";s:7:\"content\";s:547:\"Ticket No : $ticket_no<br>\n										Ticket Id : $(general : (__VtigerMeta__) recordId)<br>\n										Subject : $ticket_title<br><br>\n										Dear $(contact_id : (Contacts) lastname) $(contact_id : (Contacts) firstname),<br><br>\n										There is a reply to <b>$ticket_title</b> in the \"Customer Portal\" at VTiger.\n										You can use the following link to view the replies made:<br>\n										<a href=\"$(general : (__VtigerMeta__) portaldetailviewurl)\">Ticket Details</a><br><br>\n										Thanks<br>$(general : (__VtigerMeta__) supportName)\";}'),
(22,15,'Comment Added From CRM : Send Email to Organization','O:11:\"VTEmailTask\":9:{s:18:\"executeImmediately\";s:1:\"0\";s:7:\"summary\";s:51:\"Comment Added From CRM : Send Email to Organization\";s:6:\"active\";s:1:\"1\";s:2:\"id\";s:2:\"22\";s:10:\"workflowId\";s:2:\"15\";s:9:\"fromEmail\";s:93:\"$(general : (__VtigerMeta__) supportName)&lt;$(general : (__VtigerMeta__) supportEmailId)&gt;\";s:9:\"recepient\";s:34:\",$(parent_id : (Accounts) email1),\";s:7:\"subject\";s:79:\"$ticket_no [ Ticket Id : $(general : (__VtigerMeta__) recordId) ] $ticket_title\";s:7:\"content\";s:589:\"Ticket ID : $(general : (__VtigerMeta__) recordId)<br>Ticket Title : $ticket_title<br><br>\n								Dear $(parent_id : (Accounts) accountname),<br><br>\n								The Ticket is replied the details are :<br><br>\n								Ticket No : $ticket_no<br>\n								Status : $ticketstatus<br>\n								Category : $ticketcategories<br>\n								Severity : $ticketseverities<br>\n								Priority : $ticketpriorities<br><br>\n								Description : <br>$description<br><br>\n								Solution : <br>$solution<br>\n								The comments are : <br>\n								$allComments<br><br>\n								Regards<br>Support Administrator\";}'),
(23,7,'Notify Record Owner when Ticket is created from Portal','O:11:\"VTEmailTask\":9:{s:18:\"executeImmediately\";s:1:\"0\";s:7:\"summary\";s:54:\"Notify Record Owner when Ticket is created from Portal\";s:6:\"active\";s:1:\"1\";s:2:\"id\";s:2:\"23\";s:10:\"workflowId\";s:1:\"7\";s:9:\"fromEmail\";s:124:\"$(contact_id : (Contacts) lastname) $(contact_id : (Contacts) firstname)&lt;$(general : (__VtigerMeta__) supportEmailId)&gt;\";s:9:\"recepient\";s:37:\",$(assigned_user_id : (Users) email1)\";s:7:\"subject\";s:93:\"[From Portal] $ticket_no [ Ticket Id : $(general : (__VtigerMeta__) recordId) ] $ticket_title\";s:7:\"content\";s:158:\"Ticket No : $ticket_no<br>\n							  Ticket ID : $(general : (__VtigerMeta__) recordId)<br>\n							  Ticket Title : $ticket_title<br><br>\n							  $description\";}'),
(24,20,'Send Email to Record Owner on Ticket Update','O:11:\"VTEmailTask\":9:{s:18:\"executeImmediately\";s:1:\"0\";s:7:\"summary\";s:43:\"Send Email to Record Owner on Ticket Update\";s:6:\"active\";s:1:\"1\";s:2:\"id\";s:2:\"24\";s:10:\"workflowId\";s:2:\"20\";s:9:\"fromEmail\";s:93:\"$(general : (__VtigerMeta__) supportName)&lt;$(general : (__VtigerMeta__) supportEmailId)&gt;\";s:9:\"recepient\";s:37:\",$(assigned_user_id : (Users) email1)\";s:7:\"subject\";s:40:\"Ticket Number : $ticket_no $ticket_title\";s:7:\"content\";s:596:\"Ticket ID : $(general : (__VtigerMeta__) recordId)<br>Ticket Title : $ticket_title<br><br>\n								Dear $(assigned_user_id : (Users) last_name) $(assigned_user_id : (Users) first_name),<br><br>\n								The Ticket is replied the details are :<br><br>\n								Ticket No : $ticket_no<br>\n								Status : $ticketstatus<br>\n								Category : $ticketcategories<br>\n								Severity : $ticketseverities<br>\n								Priority : $ticketpriorities<br><br>\n								Description : <br>$description<br><br>\n								Solution : <br>$solution\n								$allComments<br><br>\n								Regards<br>Support Administrator\";}'),
(25,21,'Ticket Creation From CRM : Send Email to Record Owner','O:11:\"VTEmailTask\":9:{s:18:\"executeImmediately\";s:1:\"0\";s:7:\"summary\";s:53:\"Ticket Creation From CRM : Send Email to Record Owner\";s:6:\"active\";s:1:\"1\";s:2:\"id\";s:2:\"25\";s:10:\"workflowId\";s:2:\"21\";s:9:\"fromEmail\";s:93:\"$(general : (__VtigerMeta__) supportName)&lt;$(general : (__VtigerMeta__) supportEmailId)&gt;\";s:9:\"recepient\";s:37:\",$(assigned_user_id : (Users) email1)\";s:7:\"subject\";s:40:\"Ticket Number : $ticket_no $ticket_title\";s:7:\"content\";s:596:\"Ticket ID : $(general : (__VtigerMeta__) recordId)<br>Ticket Title : $ticket_title<br><br>\n								Dear $(assigned_user_id : (Users) last_name) $(assigned_user_id : (Users) first_name),<br><br>\n								The Ticket is replied the details are :<br><br>\n								Ticket No : $ticket_no<br>\n								Status : $ticketstatus<br>\n								Category : $ticketcategories<br>\n								Severity : $ticketseverities<br>\n								Priority : $ticketpriorities<br><br>\n								Description : <br>$description<br><br>\n								Solution : <br>$solution\n								$allComments<br><br>\n								Regards<br>Support Administrator\";}'),
(26,22,'Send Email to Organization on Ticket Update','O:11:\"VTEmailTask\":9:{s:18:\"executeImmediately\";s:1:\"0\";s:7:\"summary\";s:43:\"Send Email to Organization on Ticket Update\";s:6:\"active\";s:1:\"1\";s:2:\"id\";s:2:\"26\";s:9:\"fromEmail\";s:93:\"$(general : (__VtigerMeta__) supportName)&lt;$(general : (__VtigerMeta__) supportEmailId)&gt;\";s:9:\"recepient\";s:33:\",$(parent_id : (Accounts) email1)\";s:7:\"subject\";s:79:\"$ticket_no [ Ticket Id : $(general : (__VtigerMeta__) recordId) ] $ticket_title\";s:7:\"content\";s:589:\"Ticket ID : $(general : (__VtigerMeta__) recordId)<br>Ticket Title : $ticket_title<br><br>\n								Dear $(parent_id : (Accounts) accountname),<br><br>\n								The Ticket is replied the details are :<br><br>\n								Ticket No : $ticket_no<br>\n								Status : $ticketstatus<br>\n								Category : $ticketcategories<br>\n								Severity : $ticketseverities<br>\n								Priority : $ticketpriorities<br><br>\n								Description : <br>$description<br><br>\n								Solution : <br>$solution<br>\n								The comments are : <br>\n								$allComments<br><br>\n								Regards<br>Support Administrator\";s:10:\"workflowId\";s:2:\"22\";}'),
(27,23,'Ticket Creation From CRM : Send Email to Organization','O:11:\"VTEmailTask\":9:{s:18:\"executeImmediately\";s:1:\"0\";s:7:\"summary\";s:53:\"Ticket Creation From CRM : Send Email to Organization\";s:6:\"active\";s:1:\"1\";s:2:\"id\";s:2:\"27\";s:9:\"fromEmail\";s:93:\"$(general : (__VtigerMeta__) supportName)&lt;$(general : (__VtigerMeta__) supportEmailId)&gt;\";s:9:\"recepient\";s:33:\",$(parent_id : (Accounts) email1)\";s:7:\"subject\";s:79:\"$ticket_no [ Ticket Id : $(general : (__VtigerMeta__) recordId) ] $ticket_title\";s:7:\"content\";s:589:\"Ticket ID : $(general : (__VtigerMeta__) recordId)<br>Ticket Title : $ticket_title<br><br>\n								Dear $(parent_id : (Accounts) accountname),<br><br>\n								The Ticket is replied the details are :<br><br>\n								Ticket No : $ticket_no<br>\n								Status : $ticketstatus<br>\n								Category : $ticketcategories<br>\n								Severity : $ticketseverities<br>\n								Priority : $ticketpriorities<br><br>\n								Description : <br>$description<br><br>\n								Solution : <br>$solution<br>\n								The comments are : <br>\n								$allComments<br><br>\n								Regards<br>Support Administrator\";s:10:\"workflowId\";s:2:\"23\";}'),
(28,24,'Ticket Creation From CRM : Send Email to Contact','O:11:\"VTEmailTask\":9:{s:18:\"executeImmediately\";s:1:\"0\";s:7:\"summary\";s:48:\"Ticket Creation From CRM : Send Email to Contact\";s:6:\"active\";s:1:\"1\";s:2:\"id\";s:2:\"28\";s:9:\"fromEmail\";s:93:\"$(general : (__VtigerMeta__) supportName)&lt;$(general : (__VtigerMeta__) supportEmailId)&gt;\";s:9:\"recepient\";s:33:\",$(contact_id : (Contacts) email)\";s:7:\"subject\";s:79:\"$ticket_no [ Ticket Id : $(general : (__VtigerMeta__) recordId) ] $ticket_title\";s:7:\"content\";s:624:\"Ticket ID : $(general : (__VtigerMeta__) recordId)<br>Ticket Title : $ticket_title<br><br>\n								Dear $(contact_id : (Contacts) lastname) $(contact_id : (Contacts) firstname),<br><br>\n								The Ticket is replied the details are :<br><br>\n								Ticket No : $ticket_no<br>\n								Status : $ticketstatus<br>\n								Category : $ticketcategories<br>\n								Severity : $ticketseverities<br>\n								Priority : $ticketpriorities<br><br>\n								Description : <br>$description<br><br>\n								Solution : <br>$solution<br>\n								The comments are : <br>\n								$allComments<br><br>\n								Regards<br>Support Administrator\";s:10:\"workflowId\";s:2:\"24\";}'),
(29,25,'project status has changed','O:16:\"VTCreateTodoTask\":43:{s:18:\"executeImmediately\";b:1;s:10:\"workflowId\";s:2:\"25\";s:7:\"summary\";s:26:\"project status has changed\";s:6:\"active\";b:1;s:7:\"trigger\";N;s:4:\"todo\";s:30:\"review it return after 90 days\";s:11:\"description\";s:0:\"\";s:16:\"sendNotification\";s:0:\"\";s:4:\"time\";s:0:\"\";s:4:\"date\";s:0:\"\";s:6:\"status\";s:11:\"Not Started\";s:8:\"priority\";s:4:\"High\";s:4:\"days\";s:2:\"90\";s:9:\"direction\";s:5:\"after\";s:9:\"datefield\";s:9:\"startdate\";s:16:\"assigned_user_id\";s:0:\"\";s:19:\"field_value_mapping\";s:4:\"null\";s:7:\"subject\";s:0:\"\";s:10:\"date_start\";s:0:\"\";s:10:\"time_start\";s:0:\"\";s:8:\"time_end\";s:0:\"\";s:8:\"due_date\";s:0:\"\";s:13:\"recurringtype\";s:0:\"\";s:9:\"parent_id\";s:0:\"\";s:10:\"contact_id\";s:0:\"\";s:10:\"taskstatus\";s:0:\"\";s:11:\"eventstatus\";s:0:\"\";s:12:\"taskpriority\";s:0:\"\";s:16:\"sendnotification\";s:0:\"\";s:11:\"createdtime\";s:0:\"\";s:12:\"modifiedtime\";s:0:\"\";s:12:\"activitytype\";s:0:\"\";s:10:\"visibility\";s:0:\"\";s:14:\"duration_hours\";s:0:\"\";s:16:\"duration_minutes\";s:0:\"\";s:8:\"location\";s:0:\"\";s:6:\"notime\";s:0:\"\";s:10:\"modifiedby\";s:0:\"\";s:6:\"source\";s:0:\"\";s:7:\"starred\";s:0:\"\";s:4:\"tags\";s:0:\"\";s:13:\"reminder_time\";s:0:\"\";s:2:\"id\";i:29;}'),
(30,26,'job should be created','O:18:\"VTEntityMethodTask\":8:{s:18:\"executeImmediately\";b:1;s:10:\"workflowId\";s:2:\"26\";s:7:\"summary\";s:21:\"job should be created\";s:6:\"active\";b:1;s:7:\"trigger\";N;s:10:\"methodName\";s:16:\"SetEstimatedDate\";s:19:\"field_value_mapping\";s:4:\"null\";s:2:\"id\";i:30;}'),
(32,28,'create project','O:18:\"VTEntityMethodTask\":8:{s:18:\"executeImmediately\";b:1;s:10:\"workflowId\";s:2:\"28\";s:7:\"summary\";s:14:\"create project\";s:6:\"active\";b:1;s:7:\"trigger\";N;s:10:\"methodName\";s:16:\"SetEstimatedDate\";s:19:\"field_value_mapping\";s:4:\"null\";s:2:\"id\";i:32;}'),
(33,29,'create project','O:18:\"VTEntityMethodTask\":8:{s:18:\"executeImmediately\";b:1;s:10:\"workflowId\";s:2:\"29\";s:7:\"summary\";s:14:\"create project\";s:6:\"active\";b:1;s:7:\"trigger\";N;s:10:\"methodName\";s:16:\"SetEstimatedDate\";s:19:\"field_value_mapping\";s:4:\"null\";s:2:\"id\";i:33;}'),
(34,26,'email should be sent to client','O:11:\"VTEmailTask\":17:{s:18:\"executeImmediately\";b:0;s:10:\"workflowId\";s:2:\"26\";s:7:\"summary\";s:30:\"email should be sent to client\";s:6:\"active\";b:1;s:7:\"trigger\";N;s:7:\"subject\";s:34:\"you have recurring -  $projectname\";s:7:\"content\";s:112:\"<html>\r\n<head>\r\n	<title></title>\r\n</head>\r\n<body>you have recurring -&nbsp; $projectname&nbsp;</body>\r\n</html>\r\n\";s:9:\"recepient\";s:83:\",$(linktoaccountscontacts : (Accounts) email1),$(assigned_user_id : (Users) email1)\";s:7:\"emailcc\";s:0:\"\";s:8:\"emailbcc\";s:0:\"\";s:9:\"fromEmail\";s:0:\"\";s:3:\"pdf\";s:0:\"\";s:13:\"pdfTemplateId\";s:0:\"\";s:9:\"signature\";s:0:\"\";s:7:\"replyTo\";s:37:\",$(assigned_user_id : (Users) email1)\";s:19:\"field_value_mapping\";s:4:\"null\";s:2:\"id\";i:34;}'),
(35,28,'send email to clent','O:11:\"VTEmailTask\":17:{s:18:\"executeImmediately\";b:0;s:10:\"workflowId\";s:2:\"28\";s:7:\"summary\";s:19:\"send email to clent\";s:6:\"active\";b:1;s:7:\"trigger\";N;s:7:\"subject\";s:40:\"you weekly recurring job -  $projectname\";s:7:\"content\";s:112:\"<html>\r\n<head>\r\n	<title></title>\r\n</head>\r\n<body>you weekly recurring job -&nbsp; $projectname</body>\r\n</html>\r\n\";s:9:\"recepient\";s:83:\",$(linktoaccountscontacts : (Accounts) email1),$(assigned_user_id : (Users) email1)\";s:7:\"emailcc\";s:0:\"\";s:8:\"emailbcc\";s:0:\"\";s:9:\"fromEmail\";s:0:\"\";s:3:\"pdf\";s:0:\"\";s:13:\"pdfTemplateId\";s:0:\"\";s:9:\"signature\";s:0:\"\";s:7:\"replyTo\";s:0:\"\";s:19:\"field_value_mapping\";s:4:\"null\";s:2:\"id\";i:35;}'),
(36,29,'send email to customer','O:11:\"VTEmailTask\":17:{s:18:\"executeImmediately\";b:0;s:10:\"workflowId\";s:2:\"29\";s:7:\"summary\";s:22:\"send email to customer\";s:6:\"active\";b:1;s:7:\"trigger\";N;s:7:\"subject\";s:50:\"you have monthly recurring project :: $projectname\";s:7:\"content\";s:117:\"<html>\r\n<head>\r\n	<title></title>\r\n</head>\r\n<body>you have monthly recurring project :: $projectname</body>\r\n</html>\r\n\";s:9:\"recepient\";s:83:\",$(linktoaccountscontacts : (Accounts) email1),$(assigned_user_id : (Users) email1)\";s:7:\"emailcc\";s:0:\"\";s:8:\"emailbcc\";s:0:\"\";s:9:\"fromEmail\";s:118:\"$(assigned_user_id : (Users) first_name) $(assigned_user_id : (Users) last_name)<$(assigned_user_id : (Users) email1)>\";s:3:\"pdf\";s:0:\"\";s:13:\"pdfTemplateId\";s:0:\"\";s:9:\"signature\";s:0:\"\";s:7:\"replyTo\";s:0:\"\";s:19:\"field_value_mapping\";s:4:\"null\";s:2:\"id\";i:36;}'),
(37,26,'create event ','O:17:\"VTCreateEventTask\":60:{s:18:\"executeImmediately\";b:1;s:10:\"workflowId\";s:2:\"26\";s:7:\"summary\";s:13:\"create event \";s:6:\"active\";b:0;s:7:\"trigger\";N;s:9:\"eventType\";s:4:\"Call\";s:9:\"eventName\";s:28:\"you have recurring job daily\";s:11:\"description\";s:0:\"\";s:16:\"sendNotification\";s:0:\"\";s:9:\"startTime\";s:8:\"12:00 AM\";s:9:\"startDays\";s:1:\"0\";s:14:\"startDirection\";s:5:\"after\";s:14:\"startDatefield\";s:11:\"createdtime\";s:7:\"endTime\";s:8:\"01:00 AM\";s:7:\"endDays\";s:1:\"1\";s:12:\"endDirection\";s:5:\"after\";s:12:\"endDatefield\";s:11:\"createdtime\";s:6:\"status\";s:7:\"Planned\";s:8:\"priority\";s:0:\"\";s:14:\"recurringcheck\";s:0:\"\";s:16:\"repeat_frequency\";s:1:\"1\";s:13:\"recurringtype\";s:7:\"Monthly\";s:26:\"calendar_repeat_limit_date\";s:0:\"\";s:8:\"mon_flag\";s:0:\"\";s:8:\"tue_flag\";s:0:\"\";s:8:\"wed_flag\";s:0:\"\";s:8:\"thu_flag\";s:0:\"\";s:8:\"fri_flag\";s:0:\"\";s:8:\"sat_flag\";s:0:\"\";s:8:\"sun_flag\";s:0:\"\";s:11:\"repeatMonth\";s:4:\"date\";s:16:\"repeatMonth_date\";s:0:\"\";s:19:\"repeatMonth_daytype\";s:0:\"\";s:15:\"repeatMonth_day\";s:0:\"\";s:16:\"assigned_user_id\";s:15:\"copyParentOwner\";s:19:\"field_value_mapping\";s:4:\"null\";s:7:\"subject\";s:0:\"\";s:10:\"date_start\";s:0:\"\";s:10:\"time_start\";s:0:\"\";s:8:\"due_date\";s:0:\"\";s:8:\"time_end\";s:0:\"\";s:14:\"duration_hours\";s:0:\"\";s:16:\"duration_minutes\";s:0:\"\";s:11:\"eventstatus\";s:0:\"\";s:16:\"sendnotification\";s:0:\"\";s:12:\"activitytype\";s:0:\"\";s:8:\"location\";s:0:\"\";s:11:\"createdtime\";s:0:\"\";s:12:\"modifiedtime\";s:0:\"\";s:12:\"taskpriority\";s:0:\"\";s:6:\"notime\";s:0:\"\";s:10:\"visibility\";s:0:\"\";s:10:\"modifiedby\";s:0:\"\";s:6:\"source\";s:0:\"\";s:7:\"starred\";s:0:\"\";s:4:\"tags\";s:0:\"\";s:13:\"reminder_time\";s:0:\"\";s:10:\"contact_id\";s:0:\"\";s:9:\"parent_id\";s:0:\"\";s:2:\"id\";i:37;}'),
(38,30,'send email to the customer','O:11:\"VTEmailTask\":17:{s:18:\"executeImmediately\";b:0;s:10:\"workflowId\";s:2:\"30\";s:7:\"summary\";s:26:\"send email to the customer\";s:6:\"active\";b:1;s:7:\"trigger\";N;s:7:\"subject\";s:23:\"WE value your feed back\";s:7:\"content\";s:99:\"<html>\r\n<head>\r\n	<title></title>\r\n</head>\r\n<body>please provide us your feed back</body>\r\n</html>\r\n\";s:9:\"recepient\";s:37:\",$(assigned_user_id : (Users) email1)\";s:7:\"emailcc\";s:0:\"\";s:8:\"emailbcc\";s:0:\"\";s:9:\"fromEmail\";s:118:\"$(assigned_user_id : (Users) first_name) $(assigned_user_id : (Users) last_name)<$(assigned_user_id : (Users) email1)>\";s:3:\"pdf\";s:0:\"\";s:13:\"pdfTemplateId\";s:0:\"\";s:9:\"signature\";s:0:\"\";s:7:\"replyTo\";s:0:\"\";s:19:\"field_value_mapping\";s:4:\"null\";s:2:\"id\";i:38;}'),
(39,31,'Update Date and Time','O:18:\"VTUpdateFieldsTask\":8:{s:18:\"executeImmediately\";b:1;s:43:\"\0VTUpdateFieldsTask\0referenceFieldFocusList\";a:0:{}s:10:\"workflowId\";s:2:\"31\";s:7:\"summary\";s:20:\"Update Date and Time\";s:6:\"active\";b:1;s:7:\"trigger\";N;s:19:\"field_value_mapping\";s:2:\"[]\";s:2:\"id\";i:39;}'),
(40,31,'Update Total Time','O:18:\"VTUpdateFieldsTask\":8:{s:18:\"executeImmediately\";b:1;s:43:\"\0VTUpdateFieldsTask\0referenceFieldFocusList\";a:0:{}s:10:\"workflowId\";s:2:\"31\";s:7:\"summary\";s:17:\"Update Total Time\";s:6:\"active\";b:1;s:7:\"trigger\";N;s:19:\"field_value_mapping\";s:2:\"[]\";s:2:\"id\";i:40;}'),
(41,32,'AccountsSAP Sync','O:18:\"VTEntityMethodTask\":8:{s:18:\"executeImmediately\";b:1;s:10:\"workflowId\";s:2:\"32\";s:7:\"summary\";s:16:\"AccountsSAP Sync\";s:6:\"active\";b:1;s:7:\"trigger\";N;s:10:\"methodName\";s:23:\"AccountsExternalAppSync\";s:19:\"field_value_mapping\";s:4:\"null\";s:2:\"id\";i:41;}'),
(42,33,'calculate YOE','O:18:\"VTEntityMethodTask\":8:{s:18:\"executeImmediately\";b:1;s:10:\"workflowId\";s:2:\"33\";s:7:\"summary\";s:13:\"calculate YOE\";s:6:\"active\";b:1;s:7:\"trigger\";N;s:10:\"methodName\";s:12:\"calculateYOE\";s:19:\"field_value_mapping\";s:4:\"null\";s:2:\"id\";i:42;}'),
(43,34,'Create User On Approval','O:18:\"VTEntityMethodTask\":8:{s:18:\"executeImmediately\";b:1;s:10:\"workflowId\";s:2:\"34\";s:7:\"summary\";s:23:\"Create User On Approval\";s:6:\"active\";b:1;s:7:\"trigger\";N;s:10:\"methodName\";s:20:\"createUserOnApproval\";s:19:\"field_value_mapping\";s:4:\"null\";s:2:\"id\";i:43;}'),
(44,35,'Handle Customer Portal User ','O:18:\"VTEntityMethodTask\":8:{s:18:\"executeImmediately\";b:1;s:10:\"workflowId\";s:2:\"35\";s:7:\"summary\";s:28:\"Handle Customer Portal User \";s:6:\"active\";b:1;s:7:\"trigger\";N;s:10:\"methodName\";s:24:\"handleCustomerPortalUser\";s:19:\"field_value_mapping\";s:4:\"null\";s:2:\"id\";i:44;}'),
(45,36,'Send Email On Customer Portal Reject','O:11:\"VTEmailTask\":17:{s:18:\"executeImmediately\";b:0;s:10:\"workflowId\";s:2:\"36\";s:7:\"summary\";s:36:\"Send Email On Customer Portal Reject\";s:6:\"active\";b:1;s:7:\"trigger\";N;s:7:\"subject\";s:25:\"Your Sign Up Is Rejected \";s:7:\"content\";s:153:\"<html>\r\n<head>\r\n	<title></title>\r\n</head>\r\n<body>Hi Your Sign Up Is Rejected,<br />\r\nPlease Correct your details.<br />\r\n<br />\r\n&nbsp;</body>\r\n</html>\r\n\";s:9:\"recepient\";s:25:\"lokesh.s@biztechnosys.com\";s:7:\"emailcc\";s:0:\"\";s:8:\"emailbcc\";s:0:\"\";s:9:\"fromEmail\";s:87:\"$(general : (__VtigerMeta__) supportName)<$(general : (__VtigerMeta__) supportEmailId)>\";s:3:\"pdf\";s:0:\"\";s:13:\"pdfTemplateId\";s:0:\"\";s:9:\"signature\";s:0:\"\";s:7:\"replyTo\";s:7:\",$email\";s:19:\"field_value_mapping\";s:4:\"null\";s:2:\"id\";i:45;}'),
(46,37,'HandleTicketAssignment','O:18:\"VTEntityMethodTask\":8:{s:18:\"executeImmediately\";b:1;s:10:\"workflowId\";s:2:\"37\";s:7:\"summary\";s:22:\"HandleTicketAssignment\";s:6:\"active\";b:1;s:7:\"trigger\";N;s:10:\"methodName\";s:22:\"HandleTicketAssignment\";s:19:\"field_value_mapping\";s:4:\"null\";s:2:\"id\";i:46;}'),
(48,39,'Sync To External On Creation','O:18:\"VTEntityMethodTask\":8:{s:18:\"executeImmediately\";b:1;s:10:\"workflowId\";s:2:\"39\";s:7:\"summary\";s:28:\"Sync To External On Creation\";s:6:\"active\";b:1;s:7:\"trigger\";N;s:10:\"methodName\";s:25:\"SyncToExternalOnSERCreate\";s:19:\"field_value_mapping\";s:4:\"null\";s:2:\"id\";i:48;}'),
(49,40,'On STO Create Sync To External App','O:18:\"VTEntityMethodTask\":8:{s:18:\"executeImmediately\";b:1;s:10:\"workflowId\";s:2:\"40\";s:7:\"summary\";s:34:\"On STO Create Sync To External App\";s:6:\"active\";b:1;s:7:\"trigger\";N;s:10:\"methodName\";s:25:\"SyncToExternalOnSTOCreate\";s:19:\"field_value_mapping\";s:4:\"null\";s:2:\"id\";i:49;}'),
(50,41,'Sync Periodically External Materials','O:18:\"VTEntityMethodTask\":8:{s:18:\"executeImmediately\";b:1;s:10:\"workflowId\";s:2:\"41\";s:7:\"summary\";s:36:\"Sync Periodically External Materials\";s:6:\"active\";b:1;s:7:\"trigger\";N;s:10:\"methodName\";s:30:\"ProductsExternalAppSyncUpdated\";s:19:\"field_value_mapping\";s:4:\"null\";s:2:\"id\";i:50;}'),
(51,42,'Calculate Equipment Availibilty','O:18:\"VTEntityMethodTask\":8:{s:18:\"executeImmediately\";b:1;s:10:\"workflowId\";s:2:\"42\";s:7:\"summary\";s:31:\"Calculate Equipment Availibilty\";s:6:\"active\";b:1;s:7:\"trigger\";N;s:10:\"methodName\";s:30:\"CalculateEquipmentAvailability\";s:19:\"field_value_mapping\";s:4:\"null\";s:2:\"id\";i:51;}'),
(52,43,'Sync To External On Creation','O:18:\"VTEntityMethodTask\":8:{s:18:\"executeImmediately\";b:1;s:10:\"workflowId\";s:2:\"43\";s:7:\"summary\";s:28:\"Sync To External On Creation\";s:6:\"active\";b:1;s:7:\"trigger\";N;s:10:\"methodName\";s:34:\"SyncToExternalOnServiceOrderCreate\";s:19:\"field_value_mapping\";s:4:\"null\";s:2:\"id\";i:52;}'),
(53,44,'Sync To External App On Status Change','O:18:\"VTEntityMethodTask\":8:{s:18:\"executeImmediately\";b:1;s:10:\"workflowId\";s:2:\"44\";s:7:\"summary\";s:37:\"Sync To External App On Status Change\";s:6:\"active\";b:1;s:7:\"trigger\";N;s:10:\"methodName\";s:28:\"SyncToExternalOnStatusChange\";s:19:\"field_value_mapping\";s:4:\"null\";s:2:\"id\";i:53;}'),
(54,45,'Email On Approval','O:11:\"VTEmailTask\":17:{s:18:\"executeImmediately\";b:0;s:10:\"workflowId\";s:2:\"45\";s:7:\"summary\";s:17:\"Email On Approval\";s:6:\"active\";b:1;s:7:\"trigger\";N;s:7:\"subject\";s:23:\"Your Sign Up Is Aproved\";s:7:\"content\";s:252:\"<html>\r\n<head>\r\n	<title></title>\r\n</head>\r\n<body>Hi $service_engineer_name,<br />\r\nYour account has been successfully validated.<br />\r\nYou can now login with &quot;$badge_no&quot; and Your set password.&nbsp;<br />\r\n<br />\r\nBEML Ltd.</body>\r\n</html>\r\n\";s:9:\"recepient\";s:7:\",$email\";s:7:\"emailcc\";s:0:\"\";s:8:\"emailbcc\";s:0:\"\";s:9:\"fromEmail\";s:87:\"$(general : (__VtigerMeta__) supportName)<$(general : (__VtigerMeta__) supportEmailId)>\";s:3:\"pdf\";s:0:\"\";s:13:\"pdfTemplateId\";s:0:\"\";s:9:\"signature\";s:0:\"\";s:7:\"replyTo\";s:0:\"\";s:19:\"field_value_mapping\";s:4:\"null\";s:2:\"id\";i:54;}'),
(55,46,'Send Email On Rejection','O:11:\"VTEmailTask\":17:{s:18:\"executeImmediately\";b:0;s:10:\"workflowId\";s:2:\"46\";s:7:\"summary\";s:23:\"Send Email On Rejection\";s:6:\"active\";b:1;s:7:\"trigger\";N;s:7:\"subject\";s:24:\"Your Sign Up Is Rejected\";s:7:\"content\";s:258:\"<html>\r\n<head>\r\n	<title></title>\r\n</head>\r\n<body>Hi $service_engineer_name ,<br />\r\nYour account validation has not been successful due to data mismatch.<br />\r\nReasons for rejection -&nbsp;$rejection_reason<br />\r\n<br />\r\n<br />\r\nBEML Ltd.</body>\r\n</html>\r\n\";s:9:\"recepient\";s:7:\",$email\";s:7:\"emailcc\";s:0:\"\";s:8:\"emailbcc\";s:0:\"\";s:9:\"fromEmail\";s:87:\"$(general : (__VtigerMeta__) supportName)<$(general : (__VtigerMeta__) supportEmailId)>\";s:3:\"pdf\";s:0:\"\";s:13:\"pdfTemplateId\";s:0:\"\";s:9:\"signature\";s:0:\"\";s:7:\"replyTo\";s:0:\"\";s:19:\"field_value_mapping\";s:4:\"null\";s:2:\"id\";i:55;}'),
(56,47,'Send Email On Sign Up','O:11:\"VTEmailTask\":17:{s:18:\"executeImmediately\";b:0;s:10:\"workflowId\";s:2:\"47\";s:7:\"summary\";s:21:\"Send Email On Sign Up\";s:6:\"active\";b:1;s:7:\"trigger\";N;s:7:\"subject\";s:33:\"Thank you for registering with us\";s:7:\"content\";s:262:\"<html>\r\n<head>\r\n	<title></title>\r\n</head>\r\n<body>Hi, $service_engineer_name,<br />\r\nThank you for registering with us. You are account is pending for validation.<br />\r\nAfter Successful validation you will be intimated.<br />\r\n<br />\r\nBEML Ltd.</body>\r\n</html>\r\n\";s:9:\"recepient\";s:7:\",$email\";s:7:\"emailcc\";s:0:\"\";s:8:\"emailbcc\";s:0:\"\";s:9:\"fromEmail\";s:87:\"$(general : (__VtigerMeta__) supportName)<$(general : (__VtigerMeta__) supportEmailId)>\";s:3:\"pdf\";s:0:\"\";s:13:\"pdfTemplateId\";s:0:\"\";s:9:\"signature\";s:0:\"\";s:7:\"replyTo\";s:0:\"\";s:19:\"field_value_mapping\";s:4:\"null\";s:2:\"id\";i:56;}'),
(57,48,'Send Email To Approver','O:11:\"VTEmailTask\":17:{s:18:\"executeImmediately\";b:0;s:10:\"workflowId\";s:2:\"48\";s:7:\"summary\";s:22:\"Send Email To Approver\";s:6:\"active\";b:1;s:7:\"trigger\";N;s:7:\"subject\";s:20:\"New User Got Sign UP\";s:7:\"content\";s:268:\"<html>\r\n<head>\r\n	<title></title>\r\n</head>\r\n<body>New User Got Sign Up.<br />\r\nPlease Review.<br />\r\nCRM Detail View Link -&nbsp;<a href=\"$(general : (__VtigerMeta__) crmdetailviewurl)\">CRM Detail View URL</a>&nbsp;<br />\r\n<br />\r\nRegards,<br />\r\nBEML</body>\r\n</html>\r\n\";s:9:\"recepient\";s:37:\",$(assigned_user_id : (Users) email1)\";s:7:\"emailcc\";s:0:\"\";s:8:\"emailbcc\";s:0:\"\";s:9:\"fromEmail\";s:87:\"$(general : (__VtigerMeta__) supportName)<$(general : (__VtigerMeta__) supportEmailId)>\";s:3:\"pdf\";s:0:\"\";s:13:\"pdfTemplateId\";s:0:\"\";s:9:\"signature\";s:0:\"\";s:7:\"replyTo\";s:0:\"\";s:19:\"field_value_mapping\";s:4:\"null\";s:2:\"id\";i:57;}'),
(58,49,'RecalculateRoleOnEdit','O:18:\"VTEntityMethodTask\":8:{s:18:\"executeImmediately\";b:1;s:10:\"workflowId\";s:2:\"49\";s:7:\"summary\";s:21:\"RecalculateRoleOnEdit\";s:6:\"active\";b:1;s:7:\"trigger\";N;s:10:\"methodName\";s:21:\"RecalculateRoleOnEdit\";s:19:\"field_value_mapping\";s:4:\"null\";s:2:\"id\";i:58;}'),
(59,50,'calculateRSOCreatedQty','O:18:\"VTEntityMethodTask\":8:{s:18:\"executeImmediately\";b:1;s:10:\"workflowId\";s:2:\"50\";s:7:\"summary\";s:22:\"calculateRSOCreatedQty\";s:6:\"active\";b:1;s:7:\"trigger\";N;s:10:\"methodName\";s:22:\"calculateRSOCreatedQty\";s:19:\"field_value_mapping\";s:4:\"null\";s:2:\"id\";i:59;}'),
(60,51,'calculateSOCreatedQty','O:18:\"VTEntityMethodTask\":8:{s:18:\"executeImmediately\";b:1;s:10:\"workflowId\";s:2:\"51\";s:7:\"summary\";s:21:\"calculateSOCreatedQty\";s:6:\"active\";b:1;s:7:\"trigger\";N;s:10:\"methodName\";s:21:\"calculateSOCreatedQty\";s:19:\"field_value_mapping\";s:4:\"null\";s:2:\"id\";i:60;}'),
(62,53,'Calculate Equipment Availability','O:18:\"VTEntityMethodTask\":8:{s:18:\"executeImmediately\";b:1;s:10:\"workflowId\";s:2:\"53\";s:7:\"summary\";s:32:\"Calculate Equipment Availability\";s:6:\"active\";b:1;s:7:\"trigger\";N;s:10:\"methodName\";s:32:\"EquipmentAvailabilityCalculation\";s:19:\"field_value_mapping\";s:4:\"null\";s:2:\"id\";i:62;}'),
(63,54,'Calculate Pending Days','O:18:\"VTEntityMethodTask\":8:{s:18:\"executeImmediately\";b:1;s:10:\"workflowId\";s:2:\"54\";s:7:\"summary\";s:22:\"Calculate Pending Days\";s:6:\"active\";b:1;s:7:\"trigger\";N;s:10:\"methodName\";s:17:\"UpdatePendingDays\";s:19:\"field_value_mapping\";s:4:\"null\";s:2:\"id\";i:63;}'),
(64,55,'Calculate Pending Days','O:18:\"VTEntityMethodTask\":8:{s:18:\"executeImmediately\";b:1;s:10:\"workflowId\";s:2:\"55\";s:7:\"summary\";s:22:\"Calculate Pending Days\";s:6:\"active\";b:1;s:7:\"trigger\";N;s:10:\"methodName\";s:17:\"UpdatePendingDays\";s:19:\"field_value_mapping\";s:4:\"null\";s:2:\"id\";i:64;}'),
(65,56,'ResetSalesOrderCreatedQty','O:18:\"VTEntityMethodTask\":8:{s:18:\"executeImmediately\";b:1;s:10:\"workflowId\";s:2:\"56\";s:7:\"summary\";s:25:\"ResetSalesOrderCreatedQty\";s:6:\"active\";b:1;s:7:\"trigger\";N;s:10:\"methodName\";s:25:\"ResetSalesOrderCreatedQty\";s:19:\"field_value_mapping\";s:4:\"null\";s:2:\"id\";i:65;}'),
(66,57,'Sync To SAP On Create','O:18:\"VTEntityMethodTask\":8:{s:18:\"executeImmediately\";b:1;s:10:\"workflowId\";s:2:\"57\";s:7:\"summary\";s:21:\"Sync To SAP On Create\";s:6:\"active\";b:1;s:7:\"trigger\";N;s:10:\"methodName\";s:26:\"SyncToSAPOnSaleOrderCreate\";s:19:\"field_value_mapping\";s:4:\"null\";s:2:\"id\";i:66;}'),
(67,58,'Update Name And Email','O:18:\"VTEntityMethodTask\":8:{s:18:\"executeImmediately\";b:1;s:10:\"workflowId\";s:2:\"58\";s:7:\"summary\";s:21:\"Update Name And Email\";s:6:\"active\";b:1;s:7:\"trigger\";N;s:10:\"methodName\";s:20:\"SyncSomeFieldsToUser\";s:19:\"field_value_mapping\";s:4:\"null\";s:2:\"id\";i:67;}'),
(68,59,'Calculate Present Status In Bank Guarantee','O:18:\"VTEntityMethodTask\":8:{s:18:\"executeImmediately\";b:1;s:10:\"workflowId\";s:2:\"59\";s:7:\"summary\";s:42:\"Calculate Present Status In Bank Guarantee\";s:6:\"active\";b:1;s:7:\"trigger\";N;s:10:\"methodName\";s:16:\"UpdateAutoStatus\";s:19:\"field_value_mapping\";s:4:\"null\";s:2:\"id\";i:68;}'),
(70,61,'Update Contract Years On Update','O:18:\"VTEntityMethodTask\":8:{s:18:\"executeImmediately\";b:1;s:10:\"workflowId\";s:2:\"61\";s:7:\"summary\";s:31:\"Update Contract Years On Update\";s:6:\"active\";b:1;s:7:\"trigger\";N;s:10:\"methodName\";s:28:\"CalculateContractAndWarranty\";s:19:\"field_value_mapping\";s:4:\"null\";s:2:\"id\";i:70;}'),
(71,62,'On Edit Create Equipment Availability','O:18:\"VTEntityMethodTask\":8:{s:18:\"executeImmediately\";b:1;s:10:\"workflowId\";s:2:\"62\";s:7:\"summary\";s:37:\"On Edit Create Equipment Availability\";s:6:\"active\";b:1;s:7:\"trigger\";N;s:10:\"methodName\";s:36:\"EquipmentAvailabilityCalculateOnEdit\";s:19:\"field_value_mapping\";s:4:\"null\";s:2:\"id\";i:71;}'),
(73,63,'AutoUpdateDaysfromCreateddate','O:18:\"VTEntityMethodTask\":8:{s:18:\"executeImmediately\";b:1;s:10:\"workflowId\";s:2:\"63\";s:7:\"summary\";s:29:\"AutoUpdateDaysfromCreateddate\";s:6:\"active\";b:1;s:7:\"trigger\";N;s:10:\"methodName\";s:29:\"AutoUpdateDaysfromCreateddate\";s:19:\"field_value_mapping\";s:4:\"null\";s:2:\"id\";i:73;}'),
(74,64,'UpdateHMROnCreate','O:18:\"VTEntityMethodTask\":8:{s:18:\"executeImmediately\";b:1;s:10:\"workflowId\";s:2:\"64\";s:7:\"summary\";s:17:\"UpdateHMROnCreate\";s:6:\"active\";b:1;s:7:\"trigger\";N;s:10:\"methodName\";s:17:\"UpdateHMROnCreate\";s:19:\"field_value_mapping\";s:4:\"null\";s:2:\"id\";i:74;}'),
(75,65,'On Reject Change the Ticket Status','O:18:\"VTUpdateFieldsTask\":8:{s:18:\"executeImmediately\";b:1;s:43:\"\0VTUpdateFieldsTask\0referenceFieldFocusList\";a:0:{}s:10:\"workflowId\";s:2:\"65\";s:7:\"summary\";s:34:\"On Reject Change the Ticket Status\";s:6:\"active\";b:1;s:7:\"trigger\";N;s:19:\"field_value_mapping\";s:69:\"[{\"fieldname\":\"ticketstatus\",\"value\":\"Closed\",\"valuetype\":\"rawtext\"}]\";s:2:\"id\";i:75;}'),
(76,66,'On Accept Change The Status To IN progress','O:18:\"VTUpdateFieldsTask\":8:{s:18:\"executeImmediately\";b:1;s:43:\"\0VTUpdateFieldsTask\0referenceFieldFocusList\";a:0:{}s:10:\"workflowId\";s:2:\"66\";s:7:\"summary\";s:42:\"On Accept Change The Status To IN progress\";s:6:\"active\";b:1;s:7:\"trigger\";N;s:19:\"field_value_mapping\";s:74:\"[{\"fieldname\":\"ticketstatus\",\"value\":\"In Progress\",\"valuetype\":\"rawtext\"}]\";s:2:\"id\";i:76;}'),
(77,67,'REcommisining Submit Handling','O:18:\"VTEntityMethodTask\":8:{s:18:\"executeImmediately\";b:1;s:10:\"workflowId\";s:2:\"67\";s:7:\"summary\";s:29:\"REcommisining Submit Handling\";s:6:\"active\";b:1;s:7:\"trigger\";N;s:10:\"methodName\";s:27:\"SyncToExternalOnSERCreateRR\";s:19:\"field_value_mapping\";s:4:\"null\";s:2:\"id\";i:77;}'),
(78,68,'Change Status On Report Creation','O:18:\"VTUpdateFieldsTask\":8:{s:18:\"executeImmediately\";b:1;s:43:\"\0VTUpdateFieldsTask\0referenceFieldFocusList\";a:0:{}s:10:\"workflowId\";s:2:\"68\";s:7:\"summary\";s:32:\"Change Status On Report Creation\";s:6:\"active\";b:1;s:7:\"trigger\";N;s:19:\"field_value_mapping\";s:99:\"[{\"fieldname\":\"(ticket_id : (HelpDesk) ticketstatus)\",\"value\":\"In Progress\",\"valuetype\":\"rawtext\"}]\";s:2:\"id\";i:78;}'),
(79,69,'Amount InWords','O:18:\"VTEntityMethodTask\":8:{s:18:\"executeImmediately\";b:1;s:10:\"workflowId\";s:2:\"69\";s:7:\"summary\";s:14:\"Amount InWords\";s:6:\"active\";b:1;s:7:\"trigger\";N;s:10:\"methodName\";s:22:\"CalculateAmountInWords\";s:19:\"field_value_mapping\";s:4:\"null\";s:2:\"id\";i:79;}'),
(80,70,'Invoice Numberng','O:18:\"VTEntityMethodTask\":8:{s:18:\"executeImmediately\";b:1;s:10:\"workflowId\";s:2:\"70\";s:7:\"summary\";s:16:\"Invoice Numberng\";s:6:\"active\";b:1;s:7:\"trigger\";N;s:10:\"methodName\";s:26:\"UserSpecificNumberCreation\";s:19:\"field_value_mapping\";s:4:\"null\";s:2:\"id\";i:80;}'),
(81,71,'Handle Push on Noti creation','O:18:\"VTEntityMethodTask\":8:{s:18:\"executeImmediately\";b:1;s:10:\"workflowId\";s:2:\"71\";s:7:\"summary\";s:28:\"Handle Push on Noti creation\";s:6:\"active\";b:1;s:7:\"trigger\";N;s:10:\"methodName\";s:30:\"HandlePUshNotiTicketAssignment\";s:19:\"field_value_mapping\";s:4:\"null\";s:2:\"id\";i:81;}'),
(82,72,'Handle Push on Noti Update','O:18:\"VTEntityMethodTask\":8:{s:18:\"executeImmediately\";b:1;s:10:\"workflowId\";s:2:\"72\";s:7:\"summary\";s:26:\"Handle Push on Noti Update\";s:6:\"active\";b:1;s:7:\"trigger\";N;s:10:\"methodName\";s:30:\"HandlePUshNotiTicketAssignment\";s:19:\"field_value_mapping\";s:4:\"null\";s:2:\"id\";i:82;}'),
(83,73,'Update Closed Date','O:18:\"VTUpdateFieldsTask\":8:{s:18:\"executeImmediately\";b:1;s:43:\"\0VTUpdateFieldsTask\0referenceFieldFocusList\";a:0:{}s:10:\"workflowId\";s:2:\"73\";s:7:\"summary\";s:18:\"Update Closed Date\";s:6:\"active\";b:1;s:7:\"trigger\";N;s:19:\"field_value_mapping\";s:160:\"[{\"fieldname\":\"cf_2796\",\"value\":\"modifiedtime\",\"valuetype\":\"expression\"},{\"fieldname\":\"cf_2798\",\"value\":\"add_time(modifiedtime, 330)\",\"valuetype\":\"expression\"}]\";s:2:\"id\";i:83;}'),
(84,74,'Auto assign','O:18:\"VTUpdateFieldsTask\":8:{s:18:\"executeImmediately\";b:1;s:43:\"\0VTUpdateFieldsTask\0referenceFieldFocusList\";a:0:{}s:10:\"workflowId\";s:2:\"74\";s:7:\"summary\";s:11:\"Auto assign\";s:6:\"active\";b:1;s:7:\"trigger\";N;s:19:\"field_value_mapping\";s:70:\"[{\"fieldname\":\"assigned_user_id\",\"value\":\"756\",\"valuetype\":\"rawtext\"}]\";s:2:\"id\";i:84;}'),
(85,75,'Ticket Status Has Changed','O:11:\"VTEmailTask\":17:{s:18:\"executeImmediately\";b:0;s:10:\"workflowId\";s:2:\"75\";s:7:\"summary\";s:25:\"Ticket Status Has Changed\";s:6:\"active\";b:1;s:7:\"trigger\";N;s:7:\"subject\";s:14:\"Status Changed\";s:7:\"content\";s:116:\"<html>\r\n<head>\r\n	<title></title>\r\n</head>\r\n<body>Ticket Status Has Changed To -&nbsp;$ticketstatus</body>\r\n</html>\r\n\";s:9:\"recepient\";s:66:\",$(parent_id : (Accounts) email1),$(contact_id : (Contacts) email)\";s:7:\"emailcc\";s:0:\"\";s:8:\"emailbcc\";s:0:\"\";s:9:\"fromEmail\";s:87:\"$(general : (__VtigerMeta__) supportName)<$(general : (__VtigerMeta__) supportEmailId)>\";s:3:\"pdf\";s:0:\"\";s:13:\"pdfTemplateId\";s:0:\"\";s:9:\"signature\";s:0:\"\";s:7:\"replyTo\";s:0:\"\";s:19:\"field_value_mapping\";s:4:\"null\";s:2:\"id\";i:85;}'),
(86,75,'Ticket Status Has Changed','O:11:\"VTEmailTask\":17:{s:18:\"executeImmediately\";b:0;s:10:\"workflowId\";s:2:\"75\";s:7:\"summary\";s:25:\"Ticket Status Has Changed\";s:6:\"active\";b:1;s:7:\"trigger\";N;s:7:\"subject\";s:14:\"Status Changed\";s:7:\"content\";s:116:\"<html>\r\n<head>\r\n	<title></title>\r\n</head>\r\n<body>Ticket Status Has Changed To -&nbsp;$ticketstatus</body>\r\n</html>\r\n\";s:9:\"recepient\";s:66:\",$(parent_id : (Accounts) email1),$(contact_id : (Contacts) email)\";s:7:\"emailcc\";s:0:\"\";s:8:\"emailbcc\";s:0:\"\";s:9:\"fromEmail\";s:87:\"$(general : (__VtigerMeta__) supportName)<$(general : (__VtigerMeta__) supportEmailId)>\";s:3:\"pdf\";s:0:\"\";s:13:\"pdfTemplateId\";s:0:\"\";s:9:\"signature\";s:0:\"\";s:7:\"replyTo\";s:0:\"\";s:19:\"field_value_mapping\";s:4:\"null\";s:2:\"id\";i:86;}'),
(87,76,'Send Email','O:11:\"VTEmailTask\":17:{s:18:\"executeImmediately\";b:0;s:10:\"workflowId\";s:2:\"76\";s:7:\"summary\";s:10:\"Send Email\";s:6:\"active\";b:1;s:7:\"trigger\";N;s:7:\"subject\";s:52:\"New Ticket Is Created : We will get back to you soon\";s:7:\"content\";s:171:\"<html>\r\n<head>\r\n	<title></title>\r\n</head>\r\n<body>Issues -<br />\r\n$description<br />\r\n<br />\r\nIs Raised,<br />\r\nWe will get back to you soon<br />\r\n&nbsp;</body>\r\n</html>\r\n\";s:9:\"recepient\";s:33:\",$(contact_id : (Contacts) email)\";s:7:\"emailcc\";s:0:\"\";s:8:\"emailbcc\";s:0:\"\";s:9:\"fromEmail\";s:87:\"$(general : (__VtigerMeta__) supportName)<$(general : (__VtigerMeta__) supportEmailId)>\";s:3:\"pdf\";s:0:\"\";s:13:\"pdfTemplateId\";s:0:\"\";s:9:\"signature\";s:0:\"\";s:7:\"replyTo\";s:0:\"\";s:19:\"field_value_mapping\";s:4:\"null\";s:2:\"id\";i:87;}'),
(88,77,'Create User On Approval','O:18:\"VTEntityMethodTask\":8:{s:18:\"executeImmediately\";b:1;s:10:\"workflowId\";s:2:\"77\";s:7:\"summary\";s:23:\"Create User On Approval\";s:6:\"active\";b:1;s:7:\"trigger\";N;s:10:\"methodName\";s:20:\"createUserOnApproval\";s:19:\"field_value_mapping\";s:4:\"null\";s:2:\"id\";i:88;}'),
(91,78,'Calculate Water Tank Status','O:18:\"VTEntityMethodTask\":8:{s:18:\"executeImmediately\";b:1;s:10:\"workflowId\";s:2:\"78\";s:7:\"summary\";s:27:\"Calculate Water Tank Status\";s:6:\"active\";b:1;s:7:\"trigger\";N;s:10:\"methodName\";s:24:\"CalculateWatertankStatus\";s:19:\"field_value_mapping\";s:4:\"null\";s:2:\"id\";i:91;}'),
(92,79,'Calculate Water Tank Status','O:18:\"VTEntityMethodTask\":8:{s:18:\"executeImmediately\";b:1;s:10:\"workflowId\";s:2:\"79\";s:7:\"summary\";s:27:\"Calculate Water Tank Status\";s:6:\"active\";b:1;s:7:\"trigger\";N;s:10:\"methodName\";s:24:\"CalculateWatertankStatus\";s:19:\"field_value_mapping\";s:4:\"null\";s:2:\"id\";i:92;}'),
(94,80,'Calculate Allow in ad out time ','O:18:\"VTEntityMethodTask\":8:{s:18:\"executeImmediately\";b:1;s:10:\"workflowId\";s:2:\"80\";s:7:\"summary\";s:31:\"Calculate Allow in ad out time \";s:6:\"active\";b:1;s:7:\"trigger\";N;s:10:\"methodName\";s:22:\"CalculateDurationInOut\";s:19:\"field_value_mapping\";s:4:\"null\";s:2:\"id\";i:94;}'),
(95,81,'create resident','O:18:\"VTCreateEntityTask\":10:{s:18:\"executeImmediately\";b:1;s:43:\"\0VTCreateEntityTask\0referenceFieldFocusList\";a:0:{}s:10:\"workflowId\";s:2:\"81\";s:7:\"summary\";s:15:\"create resident\";s:6:\"active\";b:1;s:7:\"trigger\";N;s:11:\"entity_type\";s:8:\"Resident\";s:15:\"reference_field\";s:0:\"\";s:19:\"field_value_mapping\";s:606:\"[{\"fieldname\":\"resident_name\",\"value\":\"owntenant_name\",\"valuetype\":\"fieldname\",\"modulename\":\"Owner\"},{\"fieldname\":\"mobile\",\"value\":\"owntenant_mobile\",\"valuetype\":\"fieldname\",\"modulename\":\"Owner\"},{\"fieldname\":\"assigned_user_id\",\"value\":\"admin@laptop.biztechnosys.com\",\"valuetype\":\"rawtext\",\"modulename\":\"Owner\"},{\"fieldname\":\"relate_block\",\"value\":\"related_block\",\"valuetype\":\"fieldname\",\"modulename\":\"Owner\"},{\"fieldname\":\"relate_flat\",\"value\":\"related_flat\",\"valuetype\":\"fieldname\",\"modulename\":\"Owner\"},{\"fieldname\":\"type_resident\",\"value\":\"owntenant_role\",\"valuetype\":\"fieldname\",\"modulename\":\"Owner\"}]\";s:2:\"id\";i:95;}'),
(96,82,'Create User On Approval','O:11:\"VTEmailTask\":17:{s:18:\"executeImmediately\";b:0;s:10:\"workflowId\";s:2:\"82\";s:7:\"summary\";s:23:\"Create User On Approval\";s:6:\"active\";b:1;s:7:\"trigger\";N;s:7:\"subject\";s:28:\"Your Credentials is Created \";s:7:\"content\";s:309:\"<html>\r\n<head>\r\n	<title></title>\r\n</head>\r\n<body>\r\n<p>Hi $service_engineer_name,<br />\r\nYour account has been successfully validated.<br />\r\nYou can now login with username: &quot;$email&quot; and Password: &quot;$user_password&quot;.</p>\r\n\r\n<p>Thanks &amp; Regards,</p>\r\n\r\n<p>BizInfra</p>\r\n</body>\r\n</html>\r\n\";s:9:\"recepient\";s:7:\",$email\";s:7:\"emailcc\";s:0:\"\";s:8:\"emailbcc\";s:0:\"\";s:9:\"fromEmail\";s:87:\"$(general : (__VtigerMeta__) supportName)<$(general : (__VtigerMeta__) supportEmailId)>\";s:3:\"pdf\";s:0:\"\";s:13:\"pdfTemplateId\";s:0:\"\";s:9:\"signature\";s:0:\"\";s:7:\"replyTo\";s:0:\"\";s:19:\"field_value_mapping\";s:4:\"null\";s:2:\"id\";i:96;}'),
(98,84,'update filed count','O:18:\"VTUpdateFieldsTask\":8:{s:18:\"executeImmediately\";b:1;s:43:\"\0VTUpdateFieldsTask\0referenceFieldFocusList\";a:0:{}s:10:\"workflowId\";s:2:\"84\";s:7:\"summary\";s:18:\"update filed count\";s:6:\"active\";b:1;s:7:\"trigger\";N;s:19:\"field_value_mapping\";s:114:\"[{\"fieldname\":\"poster_count\",\"value\":\"time_diffdays(posterend_date,posterstart_date)+1\",\"valuetype\":\"expression\"}]\";s:2:\"id\";i:98;}'),
(99,85,'update filed ','O:18:\"VTUpdateFieldsTask\":8:{s:18:\"executeImmediately\";b:1;s:43:\"\0VTUpdateFieldsTask\0referenceFieldFocusList\";a:0:{}s:10:\"workflowId\";s:2:\"85\";s:7:\"summary\";s:13:\"update filed \";s:6:\"active\";b:1;s:7:\"trigger\";N;s:19:\"field_value_mapping\";s:76:\"[{\"fieldname\":\"annos_active\",\"value\":\"false:boolean\",\"valuetype\":\"rawtext\"}]\";s:2:\"id\";i:99;}'),
(100,86,'update filed count','O:18:\"VTEntityMethodTask\":8:{s:18:\"executeImmediately\";b:1;s:10:\"workflowId\";s:2:\"86\";s:7:\"summary\";s:18:\"update filed count\";s:6:\"active\";b:1;s:7:\"trigger\";N;s:10:\"methodName\";s:16:\"UpdateCountField\";s:19:\"field_value_mapping\";s:4:\"null\";s:2:\"id\";i:100;}'),
(103,88,'create guard ','O:18:\"VTCreateEntityTask\":10:{s:18:\"executeImmediately\";b:1;s:43:\"\0VTCreateEntityTask\0referenceFieldFocusList\";a:0:{}s:10:\"workflowId\";s:2:\"88\";s:7:\"summary\";s:13:\"create guard \";s:6:\"active\";b:1;s:7:\"trigger\";N;s:11:\"entity_type\";s:8:\"GuardDir\";s:15:\"reference_field\";s:0:\"\";s:19:\"field_value_mapping\";s:411:\"[{\"fieldname\":\"guarddir_name\",\"value\":\"service_engineer_name\",\"valuetype\":\"fieldname\",\"modulename\":\"ServiceEngineer\"},{\"fieldname\":\"guarddir_mobile\",\"value\":\"phone\",\"valuetype\":\"fieldname\",\"modulename\":\"ServiceEngineer\"},{\"fieldname\":\"assigned_user_id\",\"value\":\"Infra632570\",\"valuetype\":\"rawtext\",\"modulename\":\"ServiceEngineer\"},{\"fieldname\":\"guarddir_img\",\"valuetype\":\"rawtext\",\"modulename\":\"ServiceEngineer\"}]\";s:2:\"id\";i:103;}'),
(105,89,'status','O:18:\"VTUpdateFieldsTask\":8:{s:18:\"executeImmediately\";b:1;s:43:\"\0VTUpdateFieldsTask\0referenceFieldFocusList\";a:0:{}s:10:\"workflowId\";s:2:\"89\";s:7:\"summary\";s:6:\"status\";s:6:\"active\";b:1;s:7:\"trigger\";N;s:19:\"field_value_mapping\";s:79:\"[{\"fieldname\":\"posterapproval_status\",\"value\":\"Pending\",\"valuetype\":\"rawtext\"}]\";s:2:\"id\";i:105;}'),
(110,92,'field','O:18:\"VTUpdateFieldsTask\":8:{s:18:\"executeImmediately\";b:1;s:43:\"\0VTUpdateFieldsTask\0referenceFieldFocusList\";a:0:{}s:10:\"workflowId\";s:2:\"92\";s:7:\"summary\";s:5:\"field\";s:6:\"active\";b:1;s:7:\"trigger\";N;s:19:\"field_value_mapping\";s:70:\"[{\"fieldname\":\"assigned_user_id\",\"value\":\"880\",\"valuetype\":\"rawtext\"}]\";s:2:\"id\";i:110;}'),
(111,93,'Update Status','O:18:\"VTUpdateFieldsTask\":8:{s:18:\"executeImmediately\";b:1;s:43:\"\0VTUpdateFieldsTask\0referenceFieldFocusList\";a:0:{}s:10:\"workflowId\";s:2:\"93\";s:7:\"summary\";s:13:\"Update Status\";s:6:\"active\";b:0;s:7:\"trigger\";N;s:19:\"field_value_mapping\";s:69:\"[{\"fieldname\":\"payment_status\",\"value\":\"Paid\",\"valuetype\":\"rawtext\"}]\";s:2:\"id\";i:111;}'),
(112,93,'Generating Transaction Id','O:18:\"VTEntityMethodTask\":8:{s:18:\"executeImmediately\";b:1;s:10:\"workflowId\";s:2:\"93\";s:7:\"summary\";s:25:\"Generating Transaction Id\";s:6:\"active\";b:1;s:7:\"trigger\";N;s:10:\"methodName\";s:22:\"GenratingTransactionId\";s:19:\"field_value_mapping\";s:4:\"null\";s:2:\"id\";i:112;}'),
(113,94,'Create CRM Instance','O:11:\"VTEmailTask\":17:{s:18:\"executeImmediately\";b:0;s:10:\"workflowId\";s:2:\"94\";s:7:\"summary\";s:19:\"Create CRM Instance\";s:6:\"active\";b:1;s:7:\"trigger\";N;s:7:\"subject\";s:30:\"Your CRM instance is created,.\";s:7:\"content\";s:687:\"<html>\r\n<head>\r\n	<title></title>\r\n</head>\r\n<body>\r\n<p>Hi <strong>$</strong><span style=\"font-family: sans-serif; font-size: 13.12px; white-space-collapse: preserve; background-color: rgb(255, 255, 255);\"><strong>soceity_person</strong>,</span></p>\r\n\r\n<p>Your CRM instance has been successfully created for you soceity : &quot;<strong>$</strong><span data-teams=\"true\"><strong>soceity_accountname</strong>&quot;. Please check your website through this base url - &quot;<strong>$soceity_baseurl</strong>&quot;.</span></p>\r\n\r\n<p><strong><span data-teams=\"true\">Thanks &amp; Regards,</span></strong></p>\r\n\r\n<p><strong><span data-teams=\"true\">Bizinfra.</span></strong></p>\r\n</body>\r\n</html>\r\n\";s:9:\"recepient\";s:8:\",$email1\";s:7:\"emailcc\";s:0:\"\";s:8:\"emailbcc\";s:0:\"\";s:9:\"fromEmail\";s:87:\"$(general : (__VtigerMeta__) supportName)<$(general : (__VtigerMeta__) supportEmailId)>\";s:3:\"pdf\";s:0:\"\";s:13:\"pdfTemplateId\";s:0:\"\";s:9:\"signature\";s:0:\"\";s:7:\"replyTo\";s:0:\"\";s:19:\"field_value_mapping\";s:4:\"null\";s:2:\"id\";i:113;}'),
(114,95,'pushnotification','O:18:\"VTEntityMethodTask\":8:{s:18:\"executeImmediately\";b:1;s:10:\"workflowId\";s:2:\"95\";s:7:\"summary\";s:16:\"pushnotification\";s:6:\"active\";b:1;s:7:\"trigger\";N;s:10:\"methodName\";s:16:\"SendNotification\";s:19:\"field_value_mapping\";s:4:\"null\";s:2:\"id\";i:114;}'),
(115,96,'pushnotification','O:18:\"VTEntityMethodTask\":8:{s:18:\"executeImmediately\";b:1;s:10:\"workflowId\";s:2:\"96\";s:7:\"summary\";s:16:\"pushnotification\";s:6:\"active\";b:1;s:7:\"trigger\";N;s:10:\"methodName\";s:16:\"SendNotification\";s:19:\"field_value_mapping\";s:4:\"null\";s:2:\"id\";i:115;}'),
(116,97,'pushnotification','O:18:\"VTEntityMethodTask\":8:{s:18:\"executeImmediately\";b:1;s:10:\"workflowId\";s:2:\"97\";s:7:\"summary\";s:16:\"pushnotification\";s:6:\"active\";b:1;s:7:\"trigger\";N;s:10:\"methodName\";s:16:\"SendNotification\";s:19:\"field_value_mapping\";s:4:\"null\";s:2:\"id\";i:116;}'),
(117,98,'pushnotification','O:18:\"VTEntityMethodTask\":8:{s:18:\"executeImmediately\";b:1;s:10:\"workflowId\";s:2:\"98\";s:7:\"summary\";s:16:\"pushnotification\";s:6:\"active\";b:1;s:7:\"trigger\";N;s:10:\"methodName\";s:19:\"SendEmpNotification\";s:19:\"field_value_mapping\";s:4:\"null\";s:2:\"id\";i:117;}'),
(118,99,'pushnotification','O:18:\"VTEntityMethodTask\":8:{s:18:\"executeImmediately\";b:1;s:10:\"workflowId\";s:2:\"99\";s:7:\"summary\";s:16:\"pushnotification\";s:6:\"active\";b:1;s:7:\"trigger\";N;s:10:\"methodName\";s:25:\"SendNotificationWaterTank\";s:19:\"field_value_mapping\";s:4:\"null\";s:2:\"id\";i:118;}'),
(119,100,'Create User On Approval','O:18:\"VTEntityMethodTask\":8:{s:18:\"executeImmediately\";b:1;s:10:\"workflowId\";s:3:\"100\";s:7:\"summary\";s:23:\"Create User On Approval\";s:6:\"active\";b:1;s:7:\"trigger\";N;s:10:\"methodName\";s:20:\"createUserOnApproval\";s:19:\"field_value_mapping\";s:4:\"null\";s:2:\"id\";i:119;}');

--
-- Table structure for table `com_vtiger_workflowtasks_entitymethod`
--

CREATE TABLE `com_vtiger_workflowtasks_entitymethod` (
  `workflowtasks_entitymethod_id` int(11) NOT NULL,
  `module_name` varchar(100) DEFAULT NULL,
  `method_name` varchar(100) DEFAULT NULL,
  `function_path` varchar(400) DEFAULT NULL,
  `function_name` varchar(100) DEFAULT NULL,
  PRIMARY KEY (`workflowtasks_entitymethod_id`),
  UNIQUE KEY `com_vtiger_workflowtasks_entitymethod_idx` (`workflowtasks_entitymethod_id`)
) ENGINE=InnoDB DEFAULT CHARSET=utf8mb3 COLLATE=utf8mb3_general_ci;

--
-- Dumping data for table `com_vtiger_workflowtasks_entitymethod`
--

INSERT INTO `com_vtiger_workflowtasks_entitymethod` VALUES
(1,'SalesOrder','UpdateInventory','include/InventoryHandler.php','handleInventoryProductRel'),
(2,'Invoice','UpdateInventory','include/InventoryHandler.php','handleInventoryProductRel'),
(3,'Contacts','SendPortalLoginDetails','modules/Contacts/ContactsHandler.php','Contacts_sendCustomerPortalLoginDetails'),
(4,'HelpDesk','NotifyOnPortalTicketCreation','modules/HelpDesk/HelpDeskHandler.php','HelpDesk_nofifyOnPortalTicketCreation'),
(5,'HelpDesk','NotifyOnPortalTicketComment','modules/HelpDesk/HelpDeskHandler.php','HelpDesk_notifyOnPortalTicketComment'),
(6,'HelpDesk','NotifyOwnerOnTicketChange','modules/HelpDesk/HelpDeskHandler.php','HelpDesk_notifyOwnerOnTicketChange'),
(7,'HelpDesk','NotifyParentOnTicketChange','modules/HelpDesk/HelpDeskHandler.php','HelpDesk_notifyParentOnTicketChange'),
(8,'ModComments','CustomerCommentFromPortal','modules/ModComments/ModCommentsHandler.php','CustomerCommentFromPortal'),
(9,'ModComments','TicketOwnerComments','modules/ModComments/ModCommentsHandler.php','TicketOwnerComments'),
(10,'PurchaseOrder','UpdateInventory','include/InventoryHandler.php','handleInventoryProductRel'),
(11,'Project','SetEstimatedDate','include/EstimatedDateHandler.php','handleSetEstimatedDate'),
(12,'Accounts','AccountsExternalAppSync','modules/Accounts/AccountsExternalAppSync.php','AccountsExternalAppSync'),
(13,'ServiceEngineer','calculateYOE','modules/ServiceEngineer/calculateYOE.php','calculateYOE'),
(14,'ServiceEngineer','createUserOnApproval','modules/ServiceEngineer/createUserOnApproval.php','createUserOnApproval'),
(15,'Contacts','handleCustomerPortalUser','modules/Contacts/handleCustomerPortalUser.php','handleCustomerPortalUser'),
(16,'HelpDesk','HandleTicketAssignment','modules/HelpDesk/HandleTicketAssignment.php','HandleTicketAssignment'),
(17,'HelpDesk','SyncToExternalOnAccept','modules/HelpDesk/SyncToExternalOnAccept.php','SyncToExternalOnAccept'),
(18,'ServiceReports','SyncToExternalOnSERCreate','modules/ServiceReports/SyncToExternalOnSERCreate.php','SyncToExternalOnSERCreate'),
(19,'StockTransferOrders','SyncToExternalOnSTOCreate','modules/StockTransferOrders/SyncToExternalOnSTOCreate.php','SyncToExternalOnSTOCreate'),
(20,'Products','ProductsExternalAppSyncUpdated','modules/Products/ProductsExternalAppSyncUpdated.php','ProductsExternalAppSyncUpdated'),
(21,'ServiceReports','CalculateEquipmentAvailability','modules/ServiceReports/CalculateEquipmentAvailability.php','CalculateEquipmentAvailability'),
(22,'EquipmentAvailability','CalculateEquipmentAvailability','modules/EquipmentAvailability/CalculateEquipmentAvailability.php','CalculateEquipmentAvailability'),
(23,'ServiceOrders','SyncToExternalOnServiceOrderCreate','modules/ServiceOrders/SyncToExternalOnServiceOrderCreate.php','SyncToExternalOnServiceOrderCreate'),
(24,'HelpDesk','SyncToExternalOnStatusChange','modules/HelpDesk/SyncToExternalOnStatusChange.php','SyncToExternalOnStatusChange'),
(25,'RecommissioningReports','SyncToExternalOnSERCreate','modules/RecommissioningReports/SyncToExternalOnSERCreate.php','SyncToExternalOnSERCreate'),
(26,'ServiceEngineer','RecalculateRoleOnEdit','modules/ServiceEngineer/RecalculateRoleOnEdit.php','RecalculateRoleOnEdit'),
(27,'ServiceEngineer','SyncSomeFieldsToUser','modules/ServiceEngineer/SyncSomeFieldsToUser.php','SyncSomeFieldsToUser'),
(28,'ReturnSaleOrders','calculateRSOCreatedQty','modules/ReturnSaleOrders/calculateRSOCreatedQty.php','calculateRSOCreatedQty'),
(29,'SalesOrder','SyncToSAPOnSaleOrderCreate','modules/SalesOrder/SyncToSAPOnSaleOrderCreate.php','SyncToSAPOnSaleOrderCreate'),
(30,'SalesOrder','calculateSOCreatedQty','modules/SalesOrder/calculateSOCreatedQty.php','calculateSOCreatedQty'),
(31,'FailedParts','UpdatePendingDays','modules/FailedParts/UpdatePendingDays.php','UpdatePendingDays'),
(32,'EquipmentAvailability','EquipmentAvailabilityCalculation','modules/EquipmentAvailability/EquipmentAvailabilityCalculation.php','EquipmentAvailabilityCalculation'),
(33,'SalesOrder','ResetSalesOrderCreatedQty','modules/SalesOrder/ResetSalesOrderCreatedQty.php','ResetSalesOrderCreatedQty'),
(34,'BankGuarantee','UpdateAutoStatus','modules/BankGuarantee/UpdateAutoStatus.php','UpdateAutoStatus'),
(36,'Equipment','EquipmentAvailabilityCalculateOnEdit','modules/Equipment/EquipmentAvailabilityCalculateOnEdit.php','EquipmentAvailabilityCalculateOnEdit'),
(37,'Equipment','CalculateContractAndWarranty','modules/Equipment/CalculateContractAndWarranty.php','CalculateContractAndWarranty'),
(41,'ServiceOrders','ExternalAppSyncUpdated','modules/ServiceOrders/ExternalAppSyncUpdated.php','ExternalAppSyncUpdated'),
(48,'HelpDesk','AutoUpdateDaysfromCreateddate','modules/HelpDesk/AutoUpdateDaysfromCreateddate.php','AutoUpdateDaysfromCreateddate'),
(49,'HMREntries','UpdateHMROnCreate','modules/HMREntries/UpdateHMROnCreate.php','UpdateHMROnCreate'),
(50,'RecommissioningReports','SyncToExternalOnSERCreateRR','modules/RecommissioningReports/SyncToExternalOnSERCreateRR.php','SyncToExternalOnSERCreateRR'),
(51,'HelpDesk','CalculateAmountInWords','modules/HelpDesk/CalculateAmountInWords.php','CalculateAmountInWords'),
(52,'HelpDesk','UserSpecificNumberCreation','modules/HelpDesk/UserSpecificNumberCreation.php','UserSpecificNumberCreation'),
(53,'HelpDesk','HandlePUshNotiTicketAssignment','modules/HelpDesk/HandlePUshNotiTicketAssignment.php','HandlePUshNotiTicketAssignment'),
(54,'Owner','createUserOnApproval','modules/Owner/createUserOnApproval.php','createUserOnApproval'),
(55,'WaterTank','CalculateWatertankStatus','modules/WaterTank/CalculateWatertankStatus.php','CalculateWatertankStatus'),
(56,'Inout','CalculateDurationInOut','modules/Inout/CalculateDurationInOut.php','CalculateDurationInOut'),
(57,'Announcements','UpdateCountField','modules/Announcements/UpdateCountField.php','UpdateCountField'),
(58,'Owner','SendCredentialsTask','modules/Owner/SendCredentialsTask.php','SendCredentialsTask'),
(59,'PaymentDetail','GenratingTransactionId','modules/PaymentDetail/GenratingTransactionId.php','GenratingTransactionId'),
(60,'Attendance','CalculateSignInSignOut','modules/Attendance/CalculateSignInSignOut.php','CalculateSignInSignOut'),
(61,'HelpDesk','SendNotification','modules/HelpDesk/SendNotification.php','SendNotification'),
(62,'Notice','SendNotification','modules/Notice/SendNotification.php','SendNotification'),
(63,'DomesticHelp','SendNotification','modules/DomesticHelp/SendNotification.php','SendNotification'),
(64,'ServiceEngineer','SendEmpNotification','modules/ServiceEngineer/SendEmpNotification.php','SendEmpNotification'),
(65,'WaterTank','SendNotificationWaterTank','modules/WaterTank/SendNotificationWaterTank.php','SendNotificationWaterTank'),
(68,'InfraEmployee','createUserOnApproval','modules/InfraEmployee/createUserOnApproval.php','createUserOnApproval');

--
-- Table structure for table `com_vtiger_workflowtasks_entitymethod_seq`
--

CREATE TABLE `com_vtiger_workflowtasks_entitymethod_seq` (
  `id` int(11) NOT NULL
) ENGINE=MyISAM DEFAULT CHARSET=utf8mb3 COLLATE=utf8mb3_general_ci;

--
-- Dumping data for table `com_vtiger_workflowtasks_entitymethod_seq`
--

INSERT INTO `com_vtiger_workflowtasks_entitymethod_seq` VALUES
(68);

--
-- Table structure for table `com_vtiger_workflowtasks_seq`
--

CREATE TABLE `com_vtiger_workflowtasks_seq` (
  `id` int(11) NOT NULL
) ENGINE=MyISAM DEFAULT CHARSET=utf8mb3 COLLATE=utf8mb3_general_ci;

--
-- Dumping data for table `com_vtiger_workflowtasks_seq`
--

INSERT INTO `com_vtiger_workflowtasks_seq` VALUES
(120);

--
-- Table structure for table `com_vtiger_workflowtemplates`
--

CREATE TABLE `com_vtiger_workflowtemplates` (
  `template_id` int(11) NOT NULL AUTO_INCREMENT,
  `module_name` varchar(100) DEFAULT NULL,
  `title` varchar(400) DEFAULT NULL,
  `template` text DEFAULT NULL,
  PRIMARY KEY (`template_id`)
) ENGINE=InnoDB DEFAULT CHARSET=utf8mb3 COLLATE=utf8mb3_general_ci;

--
-- Dumping data for table `com_vtiger_workflowtemplates`
--


--
-- Table structure for table `its4you_error_log`
--

CREATE TABLE `its4you_error_log` (
  `logid` int(11) NOT NULL AUTO_INCREMENT,
  `modulename` varchar(255) NOT NULL,
  `userid` int(19) NOT NULL DEFAULT 0,
  `error_log_time` datetime NOT NULL,
  `log_text` longtext DEFAULT NULL,
  PRIMARY KEY (`logid`),
  UNIQUE KEY `logid` (`logid`,`error_log_time`)
) ENGINE=InnoDB DEFAULT CHARSET=utf8mb3 COLLATE=utf8mb3_general_ci;

--
-- Dumping data for table `its4you_error_log`
--


--
-- Table structure for table `its4you_hsb`
--

CREATE TABLE `its4you_hsb` (
  `moduleId` int(10) DEFAULT NULL,
  `fieldName` varchar(100) DEFAULT NULL
) ENGINE=InnoDB DEFAULT CHARSET=utf8mb3 COLLATE=utf8mb3_general_ci;

--
-- Dumping data for table `its4you_hsb`
--

INSERT INTO `its4you_hsb` VALUES
(13,'ticketstatus');

--
-- Table structure for table `its4you_installer_alert`
--

CREATE TABLE `its4you_installer_alert` (
  `alert` int(11) DEFAULT NULL,
  `message` varchar(250) DEFAULT NULL,
  `alert_type` varchar(50) DEFAULT NULL,
  `link` varchar(250) DEFAULT NULL,
  `createdtime` datetime DEFAULT NULL,
  `status` int(1) DEFAULT NULL
) ENGINE=InnoDB DEFAULT CHARSET=utf8mb3 COLLATE=utf8mb3_general_ci;

--
-- Dumping data for table `its4you_installer_alert`
--

INSERT INTO `its4you_installer_alert` VALUES
(108778,'New update is ready for  Installer','update','index.php?module=ITS4YouInstaller&parent=Settings&view=Extensions','2022-08-07 03:26:26',1);

--
-- Table structure for table `its4you_installer_license`
--

CREATE TABLE `its4you_installer_license` (
  `license` varchar(250) NOT NULL,
  `license_data` text DEFAULT NULL,
  PRIMARY KEY (`license`)
) ENGINE=MyISAM DEFAULT CHARSET=utf8mb3 COLLATE=utf8mb3_bin;

--
-- Dumping data for table `its4you_installer_license`
--


--
-- Table structure for table `its4you_installer_user`
--

CREATE TABLE `its4you_installer_user` (
  `userid` int(11) DEFAULT NULL,
  `username` varchar(200) DEFAULT NULL,
  `password` varchar(200) DEFAULT NULL,
  `createdon` datetime DEFAULT NULL
) ENGINE=InnoDB DEFAULT CHARSET=utf8mb3 COLLATE=utf8mb3_bin;

--
-- Dumping data for table `its4you_installer_user`
--

INSERT INTO `its4you_installer_user` VALUES
(2943164,'lokesh.1997.shetty@gmail.com','$2y$10$GAii34Q5A4pTmvP3HEfQMu0wRT2brUxeDzRX48HYHD8CW5Qt4QpUK','2022-06-17 08:29:39');

--
-- Table structure for table `its4you_installer_version`
--

CREATE TABLE `its4you_installer_version` (
  `versionid` int(11) NOT NULL AUTO_INCREMENT,
  `extension` varchar(30) DEFAULT NULL,
  `version` varchar(25) DEFAULT NULL,
  `update_datetime` datetime DEFAULT NULL,
  PRIMARY KEY (`versionid`),
  UNIQUE KEY `extension` (`extension`)
) ENGINE=MyISAM AUTO_INCREMENT=2 DEFAULT CHARSET=utf8mb3 COLLATE=utf8mb3_general_ci;

--
-- Dumping data for table `its4you_installer_version`
--

INSERT INTO `its4you_installer_version` VALUES
(1,'PDFMaker','0.9','2022-06-17 08:32:29');

--
-- Table structure for table `its4you_kanban_view_settings`
--

CREATE TABLE `its4you_kanban_view_settings` (
  `id` int(19) NOT NULL AUTO_INCREMENT,
  `tabid` int(19) NOT NULL,
  `fieldid` int(19) NOT NULL,
  `userid` int(11) NOT NULL,
  `picklist_values` varchar(2000) NOT NULL,
  PRIMARY KEY (`id`)
) ENGINE=InnoDB AUTO_INCREMENT=2 DEFAULT CHARSET=utf8mb3 COLLATE=utf8mb3_general_ci;

--
-- Dumping data for table `its4you_kanban_view_settings`
--

INSERT INTO `its4you_kanban_view_settings` VALUES
(1,13,161,0,'a:4:{i:0;s:1:\"1\";i:1;s:1:\"2\";i:2;s:1:\"3\";i:3;s:1:\"4\";}');

--
-- Table structure for table `its4you_multicompany4you`
--

CREATE TABLE `its4you_multicompany4you` (
  `companyid` int(19) NOT NULL,
  `companyname` varchar(255) NOT NULL,
  `company_no` varchar(32) DEFAULT NULL,
  `street` varchar(255) DEFAULT NULL,
  `city` varchar(255) DEFAULT NULL,
  `code` varchar(255) DEFAULT NULL,
  `state` varchar(255) DEFAULT NULL,
  `country` varchar(255) DEFAULT NULL,
  `phone` varchar(255) DEFAULT NULL,
  `fax` varchar(255) DEFAULT NULL,
  `email` varchar(255) DEFAULT NULL,
  `website` varchar(255) DEFAULT NULL,
  `logo` varchar(255) DEFAULT NULL,
  `bankname` varchar(255) DEFAULT NULL,
  `bankaccountno` varchar(255) DEFAULT NULL,
  `iban` varchar(50) DEFAULT NULL,
  `swift` varchar(30) DEFAULT NULL,
  `registrationno` varchar(255) DEFAULT NULL,
  `vatid` varchar(255) DEFAULT NULL,
  `taxid` varchar(255) DEFAULT NULL,
  `stamp` varchar(255) DEFAULT NULL,
  `additionalinformations` text DEFAULT NULL,
  `mc_role` varchar(255) DEFAULT NULL,
  `deleted` int(1) NOT NULL DEFAULT 0,
  `tags` varchar(1) DEFAULT NULL,
  PRIMARY KEY (`companyid`),
  KEY `deleted` (`deleted`)
) ENGINE=InnoDB DEFAULT CHARSET=utf8mb3 COLLATE=utf8mb3_general_ci;

--
-- Dumping data for table `its4you_multicompany4you`
--

INSERT INTO `its4you_multicompany4you` VALUES
(7795,'BEML LIMITED','','','','','','','0746 232 722','0746 232 722','beml-ltd@beml.com','beml.com','','','','','','REG002019','VAT0321','TAX0321','','','H17',0,''),
(7827,'BEML SERVICE CENTRES - KOLKATA','','','KOLKATA','','','India','9958174455','9958174455','kolkata.cemter@beml.com','kolkata.beml.com','','','','','','REG002022','VAT0654','TAX0654','','','H20',0,''),
(7828,'BEML SERVICE CENTER - BANGALORE','','','','','','','9121123042','9121123042','banglore.center@beml.com','bangalore.beml.com','','','','','','REG002021','VAT0987','TAX0987','','','H16',0,'');

--
-- Table structure for table `its4you_multicompany4you_cn`
--

CREATE TABLE `its4you_multicompany4you_cn` (
  `companyid` int(11) DEFAULT NULL,
  `tab_id` int(11) DEFAULT NULL,
  `prefix` varchar(50) NOT NULL DEFAULT '',
  `start_id` varchar(50) NOT NULL,
  `cur_id` varchar(50) NOT NULL,
  `active` varchar(2) NOT NULL,
  KEY `role_id` (`companyid`,`tab_id`)
) ENGINE=InnoDB DEFAULT CHARSET=utf8mb3 COLLATE=utf8mb3_general_ci;

--
-- Dumping data for table `its4you_multicompany4you_cn`
--


--
-- Table structure for table `its4you_multicompany4you_cn_modules`
--

CREATE TABLE `its4you_multicompany4you_cn_modules` (
  `tab_id` int(11) DEFAULT NULL
) ENGINE=InnoDB DEFAULT CHARSET=utf8mb3 COLLATE=utf8mb3_general_ci;

--
-- Dumping data for table `its4you_multicompany4you_cn_modules`
--

INSERT INTO `its4you_multicompany4you_cn_modules` VALUES
(6);

--
-- Table structure for table `its4you_multicompany4you_seq`
--

CREATE TABLE `its4you_multicompany4you_seq` (
  `id` int(11) NOT NULL
) ENGINE=InnoDB DEFAULT CHARSET=utf8mb3 COLLATE=utf8mb3_general_ci;

--
-- Dumping data for table `its4you_multicompany4you_seq`
--


--
-- Table structure for table `its4you_multicompany4you_tempattachmentid`
--

CREATE TABLE `its4you_multicompany4you_tempattachmentid` (
  `attachmentsid` int(19) NOT NULL,
  `fieldname` varchar(50) NOT NULL
) ENGINE=InnoDB DEFAULT CHARSET=utf8mb3 COLLATE=utf8mb3_general_ci;

--
-- Dumping data for table `its4you_multicompany4you_tempattachmentid`
--


--
-- Table structure for table `its4you_multicompany4you_version`
--

CREATE TABLE `its4you_multicompany4you_version` (
  `version` varchar(10) NOT NULL,
  `license` varchar(255) NOT NULL,
  UNIQUE KEY `version` (`version`)
) ENGINE=InnoDB DEFAULT CHARSET=utf8mb3 COLLATE=utf8mb3_general_ci;

--
-- Dumping data for table `its4you_multicompany4you_version`
--


--
-- Table structure for table `its4you_multicompany4youcf`
--

CREATE TABLE `its4you_multicompany4youcf` (
  `companyid` int(19) NOT NULL,
  PRIMARY KEY (`companyid`)
) ENGINE=InnoDB DEFAULT CHARSET=utf8mb3 COLLATE=utf8mb3_general_ci;

--
-- Dumping data for table `its4you_multicompany4youcf`
--

INSERT INTO `its4you_multicompany4youcf` VALUES
(7795),
(7827),
(7828);

--
-- Table structure for table `its4you_reports4you`
--

CREATE TABLE `its4you_reports4you` (
  `reports4youid` int(11) NOT NULL DEFAULT 0,
  `reports4youname` varchar(255) DEFAULT NULL,
  `description` text NOT NULL,
  `folderid` int(11) NOT NULL,
  `reporttype` varchar(255) NOT NULL DEFAULT 'tabular',
  `deleted` int(1) NOT NULL DEFAULT 0,
  `columns_limit` int(11) NOT NULL DEFAULT 0,
  `summaries_limit` int(11) NOT NULL DEFAULT 0,
  PRIMARY KEY (`reports4youid`),
  KEY `folderid` (`folderid`),
  KEY `reporttype` (`reporttype`),
  KEY `deleted` (`deleted`)
) ENGINE=InnoDB DEFAULT CHARSET=utf8mb3 COLLATE=utf8mb3_general_ci;

--
-- Dumping data for table `its4you_reports4you`
--

INSERT INTO `its4you_reports4you` VALUES
(1,'ITS4You: Opportunities by Users with Details','',11,'summaries_w_details',0,20,20),
(2,'ITS4You: Opportunities by Organization with Details','',11,'summaries_w_details',0,20,20),
(3,'ITS4You: Opportunities by Organization - Summaries','',11,'summaries',0,20,20),
(4,'ITS4You: Opportunities by Sales Stage, Organization - Summaries','',11,'summaries',0,20,20),
(5,'ITS4You: Opportunities by Sales Stage, Organization - Summary with Columns','',11,'summaries_matrix',0,20,20),
(6,'ITS4You: Opportunities by Sales Stage - Summaries','',11,'summaries',0,20,20),
(7,'ITS4You: Quotes by Organization - Detail','',5,'summaries_w_details',0,20,20),
(8,'ITS4You: Leads By Status with Details','',2,'summaries_w_details',0,20,20),
(9,'ITS4You: Leads By Source with Details','',2,'summaries_w_details',0,20,20),
(10,'ITS4You: Leads By User with Details','',2,'summaries_w_details',0,20,20),
(11,'ITS4You: Leads Group By Status - Summary','',2,'summaries',0,20,20),
(12,'ITS4You: Leads by State with Details 2','',2,'summaries_w_details',0,20,20),
(13,'ITS4You: Leads by Source - Summary','',2,'summaries',0,20,20),
(14,'ITS4You: Leads Group By Status, Sorce - Summary','',2,'summaries',0,20,20),
(15,'ITS4You: Ivoices by Organization - Summaries','',6,'summaries',0,20,20),
(16,'ITS4You: Opportunities by Users with Details','',11,'summaries_w_details',0,20,20),
(17,'ITS4You: Opportunities by Organization with Details','',11,'summaries_w_details',0,20,20),
(18,'ITS4You: Opportunities by Organization - Summaries','',11,'summaries',0,20,20),
(19,'ITS4You: Opportunities by Sales Stage, Organization - Summaries','',11,'summaries',0,20,20),
(20,'ITS4You: Opportunities by Sales Stage, Organization - Summary with Columns','',11,'summaries_matrix',0,20,20),
(21,'ITS4You: Opportunities by Sales Stage - Summaries','',11,'summaries',0,20,20),
(22,'ITS4You: Quotes by Organization - Detail','',5,'summaries_w_details',0,20,20),
(23,'ITS4You: Ivoices by Organization - Summaries','',6,'summaries',0,20,20),
(24,'ITS4You: Ivoices by Organization and Status - Summaries','',6,'summaries',0,20,20),
(25,'ITS4You: Ordered Product and Service, Group By Sales Order by Month','',12,'summaries_matrix',0,20,20),
(26,'ITS4You: Ivoices by Organization - Detail','',6,'summaries_w_details',0,20,20),
(27,'ITS4You: Invoiced Product and Service by Month','',4,'summaries_matrix',0,20,20),
(28,'ITS4You: Tickets by User and Status - Summaries','',7,'summaries',0,20,20),
(29,'ITS4You: Tickets by User by Month - Matrix','',7,'summaries_matrix',0,20,20),
(30,'ITS4You: Leads Group By Status - Summary','',2,'summaries',0,20,20),
(31,'ITS4You: Leads by Source - Summary','',2,'summaries',0,20,20),
(32,'ITS4You: Leads Group By Status, Sorce - Summary','',2,'summaries',0,20,20),
(33,'ITS4You: Leads by Source, Company and Assigned To - Summary','',2,'summaries',0,20,20),
(34,'ITS4You: Ivoices by Organization - Detail','',6,'summaries_w_details',0,20,20),
(35,'ITS4You: Comments By Related To','',2,'summaries_w_details',0,20,20),
(36,'ITS4You: Ivoices by Organization - Detail','',6,'summaries_w_details',0,20,20),
(37,'ITS4You: Qty Products sold by Year','',4,'summaries',0,20,20),
(38,'Service Req  Reports','',1,'summaries_matrix',0,20,20),
(39,'Failed Part Reports','',1,'summaries',0,20,20);

--
-- Table structure for table `its4you_reports4you_cc_columns`
--

CREATE TABLE `its4you_reports4you_cc_columns` (
  `reportid` int(19) NOT NULL,
  `columnindex` int(11) NOT NULL DEFAULT 0,
  `columnname` varchar(250) DEFAULT '',
  PRIMARY KEY (`reportid`,`columnindex`)
) ENGINE=InnoDB DEFAULT CHARSET=utf8mb3 COLLATE=utf8mb3_general_ci;

--
-- Dumping data for table `its4you_reports4you_cc_columns`
--


--
-- Table structure for table `its4you_reports4you_charts`
--

CREATE TABLE `its4you_reports4you_charts` (
  `reports4youid` int(11) NOT NULL,
  `charttype` varchar(255) NOT NULL,
  `dataseries` varchar(255) NOT NULL,
  `charttitle` text NOT NULL,
  `chart_seq` int(11) NOT NULL,
  `x_group` varchar(255) NOT NULL,
  `chart_position` varchar(10) NOT NULL DEFAULT 'bottom',
  `collapse_data_block` int(1) NOT NULL DEFAULT 0
) ENGINE=InnoDB DEFAULT CHARSET=utf8mb3 COLLATE=utf8mb3_general_ci;

--
-- Dumping data for table `its4you_reports4you_charts`
--

INSERT INTO `its4you_reports4you_charts` VALUES
(1,'pie','vtiger_potential:amount:Potentials_Amount:amount:N:SUM','',1,'group1','bottom',0),
(3,'pie','vtiger_crmentity:crmid:Potentials_LBL_RECORDS:Potentials_count:V:COUNT','',1,'group1','bottom',0),
(4,'pie','vtiger_potential:amount:Potentials_Amount:amount:N:SUM','',1,'group2','bottom',0),
(5,'vertical','vtiger_potential:amount:Potentials_Amount:amount:N:SUM','',1,'group2','bottom',0),
(6,'funnel','vtiger_crmentity:crmid:Potentials_LBL_RECORDS:Potentials_count:V:COUNT','',1,'group1','bottom',0),
(8,'vertical','vtiger_crmentity:crmid:Leads_LBL_RECORDS:Leads_count:V:COUNT','',1,'group1','bottom',0),
(9,'vertical','vtiger_crmentity:crmid:Leads_LBL_RECORDS:Leads_count:V:COUNT','',1,'group1','bottom',0),
(10,'vertical','vtiger_crmentity:crmid:Leads_LBL_RECORDS:Leads_count:V:COUNT','',1,'group1','bottom',0),
(11,'pie','vtiger_crmentity:crmid:Leads_LBL_RECORDS:Leads_count:V:COUNT','',1,'group1','bottom',0),
(14,'pie','vtiger_crmentity:crmid:Leads_LBL_RECORDS:Leads_count:V:COUNT','',1,'group1','bottom',0),
(15,'vertical','vtiger_invoice:total:Invoice_Total:hdnGrandTotal:N:SUM','',1,'group1','bottom',0),
(16,'pie','vtiger_potential:amount:Potentials_Amount:amount:N:SUM','',1,'group1','bottom',0),
(18,'pie','vtiger_crmentity:crmid:Potentials_LBL_RECORDS:Potentials_count:V:COUNT','',1,'group1','bottom',0),
(19,'pie','vtiger_potential:amount:Potentials_Amount:amount:N:SUM','',1,'group2','bottom',0),
(20,'vertical','vtiger_potential:amount:Potentials_Amount:amount:N:SUM','',1,'group2','bottom',0),
(21,'funnel','vtiger_crmentity:crmid:Potentials_LBL_RECORDS:Potentials_count:V:COUNT','',1,'group1','bottom',0),
(23,'vertical','vtiger_invoice:total:Invoice_Total:hdnGrandTotal:N:SUM','',1,'group1','bottom',0),
(24,'horizontal','vtiger_invoice:total:Invoice_Total:hdnGrandTotal:N:SUM','',1,'group2','bottom',0),
(25,'vertical','vtiger_inventoryproductrel:listprice:SalesOrder_List Price:listprice:I:SUM','',1,'group2','bottom',0),
(26,'vertical','vtiger_invoice:total:Invoice_Total:hdnGrandTotal:N:SUM','',1,'group1','bottom',0),
(27,'linechart','vtiger_inventoryproductrel:listprice:Invoice_List Price:listprice:I:SUM','',1,'group2','bottom',0),
(28,'linechart','vtiger_troubletickets:hours:HelpDesk_Hours:hours:N:SUM','',1,'group2','bottom',0),
(29,'linechart','vtiger_crmentity:crmid:HelpDesk_LBL_RECORDS:HelpDesk_count:V:COUNT','',1,'group2','bottom',0),
(29,'vertical','none','',2,'group2','bottom',0),
(29,'vertical','none','',3,'group2','bottom',0),
(30,'pie','vtiger_crmentity:crmid:Leads_LBL_RECORDS:Leads_count:V:COUNT','',1,'group1','bottom',0),
(32,'pie','vtiger_crmentity:crmid:Leads_LBL_RECORDS:Leads_count:V:COUNT','',1,'group1','bottom',0),
(33,'vertical','vtiger_crmentity:crmid:Leads_LBL_RECORDS:Leads_count:V:COUNT','',1,'group2','bottom',0),
(37,'linechart','vtiger_inventoryproductrel:quantity:Invoice_Quantity:quantity:I:SUM','',1,'group1','bottom',0),
(39,'horizontal','vtiger_crmentity:crmid:HelpDesk_LBL_RECORDS:HelpDesk_count:V:COUNT','Service Requests Count',1,'group1','bttom',0),
(39,'pie','vtiger_crmentity:crmid:HelpDesk_LBL_RECORDS:HelpDesk_count:V:COUNT','Service Requests Count',2,'group1','bttom',0);

--
-- Table structure for table `its4you_reports4you_custom_calculations`
--

CREATE TABLE `its4you_reports4you_custom_calculations` (
  `reportid` int(19) NOT NULL,
  `calculationid` int(11) NOT NULL DEFAULT 0,
  `calculation_label` varchar(250) DEFAULT '',
  `calculation_expression` text DEFAULT NULL,
  `calculation_totals` varchar(250) DEFAULT '',
  PRIMARY KEY (`reportid`,`calculationid`)
) ENGINE=InnoDB DEFAULT CHARSET=utf8mb3 COLLATE=utf8mb3_general_ci;

--
-- Dumping data for table `its4you_reports4you_custom_calculations`
--


--
-- Table structure for table `its4you_reports4you_customsql`
--

CREATE TABLE `its4you_reports4you_customsql` (
  `reports4youid` int(11) NOT NULL,
  `custom_sql` text NOT NULL,
  PRIMARY KEY (`reports4youid`)
) ENGINE=InnoDB DEFAULT CHARSET=utf8mb3 COLLATE=utf8mb3_general_ci;

--
-- Dumping data for table `its4you_reports4you_customsql`
--


--
-- Table structure for table `its4you_reports4you_datefilter`
--

CREATE TABLE `its4you_reports4you_datefilter` (
  `datefilterid` int(19) NOT NULL,
  `datecolumnname` varchar(250) DEFAULT '',
  `datefilter` varchar(250) DEFAULT '',
  `startdate` date DEFAULT NULL,
  `enddate` date DEFAULT NULL,
  PRIMARY KEY (`datefilterid`)
) ENGINE=InnoDB DEFAULT CHARSET=utf8mb3 COLLATE=utf8mb3_general_ci;

--
-- Dumping data for table `its4you_reports4you_datefilter`
--

INSERT INTO `its4you_reports4you_datefilter` VALUES
(1,'','','0000-00-00','0000-00-00'),
(2,'','','0000-00-00','0000-00-00'),
(3,'','','0000-00-00','0000-00-00'),
(4,'','','0000-00-00','0000-00-00'),
(5,'','','0000-00-00','0000-00-00'),
(6,'','','0000-00-00','0000-00-00'),
(7,'','','0000-00-00','0000-00-00'),
(8,'','','0000-00-00','0000-00-00'),
(9,'','','0000-00-00','0000-00-00'),
(10,'','','0000-00-00','0000-00-00'),
(11,'','','0000-00-00','0000-00-00'),
(12,'','','0000-00-00','0000-00-00'),
(13,'','','0000-00-00','0000-00-00'),
(14,'','','0000-00-00','0000-00-00'),
(15,'','','0000-00-00','0000-00-00'),
(16,'','','0000-00-00','0000-00-00'),
(17,'','','0000-00-00','0000-00-00'),
(18,'','','0000-00-00','0000-00-00'),
(19,'','','0000-00-00','0000-00-00'),
(20,'','','0000-00-00','0000-00-00'),
(21,'','','0000-00-00','0000-00-00'),
(22,'','','0000-00-00','0000-00-00'),
(23,'','','0000-00-00','0000-00-00'),
(24,'','','0000-00-00','0000-00-00'),
(25,'','','0000-00-00','0000-00-00'),
(26,'','','0000-00-00','0000-00-00'),
(27,'','','0000-00-00','0000-00-00'),
(28,'','','0000-00-00','0000-00-00'),
(29,'','','0000-00-00','0000-00-00'),
(30,'','','0000-00-00','0000-00-00'),
(31,'','','0000-00-00','0000-00-00'),
(32,'','','0000-00-00','0000-00-00'),
(33,'','','0000-00-00','0000-00-00'),
(34,'','','0000-00-00','0000-00-00'),
(35,'','','0000-00-00','0000-00-00'),
(36,'','','0000-00-00','0000-00-00'),
(37,'','','0000-00-00','0000-00-00'),
(38,'','','0000-00-00','0000-00-00'),
(39,'','','0000-00-00','0000-00-00');

--
-- Table structure for table `its4you_reports4you_folder`
--

CREATE TABLE `its4you_reports4you_folder` (
  `folderid` int(11) NOT NULL AUTO_INCREMENT,
  `foldername` varchar(255) NOT NULL,
  `description` varchar(250) DEFAULT '',
  `state` varchar(50) DEFAULT 'SAVED',
  `ownerid` int(11) NOT NULL,
  PRIMARY KEY (`folderid`)
) ENGINE=InnoDB AUTO_INCREMENT=14 DEFAULT CHARSET=utf8mb3 COLLATE=utf8mb3_general_ci;

--
-- Dumping data for table `its4you_reports4you_folder`
--

INSERT INTO `its4you_reports4you_folder` VALUES
(1,'Default','','SAVED',0),
(2,'Leads','','SAVED',0),
(3,'Organization','','SAVED',0),
(4,'Products and Services','','SAVED',0),
(5,'Quotes','','SAVED',0),
(6,'Invoices','','SAVED',0),
(7,'Tickets','','SAVED',0),
(8,'Calendar','','SAVED',0),
(9,'Projects','','SAVED',0),
(10,'Campaigns','','SAVED',0),
(11,'Opportunities','','SAVED',0),
(12,'Sales Order','','SAVED',0),
(13,'Vendors','','SAVED',0);

--
-- Table structure for table `its4you_reports4you_generatefor`
--

CREATE TABLE `its4you_reports4you_generatefor` (
  `reportid` int(11) NOT NULL,
  `user_column_str` varchar(255) DEFAULT NULL
) ENGINE=InnoDB DEFAULT CHARSET=utf8mb3 COLLATE=utf8mb3_general_ci;

--
-- Dumping data for table `its4you_reports4you_generatefor`
--


--
-- Table structure for table `its4you_reports4you_key_metrics`
--

CREATE TABLE `its4you_reports4you_key_metrics` (
  `id` int(11) NOT NULL AUTO_INCREMENT,
  `smcreatorid` int(19) NOT NULL,
  `name` varchar(255) NOT NULL,
  `description` text DEFAULT NULL,
  `deleted` int(1) NOT NULL DEFAULT 0,
  PRIMARY KEY (`id`)
) ENGINE=InnoDB DEFAULT CHARSET=utf8mb3 COLLATE=utf8mb3_general_ci;

--
-- Dumping data for table `its4you_reports4you_key_metrics`
--


--
-- Table structure for table `its4you_reports4you_key_metrics_rows`
--

CREATE TABLE `its4you_reports4you_key_metrics_rows` (
  `id` int(11) NOT NULL AUTO_INCREMENT,
  `km_id` int(11) NOT NULL,
  `smcreatorid` int(19) NOT NULL,
  `label` varchar(255) NOT NULL,
  `reportid` int(11) NOT NULL,
  `metrics_type` varchar(50) NOT NULL DEFAULT 'report',
  `column_str` varchar(255) NOT NULL,
  `sequence` int(11) DEFAULT NULL,
  `deleted` int(1) NOT NULL DEFAULT 0,
  PRIMARY KEY (`id`)
) ENGINE=InnoDB DEFAULT CHARSET=utf8mb3 COLLATE=utf8mb3_general_ci;

--
-- Dumping data for table `its4you_reports4you_key_metrics_rows`
--


--
-- Table structure for table `its4you_reports4you_labels`
--

CREATE TABLE `its4you_reports4you_labels` (
  `reportid` int(19) NOT NULL,
  `type` varchar(50) NOT NULL DEFAULT 'SC',
  `columnname` text NOT NULL,
  `columnlabel` text NOT NULL,
  KEY `type` (`type`)
) ENGINE=InnoDB DEFAULT CHARSET=utf8mb3 COLLATE=utf8mb3_general_ci;

--
-- Dumping data for table `its4you_reports4you_labels`
--

INSERT INTO `its4you_reports4you_labels` VALUES
(1,'SC','vtiger_potential:potentialname:Potentials_Potential Name:potentialname:V','Potential Name'),
(1,'SC','vtiger_potential:potential_no:Potentials_Potential No:potential_no:V','Opportunity Number'),
(1,'SC','vtiger_potential:related_to:Potentials_Related To:related_to:V','Organization Name'),
(1,'SC','vtiger_potential:amount:Potentials_Amount:amount:N','Amount'),
(1,'SC','vtiger_potential:potentialtype:Potentials_Type:opportunity_type:V','Type'),
(1,'SC','vtiger_potential:sales_stage:Potentials_Sales Stage:sales_stage:V','Sales Stage'),
(1,'SC','vtiger_potential:probability:Potentials_Probability:probability:N','Probability'),
(1,'SC','vtiger_crmentity:smownerid:Potentials_Assigned To:assigned_user_id:V','Assigned To'),
(1,'SM','vtiger_crmentity:crmid:Potentials_LBL_RECORDS:Potentials_count:V:COUNT','COUNT Records'),
(1,'SM','vtiger_potential:amount:Potentials_Amount:amount:N:SUM','SUM Amount'),
(2,'SC','vtiger_potential:potentialname:Potentials_Potential Name:potentialname:V','Potential Name'),
(2,'SC','vtiger_potential:potential_no:Potentials_Potential No:potential_no:V','Opportunity Number'),
(2,'SC','vtiger_potential:related_to:Potentials_Related To:related_to:V','Organization Name'),
(2,'SC','vtiger_potential:amount:Potentials_Amount:amount:N','Amount'),
(2,'SC','vtiger_potential:potentialtype:Potentials_Type:opportunity_type:V','Type'),
(2,'SC','vtiger_potential:sales_stage:Potentials_Sales Stage:sales_stage:V','Sales Stage'),
(2,'SC','vtiger_potential:probability:Potentials_Probability:probability:N','Probability'),
(2,'SC','vtiger_crmentity:smownerid:Potentials_Assigned To:assigned_user_id:V','Assigned To'),
(3,'SM','vtiger_crmentity:crmid:Potentials_LBL_RECORDS:Potentials_count:V:COUNT','COUNT Records'),
(3,'SM','vtiger_potential:amount:Potentials_Amount:amount:N:SUM','SUM Amount'),
(4,'SM','vtiger_crmentity:crmid:Potentials_LBL_RECORDS:Potentials_count:V:COUNT','COUNT Records'),
(4,'SM','vtiger_potential:amount:Potentials_Amount:amount:N:SUM','SUM Amount'),
(5,'SM','vtiger_crmentity:crmid:Potentials_LBL_RECORDS:Potentials_count:V:COUNT','COUNT Records'),
(5,'SM','vtiger_potential:amount:Potentials_Amount:amount:N:SUM','SUM Amount'),
(6,'SM','vtiger_crmentity:crmid:Potentials_LBL_RECORDS:Potentials_count:V:COUNT','COUNT Records'),
(6,'SM','vtiger_potential:amount:Potentials_Amount:amount:N:SUM','SUM Amount'),
(7,'SC','vtiger_quotes:subject:Quotes_Subject:subject:V','Subject'),
(7,'SC','vtiger_quotes:quote_no:Quotes_Quote No:quote_no:V','Quote Number'),
(7,'SC','vtiger_quotes:quotestage:Quotes_Quote Stage:quotestage:V','Quote Stage'),
(7,'SC','vtiger_quotes:validtill:Quotes_Valid Till:validtill:D','Valid Until'),
(7,'SC','vtiger_quotes:contactid:Quotes_Contact Name:contact_id:V','Contact Name'),
(7,'SC','vtiger_quotes:accountid:Quotes_Account Name:account_id:V','Account Name'),
(7,'SC','vtiger_quotes:carrier:Quotes_Carrier:carrier:V','Carrier'),
(7,'SC','vtiger_quotes:subtotal:Quotes_Sub Total:hdnSubTotal:N','Sub Total'),
(7,'SC','vtiger_quotes:total:Quotes_Total:hdnGrandTotal:N','Total'),
(8,'SC','vtiger_leaddetails:firstname:Leads_First Name:firstname:V','First Name'),
(8,'SC','vtiger_leaddetails:lastname:Leads_Last Name:lastname:V','Last Name'),
(8,'SC','vtiger_leaddetails:lead_no:Leads_Lead No:lead_no:V','Lead Number'),
(8,'SC','vtiger_leadaddress:phone:Leads_Phone:phone:V','Primary Phone'),
(8,'SC','vtiger_leadaddress:mobile:Leads_Mobile:mobile:V','Mobile'),
(8,'SC','vtiger_leaddetails:company:Leads_Company:company:V','Company'),
(8,'SC','vtiger_leaddetails:leadsource:Leads_Lead Source:leadsource:V','Lead Source'),
(8,'SC','vtiger_leaddetails:annualrevenue:Leads_Annual Revenue:annualrevenue:N','Annual Revenue'),
(8,'SM','vtiger_crmentity:crmid:Leads_LBL_RECORDS:Leads_count:V:COUNT','COUNT Records'),
(9,'SC','vtiger_leaddetails:firstname:Leads_First Name:firstname:V','First Name'),
(9,'SC','vtiger_leaddetails:lastname:Leads_Last Name:lastname:V','Last Name'),
(9,'SC','vtiger_leaddetails:lead_no:Leads_Lead No:lead_no:V','Lead Number'),
(9,'SC','vtiger_leadaddress:phone:Leads_Phone:phone:V','Primary Phone'),
(9,'SC','vtiger_leadaddress:mobile:Leads_Mobile:mobile:V','Mobile'),
(9,'SC','vtiger_leaddetails:company:Leads_Company:company:V','Company'),
(9,'SC','vtiger_leaddetails:leadsource:Leads_Lead Source:leadsource:V','Lead Source'),
(9,'SC','vtiger_leaddetails:annualrevenue:Leads_Annual Revenue:annualrevenue:N','Annual Revenue'),
(9,'SM','vtiger_crmentity:crmid:Leads_LBL_RECORDS:Leads_count:V:COUNT','COUNT Records'),
(10,'SC','vtiger_leaddetails:firstname:Leads_First Name:firstname:V','First Name'),
(10,'SC','vtiger_leaddetails:lastname:Leads_Last Name:lastname:V','Last Name'),
(10,'SC','vtiger_leaddetails:lead_no:Leads_Lead No:lead_no:V','Lead Number'),
(10,'SC','vtiger_leadaddress:phone:Leads_Phone:phone:V','Primary Phone'),
(10,'SC','vtiger_leadaddress:mobile:Leads_Mobile:mobile:V','Mobile'),
(10,'SC','vtiger_leaddetails:company:Leads_Company:company:V','Company'),
(10,'SC','vtiger_leaddetails:leadsource:Leads_Lead Source:leadsource:V','Lead Source'),
(10,'SC','vtiger_leaddetails:annualrevenue:Leads_Annual Revenue:annualrevenue:N','Annual Revenue'),
(10,'SC','vtiger_leaddetails:leadstatus:Leads_Lead Status:leadstatus:V','Lead Status'),
(10,'SM','vtiger_crmentity:crmid:Leads_LBL_RECORDS:Leads_count:V:COUNT','COUNT Records'),
(11,'SM','vtiger_crmentity:crmid:Leads_LBL_RECORDS:Leads_count:V:COUNT','COUNT Records'),
(12,'SC','vtiger_leaddetails:firstname:Leads_First Name:firstname:V','First Name'),
(12,'SC','vtiger_leaddetails:lastname:Leads_Last Name:lastname:V','Last Name'),
(12,'SC','vtiger_leadaddress:state:Leads_State:state:V','State'),
(12,'SC','vtiger_leaddetails:lead_no:Leads_Lead No:lead_no:V','Lead Number'),
(12,'SC','vtiger_leadaddress:phone:Leads_Phone:phone:V','Primary Phone'),
(12,'SC','vtiger_leadaddress:mobile:Leads_Mobile:mobile:V','Mobile'),
(12,'SC','vtiger_leaddetails:company:Leads_Company:company:V','Company'),
(12,'SC','vtiger_leaddetails:leadsource:Leads_Lead Source:leadsource:V','Lead Source'),
(12,'SC','vtiger_leaddetails:annualrevenue:Leads_Annual Revenue:annualrevenue:N','Annual Revenue'),
(12,'SC','vtiger_leaddetails:leadstatus:Leads_Lead Status:leadstatus:V','Lead Status'),
(12,'SM','vtiger_crmentity:crmid:Leads_LBL_RECORDS:Leads_count:V:COUNT','COUNT Records'),
(13,'SM','vtiger_crmentity:crmid:Leads_LBL_RECORDS:Leads_count:V:COUNT','COUNT Records'),
(14,'SM','vtiger_crmentity:crmid:Leads_LBL_RECORDS:Leads_count:V:COUNT','COUNT Records'),
(14,'SM','vtiger_leaddetails:annualrevenue:Leads_Annual Revenue:annualrevenue:N:SUM','SUM Annual Revenue'),
(15,'SM','vtiger_crmentity:crmid:Invoice_LBL_RECORDS:Invoice_count:V:COUNT','COUNT Records'),
(15,'SM','vtiger_invoice:total:Invoice_Total:hdnGrandTotal:N:SUM','SUM Total'),
(16,'SC','vtiger_potential:potentialname:Potentials_Potential Name:potentialname:V','Potential Name'),
(16,'SC','vtiger_potential:potential_no:Potentials_Potential No:potential_no:V','Opportunity Number'),
(16,'SC','vtiger_potential:related_to:Potentials_Related To:related_to:V','Organization Name'),
(16,'SC','vtiger_potential:amount:Potentials_Amount:amount:N','Amount'),
(16,'SC','vtiger_potential:potentialtype:Potentials_Type:opportunity_type:V','Type'),
(16,'SC','vtiger_potential:sales_stage:Potentials_Sales Stage:sales_stage:V','Sales Stage'),
(16,'SC','vtiger_potential:probability:Potentials_Probability:probability:N','Probability'),
(16,'SC','vtiger_crmentity:smownerid:Potentials_Assigned To:assigned_user_id:V','Assigned To'),
(16,'SM','vtiger_crmentity:crmid:Potentials_LBL_RECORDS:Potentials_count:V:COUNT','COUNT Records'),
(16,'SM','vtiger_potential:amount:Potentials_Amount:amount:N:SUM','SUM Amount'),
(17,'SC','vtiger_potential:potentialname:Potentials_Potential Name:potentialname:V','Potential Name'),
(17,'SC','vtiger_potential:potential_no:Potentials_Potential No:potential_no:V','Opportunity Number'),
(17,'SC','vtiger_potential:related_to:Potentials_Related To:related_to:V','Organization Name'),
(17,'SC','vtiger_potential:amount:Potentials_Amount:amount:N','Amount'),
(17,'SC','vtiger_potential:potentialtype:Potentials_Type:opportunity_type:V','Type'),
(17,'SC','vtiger_potential:sales_stage:Potentials_Sales Stage:sales_stage:V','Sales Stage'),
(17,'SC','vtiger_potential:probability:Potentials_Probability:probability:N','Probability'),
(17,'SC','vtiger_crmentity:smownerid:Potentials_Assigned To:assigned_user_id:V','Assigned To'),
(18,'SM','vtiger_crmentity:crmid:Potentials_LBL_RECORDS:Potentials_count:V:COUNT','COUNT Records'),
(18,'SM','vtiger_potential:amount:Potentials_Amount:amount:N:SUM','SUM Amount'),
(19,'SM','vtiger_crmentity:crmid:Potentials_LBL_RECORDS:Potentials_count:V:COUNT','COUNT Records'),
(19,'SM','vtiger_potential:amount:Potentials_Amount:amount:N:SUM','SUM Amount'),
(20,'SM','vtiger_crmentity:crmid:Potentials_LBL_RECORDS:Potentials_count:V:COUNT','COUNT Records'),
(20,'SM','vtiger_potential:amount:Potentials_Amount:amount:N:SUM','SUM Amount'),
(21,'SM','vtiger_crmentity:crmid:Potentials_LBL_RECORDS:Potentials_count:V:COUNT','COUNT Records'),
(21,'SM','vtiger_potential:amount:Potentials_Amount:amount:N:SUM','SUM Amount'),
(22,'SC','vtiger_quotes:subject:Quotes_Subject:subject:V','Subject'),
(22,'SC','vtiger_quotes:quote_no:Quotes_Quote No:quote_no:V','Quote Number'),
(22,'SC','vtiger_quotes:quotestage:Quotes_Quote Stage:quotestage:V','Quote Stage'),
(22,'SC','vtiger_quotes:validtill:Quotes_Valid Till:validtill:D','Valid Until'),
(22,'SC','vtiger_quotes:contactid:Quotes_Contact Name:contact_id:V','Contact Name'),
(22,'SC','vtiger_quotes:accountid:Quotes_Account Name:account_id:V','Account Name'),
(22,'SC','vtiger_quotes:carrier:Quotes_Carrier:carrier:V','Carrier'),
(22,'SC','vtiger_quotes:subtotal:Quotes_Sub Total:hdnSubTotal:N','Sub Total'),
(22,'SC','vtiger_quotes:total:Quotes_Total:hdnGrandTotal:N','Total'),
(23,'SM','vtiger_crmentity:crmid:Invoice_LBL_RECORDS:Invoice_count:V:COUNT','COUNT Records'),
(23,'SM','vtiger_invoice:total:Invoice_Total:hdnGrandTotal:N:SUM','SUM Total'),
(24,'SM','vtiger_crmentity:crmid:Invoice_LBL_RECORDS:Invoice_count:V:COUNT','COUNT Records'),
(24,'SM','vtiger_invoice:total:Invoice_Total:hdnGrandTotal:N:SUM','SUM Total'),
(25,'SM','vtiger_inventoryproductrel:quantity:SalesOrder_Quantity:quantity:I:SUM','SUM Quantity'),
(25,'SM','vtiger_inventoryproductrel:listprice:SalesOrder_List Price:listprice:I:SUM','SUM List Price'),
(26,'SC','vtiger_invoice:subject:Invoice_Subject:subject:V','Subject'),
(26,'SC','vtiger_invoice:invoice_no:Invoice_Invoice No:invoice_no:V','Invoice No'),
(26,'SC','vtiger_invoice:invoicedate:Invoice_Invoice Date:invoicedate:D','Invoice Date'),
(26,'SC','vtiger_invoice:duedate:Invoice_Due Date:duedate:D','Due Date'),
(26,'SC','vtiger_invoice:accountid:Invoice_Account Name:account_id:V','Organization Name'),
(26,'SC','vtiger_invoice:subtotal:Invoice_Sub Total:hdnSubTotal:N','Sub Total'),
(26,'SC','vtiger_invoice:total:Invoice_Total:hdnGrandTotal:N','Total'),
(26,'SC','vtiger_invoice:invoicestatus:Invoice_Status:invoicestatus:V','Status'),
(26,'SM','vtiger_crmentity:crmid:Invoice_LBL_RECORDS:Invoice_count:V:COUNT','COUNT Records'),
(26,'SM','vtiger_invoice:total:Invoice_Total:hdnGrandTotal:N:SUM','SUM Total'),
(27,'SM','vtiger_inventoryproductrel:quantity:Invoice_Quantity:quantity:I:SUM','SUM Quantity'),
(27,'SM','vtiger_inventoryproductrel:listprice:Invoice_List Price:listprice:I:SUM','SUM List Price'),
(28,'SC','vtiger_troubletickets:parent_id:HelpDesk_Related To:parent_id:V','Organization Name'),
(28,'SC','vtiger_troubletickets:title:HelpDesk_Title:ticket_title:V','Title'),
(28,'SC','vtiger_troubletickets:product_id:HelpDesk_Product Name:product_id:V','Product Name'),
(28,'SC','vtiger_troubletickets:status:HelpDesk_Status:ticketstatus:V','Status'),
(28,'SC','vtiger_crmentity:description:HelpDesk_Description:description:V','Description'),
(28,'SM','vtiger_crmentity:crmid:HelpDesk_LBL_RECORDS:HelpDesk_count:V:COUNT','COUNT Records'),
(28,'SM','vtiger_troubletickets:hours:HelpDesk_Hours:hours:N:SUM','SUM Hours'),
(28,'SM','vtiger_troubletickets:hours:HelpDesk_Hours:hours:N:AVG','AVG Hours'),
(28,'SM','vtiger_troubletickets:days:HelpDesk_Days:days:N:SUM','SUM Days'),
(28,'SM','vtiger_troubletickets:days:HelpDesk_Days:days:N:AVG','AVG Days'),
(29,'SM','vtiger_crmentity:crmid:HelpDesk_LBL_RECORDS:HelpDesk_count:V:COUNT','COUNT Records'),
(30,'SM','vtiger_crmentity:crmid:Leads_LBL_RECORDS:Leads_count:V:COUNT','COUNT Records'),
(31,'SM','vtiger_crmentity:crmid:Leads_LBL_RECORDS:Leads_count:V:COUNT','COUNT Records'),
(32,'SM','vtiger_crmentity:crmid:Leads_LBL_RECORDS:Leads_count:V:COUNT','COUNT Records'),
(32,'SM','vtiger_leaddetails:annualrevenue:Leads_Annual Revenue:annualrevenue:N:SUM','SUM Annual Revenue'),
(33,'SM','vtiger_crmentity:crmid:Leads_LBL_RECORDS:Leads_count:V:COUNT','COUNT Records'),
(33,'SM','vtiger_leaddetails:annualrevenue:Leads_Annual Revenue:annualrevenue:N:SUM','SUM Annual Revenue'),
(34,'SC','vtiger_invoice:subject:Invoice_Subject:subject:V','Subject'),
(34,'SC','vtiger_invoice:invoice_no:Invoice_Invoice No:invoice_no:V','Invoice No'),
(34,'SC','vtiger_invoice:accountid:Invoice_Account Name:account_id:V','Organization Name'),
(34,'SC','vtiger_invoice:invoicestatus:Invoice_Status:invoicestatus:V','Status'),
(34,'SC','vtiger_invoice:subtotal:Invoice_Sub Total:hdnSubTotal:N','Sub Total'),
(34,'SC','vtiger_invoice:total:Invoice_Total:hdnGrandTotal:N','Total'),
(34,'SM','vtiger_crmentity:crmid:Invoice_LBL_RECORDS:Invoice_count:V:COUNT','COUNT Records'),
(34,'SM','vtiger_invoice:subtotal:Invoice_Sub Total:hdnSubTotal:N:SUM','SUM Sub Total'),
(34,'SM','vtiger_invoice:total:Invoice_Total:hdnGrandTotal:N:SUM','SUM Total'),
(35,'SC','vtiger_modcomments:commentcontent:ModComments_Comment:commentcontent:V','Comment'),
(35,'SC','vtiger_modcomments:customer:ModComments_Customer:customer:V','Customer'),
(35,'SC','vtiger_modcomments:userid:ModComments_UserId:userid:V','UserId'),
(35,'SC','vtiger_modcomments:reasontoedit:ModComments_ReasonToEdit:reasontoedit:V','ReasonToEdit'),
(35,'SC','vtiger_crmentity:smcreatorid:ModComments_Created By:created_user_id:V','Created By'),
(35,'SC','vtiger_crmentity:smownerid:ModComments_Assigned To:assigned_user_id:V','Assigned To'),
(35,'SC','vtiger_modcomments:parent_comments:ModComments_Related To Comments:parent_comments:V','Related To'),
(35,'SC','vtiger_crmentity:createdtime:ModComments_Created Time:createdtime:DT','Created Time'),
(35,'SC','vtiger_crmentity:modifiedtime:ModComments_Modified Time:modifiedtime:DT','Modified Time'),
(36,'SC','vtiger_invoice:subject:Invoice_Subject:subject:V','Subject'),
(36,'SC','vtiger_invoice:invoice_no:Invoice_Invoice No:invoice_no:V','Invoice No'),
(36,'SC','vtiger_invoice:invoicedate:Invoice_Invoice Date:invoicedate:D','Invoice Date'),
(36,'SC','vtiger_invoice:duedate:Invoice_Due Date:duedate:D','Due Date'),
(36,'SC','vtiger_invoice:invoicestatus:Invoice_Status:invoicestatus:V','Status'),
(36,'SC','vtiger_invoice:total:Invoice_Total:hdnGrandTotal:N','Total'),
(37,'SM','vtiger_inventoryproductrel:quantity:Invoice_Quantity:quantity:I:SUM','SUM Quantity'),
(38,'SM','vtiger_crmentity:crmid:HelpDesk_LBL_RECORDS:HelpDesk_count:V:COUNT','COUNT Records'),
(39,'SM','vtiger_crmentity:crmid:HelpDesk_LBL_RECORDS:HelpDesk_count:V:COUNT','COUNT Records');

--
-- Table structure for table `its4you_reports4you_mig_four`
--

CREATE TABLE `its4you_reports4you_mig_four` (
  `reports4youid` int(11) NOT NULL,
  `custom_sql` text NOT NULL,
  PRIMARY KEY (`reports4youid`)
) ENGINE=InnoDB DEFAULT CHARSET=utf8mb3 COLLATE=utf8mb3_general_ci;

--
-- Dumping data for table `its4you_reports4you_mig_four`
--


--
-- Table structure for table `its4you_reports4you_modules`
--

CREATE TABLE `its4you_reports4you_modules` (
  `reportmodulesid` int(19) NOT NULL,
  `primarymodule` varchar(50) NOT NULL DEFAULT '',
  `secondarymodules` varchar(250) DEFAULT '',
  PRIMARY KEY (`reportmodulesid`),
  KEY `primarymodule` (`primarymodule`),
  KEY `reportmodulesid` (`reportmodulesid`,`primarymodule`)
) ENGINE=InnoDB DEFAULT CHARSET=utf8mb3 COLLATE=utf8mb3_general_ci;

--
-- Dumping data for table `its4you_reports4you_modules`
--

INSERT INTO `its4you_reports4you_modules` VALUES
(1,'2',''),
(2,'2',''),
(3,'2',''),
(4,'2',''),
(5,'2',''),
(6,'2',''),
(7,'20',''),
(8,'7',''),
(9,'7',''),
(10,'7',''),
(11,'7',''),
(12,'7',''),
(13,'7',''),
(14,'7',''),
(15,'23',''),
(16,'2',''),
(17,'2',''),
(18,'2',''),
(19,'2',''),
(20,'2',''),
(21,'2',''),
(22,'20',''),
(23,'23',''),
(24,'23',''),
(25,'22',''),
(26,'23',''),
(27,'23',''),
(28,'13',''),
(29,'13',''),
(30,'7',''),
(31,'7',''),
(32,'7',''),
(33,'7',''),
(34,'23',''),
(35,'42',''),
(36,'23',''),
(37,'23',''),
(38,'13',''),
(39,'13','');

--
-- Table structure for table `its4you_reports4you_osm_maps`
--

CREATE TABLE `its4you_reports4you_osm_maps` (
  `reportid` int(11) NOT NULL,
  `maps_json` longtext DEFAULT NULL,
  PRIMARY KEY (`reportid`),
  UNIQUE KEY `reportid` (`reportid`)
) ENGINE=InnoDB DEFAULT CHARSET=utf8mb3 COLLATE=utf8mb3_general_ci;

--
-- Dumping data for table `its4you_reports4you_osm_maps`
--

INSERT INTO `its4you_reports4you_osm_maps` VALUES
(38,'{\"pin_title\":\"\",\"pin_description\":\"\",\"street\":\"\",\"city\":\"\",\"state\":\"\",\"zip\":\"\",\"country\":\"\",\"zoom\":\"\"}'),
(39,'{\"pin_title\":\"\",\"pin_description\":\"\",\"street\":\"\",\"city\":\"\",\"state\":\"\",\"zip\":\"\",\"country\":\"\",\"zoom\":\"\"}');

--
-- Table structure for table `its4you_reports4you_profilespermissions`
--

CREATE TABLE `its4you_reports4you_profilespermissions` (
  `profileid` int(11) NOT NULL,
  `operation` int(11) NOT NULL,
  `permissions` int(1) NOT NULL,
  PRIMARY KEY (`profileid`,`operation`),
  KEY `operation` (`operation`),
  KEY `permissions` (`permissions`),
  KEY `profileid` (`profileid`,`operation`,`permissions`)
) ENGINE=InnoDB DEFAULT CHARSET=utf8mb3 COLLATE=utf8mb3_general_ci;

--
-- Dumping data for table `its4you_reports4you_profilespermissions`
--


--
-- Table structure for table `its4you_reports4you_relcriteria`
--

CREATE TABLE `its4you_reports4you_relcriteria` (
  `queryid` int(19) NOT NULL,
  `columnindex` int(11) NOT NULL,
  `columnname` varchar(250) DEFAULT '',
  `comparator` varchar(10) DEFAULT '',
  `value` text DEFAULT NULL,
  `valuehdn` varchar(255) DEFAULT NULL,
  `groupid` int(11) DEFAULT 1,
  `column_condition` varchar(256) DEFAULT 'and',
  PRIMARY KEY (`queryid`,`columnindex`),
  KEY `relcriteria_queryid_idx` (`queryid`),
  KEY `groupid` (`groupid`),
  KEY `columnindex` (`columnindex`)
) ENGINE=InnoDB DEFAULT CHARSET=utf8mb3 COLLATE=utf8mb3_general_ci;

--
-- Dumping data for table `its4you_reports4you_relcriteria`
--


--
-- Table structure for table `its4you_reports4you_relcriteria_grouping`
--

CREATE TABLE `its4you_reports4you_relcriteria_grouping` (
  `groupid` int(11) NOT NULL,
  `queryid` int(19) NOT NULL,
  `group_condition` varchar(256) DEFAULT NULL,
  `condition_expression` text DEFAULT NULL,
  PRIMARY KEY (`groupid`,`queryid`)
) ENGINE=InnoDB DEFAULT CHARSET=utf8mb3 COLLATE=utf8mb3_general_ci;

--
-- Dumping data for table `its4you_reports4you_relcriteria_grouping`
--


--
-- Table structure for table `its4you_reports4you_relcriteria_summaries`
--

CREATE TABLE `its4you_reports4you_relcriteria_summaries` (
  `reportid` int(19) NOT NULL,
  `columnindex` int(11) NOT NULL,
  `columnname` varchar(250) DEFAULT '',
  `comparator` varchar(10) DEFAULT '',
  `value` varchar(200) DEFAULT '',
  `groupid` int(11) DEFAULT 1,
  `column_condition` varchar(256) DEFAULT 'and',
  PRIMARY KEY (`reportid`,`columnindex`),
  KEY `relcriteria_reportid_idx` (`reportid`)
) ENGINE=InnoDB DEFAULT CHARSET=utf8mb3 COLLATE=utf8mb3_general_ci;

--
-- Dumping data for table `its4you_reports4you_relcriteria_summaries`
--


--
-- Table structure for table `its4you_reports4you_reportfilters`
--

CREATE TABLE `its4you_reports4you_reportfilters` (
  `filterid` int(19) NOT NULL,
  `name` varchar(200) NOT NULL,
  PRIMARY KEY (`filterid`),
  KEY `filterid` (`filterid`,`name`)
) ENGINE=InnoDB DEFAULT CHARSET=utf8mb3 COLLATE=utf8mb3_general_ci;

--
-- Dumping data for table `its4you_reports4you_reportfilters`
--

INSERT INTO `its4you_reports4you_reportfilters` VALUES
(1,'Private'),
(2,'Public'),
(3,'Shared');

--
-- Table structure for table `its4you_reports4you_scheduled_reports`
--

CREATE TABLE `its4you_reports4you_scheduled_reports` (
  `reportid` int(11) NOT NULL,
  `is_active` int(1) NOT NULL DEFAULT 0,
  `recipients` text DEFAULT NULL,
  `schedule` text DEFAULT NULL,
  `format` text DEFAULT NULL,
  `next_trigger_time` timestamp NOT NULL DEFAULT current_timestamp(),
  `generate_subject` varchar(255) DEFAULT NULL,
  `generate_text` text DEFAULT NULL,
  `generate_other` text DEFAULT NULL,
  `schedule_all_records` int(1) NOT NULL DEFAULT 0,
  `csv_path` varchar(255) NOT NULL DEFAULT '',
  `csv_name` varchar(255) NOT NULL DEFAULT '',
  PRIMARY KEY (`reportid`)
) ENGINE=InnoDB DEFAULT CHARSET=utf8mb3 COLLATE=utf8mb3_general_ci;

--
-- Dumping data for table `its4you_reports4you_scheduled_reports`
--

INSERT INTO `its4you_reports4you_scheduled_reports` VALUES
(38,0,'{\"users\":[],\"groups\":[],\"roles\":[],\"rs\":[]}','{\"scheduletype\":\"2\",\"month\":\"0\",\"date\":\"1\",\"day\":\"0\",\"time\":\"\"}','','2021-12-29 16:00:00','','','',0,'',''),
(39,0,'{\"users\":[],\"groups\":[],\"roles\":[],\"rs\":[]}','{\"scheduletype\":\"2\",\"month\":\"0\",\"date\":\"1\",\"day\":\"0\",\"time\":\"\"}','','2021-12-30 16:00:00','','','',0,'','');

--
-- Table structure for table `its4you_reports4you_selectcolumn`
--

CREATE TABLE `its4you_reports4you_selectcolumn` (
  `queryid` int(19) NOT NULL,
  `columnindex` int(11) NOT NULL DEFAULT 0,
  `columnname` varchar(250) DEFAULT '',
  PRIMARY KEY (`queryid`,`columnindex`),
  KEY `selectcolumn_queryid_idx` (`queryid`)
) ENGINE=InnoDB DEFAULT CHARSET=utf8mb3 COLLATE=utf8mb3_general_ci;

--
-- Dumping data for table `its4you_reports4you_selectcolumn`
--

INSERT INTO `its4you_reports4you_selectcolumn` VALUES
(1,0,'vtiger_potential:potentialname:Potentials_Potential Name:potentialname:V'),
(1,1,'vtiger_potential:potential_no:Potentials_Potential No:potential_no:V'),
(1,2,'vtiger_potential:related_to:Potentials_Related To:related_to:V'),
(1,3,'vtiger_potential:amount:Potentials_Amount:amount:N'),
(1,4,'vtiger_potential:potentialtype:Potentials_Type:opportunity_type:V'),
(1,5,'vtiger_potential:sales_stage:Potentials_Sales Stage:sales_stage:V'),
(1,6,'vtiger_potential:probability:Potentials_Probability:probability:N'),
(1,7,'vtiger_crmentity:smownerid:Potentials_Assigned To:assigned_user_id:V'),
(2,0,'vtiger_potential:potentialname:Potentials_Potential Name:potentialname:V'),
(2,1,'vtiger_potential:potential_no:Potentials_Potential No:potential_no:V'),
(2,2,'vtiger_potential:related_to:Potentials_Related To:related_to:V'),
(2,3,'vtiger_potential:amount:Potentials_Amount:amount:N'),
(2,4,'vtiger_potential:potentialtype:Potentials_Type:opportunity_type:V'),
(2,5,'vtiger_potential:sales_stage:Potentials_Sales Stage:sales_stage:V'),
(2,6,'vtiger_potential:probability:Potentials_Probability:probability:N'),
(2,7,'vtiger_crmentity:smownerid:Potentials_Assigned To:assigned_user_id:V'),
(7,0,'vtiger_quotes:subject:Quotes_Subject:subject:V'),
(7,1,'vtiger_quotes:quote_no:Quotes_Quote No:quote_no:V'),
(7,2,'vtiger_quotes:quotestage:Quotes_Quote Stage:quotestage:V'),
(7,3,'vtiger_quotes:validtill:Quotes_Valid Till:validtill:D'),
(7,4,'vtiger_quotes:contactid:Quotes_Contact Name:contact_id:V'),
(7,5,'vtiger_quotes:accountid:Quotes_Account Name:account_id:V'),
(7,6,'vtiger_quotes:carrier:Quotes_Carrier:carrier:V'),
(7,7,'vtiger_quotes:subtotal:Quotes_Sub Total:hdnSubTotal:N'),
(7,8,'vtiger_quotes:total:Quotes_Total:hdnGrandTotal:N'),
(8,0,'vtiger_leaddetails:firstname:Leads_First Name:firstname:V'),
(8,1,'vtiger_leaddetails:lastname:Leads_Last Name:lastname:V'),
(8,2,'vtiger_leaddetails:lead_no:Leads_Lead No:lead_no:V'),
(8,3,'vtiger_leadaddress:phone:Leads_Phone:phone:V'),
(8,4,'vtiger_leadaddress:mobile:Leads_Mobile:mobile:V'),
(8,5,'vtiger_leaddetails:company:Leads_Company:company:V'),
(8,6,'vtiger_leaddetails:leadsource:Leads_Lead Source:leadsource:V'),
(8,7,'vtiger_leaddetails:annualrevenue:Leads_Annual Revenue:annualrevenue:N'),
(9,0,'vtiger_leaddetails:firstname:Leads_First Name:firstname:V'),
(9,1,'vtiger_leaddetails:lastname:Leads_Last Name:lastname:V'),
(9,2,'vtiger_leaddetails:lead_no:Leads_Lead No:lead_no:V'),
(9,3,'vtiger_leadaddress:phone:Leads_Phone:phone:V'),
(9,4,'vtiger_leadaddress:mobile:Leads_Mobile:mobile:V'),
(9,5,'vtiger_leaddetails:company:Leads_Company:company:V'),
(9,6,'vtiger_leaddetails:leadsource:Leads_Lead Source:leadsource:V'),
(9,7,'vtiger_leaddetails:annualrevenue:Leads_Annual Revenue:annualrevenue:N'),
(10,0,'vtiger_leaddetails:firstname:Leads_First Name:firstname:V'),
(10,1,'vtiger_leaddetails:lastname:Leads_Last Name:lastname:V'),
(10,2,'vtiger_leaddetails:lead_no:Leads_Lead No:lead_no:V'),
(10,3,'vtiger_leadaddress:phone:Leads_Phone:phone:V'),
(10,4,'vtiger_leadaddress:mobile:Leads_Mobile:mobile:V'),
(10,5,'vtiger_leaddetails:company:Leads_Company:company:V'),
(10,6,'vtiger_leaddetails:leadsource:Leads_Lead Source:leadsource:V'),
(10,7,'vtiger_leaddetails:annualrevenue:Leads_Annual Revenue:annualrevenue:N'),
(10,8,'vtiger_leaddetails:leadstatus:Leads_Lead Status:leadstatus:V'),
(12,0,'vtiger_leaddetails:firstname:Leads_First Name:firstname:V'),
(12,1,'vtiger_leaddetails:lastname:Leads_Last Name:lastname:V'),
(12,2,'vtiger_leadaddress:state:Leads_State:state:V'),
(12,3,'vtiger_leaddetails:lead_no:Leads_Lead No:lead_no:V'),
(12,4,'vtiger_leadaddress:phone:Leads_Phone:phone:V'),
(12,5,'vtiger_leadaddress:mobile:Leads_Mobile:mobile:V'),
(12,6,'vtiger_leaddetails:company:Leads_Company:company:V'),
(12,7,'vtiger_leaddetails:leadsource:Leads_Lead Source:leadsource:V'),
(12,8,'vtiger_leaddetails:annualrevenue:Leads_Annual Revenue:annualrevenue:N'),
(12,9,'vtiger_leaddetails:leadstatus:Leads_Lead Status:leadstatus:V'),
(16,0,'vtiger_potential:potentialname:Potentials_Potential Name:potentialname:V'),
(16,1,'vtiger_potential:potential_no:Potentials_Potential No:potential_no:V'),
(16,2,'vtiger_potential:related_to:Potentials_Related To:related_to:V'),
(16,3,'vtiger_potential:amount:Potentials_Amount:amount:N'),
(16,4,'vtiger_potential:potentialtype:Potentials_Type:opportunity_type:V'),
(16,5,'vtiger_potential:sales_stage:Potentials_Sales Stage:sales_stage:V'),
(16,6,'vtiger_potential:probability:Potentials_Probability:probability:N'),
(16,7,'vtiger_crmentity:smownerid:Potentials_Assigned To:assigned_user_id:V'),
(17,0,'vtiger_potential:potentialname:Potentials_Potential Name:potentialname:V'),
(17,1,'vtiger_potential:potential_no:Potentials_Potential No:potential_no:V'),
(17,2,'vtiger_potential:related_to:Potentials_Related To:related_to:V'),
(17,3,'vtiger_potential:amount:Potentials_Amount:amount:N'),
(17,4,'vtiger_potential:potentialtype:Potentials_Type:opportunity_type:V'),
(17,5,'vtiger_potential:sales_stage:Potentials_Sales Stage:sales_stage:V'),
(17,6,'vtiger_potential:probability:Potentials_Probability:probability:N'),
(17,7,'vtiger_crmentity:smownerid:Potentials_Assigned To:assigned_user_id:V'),
(22,0,'vtiger_quotes:subject:Quotes_Subject:subject:V'),
(22,1,'vtiger_quotes:quote_no:Quotes_Quote No:quote_no:V'),
(22,2,'vtiger_quotes:quotestage:Quotes_Quote Stage:quotestage:V'),
(22,3,'vtiger_quotes:validtill:Quotes_Valid Till:validtill:D'),
(22,4,'vtiger_quotes:contactid:Quotes_Contact Name:contact_id:V'),
(22,5,'vtiger_quotes:accountid:Quotes_Account Name:account_id:V'),
(22,6,'vtiger_quotes:carrier:Quotes_Carrier:carrier:V'),
(22,7,'vtiger_quotes:subtotal:Quotes_Sub Total:hdnSubTotal:N'),
(22,8,'vtiger_quotes:total:Quotes_Total:hdnGrandTotal:N'),
(26,0,'vtiger_invoice:subject:Invoice_Subject:subject:V'),
(26,1,'vtiger_invoice:invoice_no:Invoice_Invoice No:invoice_no:V'),
(26,2,'vtiger_invoice:invoicedate:Invoice_Invoice Date:invoicedate:D'),
(26,3,'vtiger_invoice:duedate:Invoice_Due Date:duedate:D'),
(26,4,'vtiger_invoice:accountid:Invoice_Account Name:account_id:V'),
(26,5,'vtiger_invoice:subtotal:Invoice_Sub Total:hdnSubTotal:N'),
(26,6,'vtiger_invoice:total:Invoice_Total:hdnGrandTotal:N'),
(26,7,'vtiger_invoice:invoicestatus:Invoice_Status:invoicestatus:V'),
(28,0,'vtiger_troubletickets:parent_id:HelpDesk_Related To:parent_id:V'),
(28,1,'vtiger_troubletickets:title:HelpDesk_Title:ticket_title:V'),
(28,2,'vtiger_troubletickets:product_id:HelpDesk_Product Name:product_id:V'),
(28,3,'vtiger_troubletickets:status:HelpDesk_Status:ticketstatus:V'),
(28,4,'vtiger_crmentity:description:HelpDesk_Description:description:V'),
(34,0,'vtiger_invoice:subject:Invoice_Subject:subject:V'),
(34,1,'vtiger_invoice:invoice_no:Invoice_Invoice No:invoice_no:V'),
(34,2,'vtiger_invoice:accountid:Invoice_Account Name:account_id:V'),
(34,3,'vtiger_invoice:invoicestatus:Invoice_Status:invoicestatus:V'),
(34,4,'vtiger_invoice:subtotal:Invoice_Sub Total:hdnSubTotal:N'),
(34,5,'vtiger_invoice:total:Invoice_Total:hdnGrandTotal:N'),
(35,0,'vtiger_modcomments:commentcontent:ModComments_Comment:commentcontent:V'),
(35,1,'vtiger_modcomments:customer:ModComments_Customer:customer:V'),
(35,2,'vtiger_modcomments:userid:ModComments_UserId:userid:V'),
(35,3,'vtiger_modcomments:reasontoedit:ModComments_ReasonToEdit:reasontoedit:V'),
(35,4,'vtiger_crmentity:smcreatorid:ModComments_Created By:created_user_id:V'),
(35,5,'vtiger_crmentity:smownerid:ModComments_Assigned To:assigned_user_id:V'),
(35,6,'vtiger_modcomments:related_to:ModComments_Related To:related_to:V'),
(35,7,'vtiger_crmentity:createdtime:ModComments_Created Time:createdtime:DT'),
(35,8,'vtiger_crmentity:modifiedtime:ModComments_Modified Time:modifiedtime:DT'),
(35,9,'vtiger_modcomments:parent_comments:ModComments_Related To Comments:parent_comments:V'),
(36,0,'vtiger_invoice:subject:Invoice_Subject:subject:V'),
(36,1,'vtiger_invoice:invoice_no:Invoice_Invoice No:invoice_no:V'),
(36,2,'vtiger_invoice:invoicedate:Invoice_Invoice Date:invoicedate:D'),
(36,3,'vtiger_invoice:duedate:Invoice_Due Date:duedate:D'),
(36,4,'vtiger_invoice:invoicestatus:Invoice_Status:invoicestatus:V'),
(36,5,'vtiger_invoice:total:Invoice_Total:hdnGrandTotal:N');

--
-- Table structure for table `its4you_reports4you_selectqfcolumn`
--

CREATE TABLE `its4you_reports4you_selectqfcolumn` (
  `queryid` int(19) NOT NULL,
  `columnindex` int(11) NOT NULL DEFAULT 0,
  `columnname` varchar(250) DEFAULT '',
  PRIMARY KEY (`queryid`,`columnindex`),
  KEY `selectqfcolumn_queryid_idx` (`queryid`)
) ENGINE=InnoDB DEFAULT CHARSET=utf8mb3 COLLATE=utf8mb3_general_ci;

--
-- Dumping data for table `its4you_reports4you_selectqfcolumn`
--


--
-- Table structure for table `its4you_reports4you_selectquery`
--

CREATE TABLE `its4you_reports4you_selectquery` (
  `queryid` int(19) NOT NULL,
  `startindex` int(19) DEFAULT 0,
  `numofobjects` int(19) DEFAULT 0,
  PRIMARY KEY (`queryid`),
  KEY `queryid` (`queryid`,`startindex`,`numofobjects`)
) ENGINE=InnoDB DEFAULT CHARSET=utf8mb3 COLLATE=utf8mb3_general_ci;

--
-- Dumping data for table `its4you_reports4you_selectquery`
--

INSERT INTO `its4you_reports4you_selectquery` VALUES
(1,0,0),
(2,0,0),
(3,0,0),
(4,0,0),
(5,0,0),
(6,0,0),
(7,0,0),
(8,0,0),
(9,0,0),
(10,0,0),
(11,0,0),
(12,0,0),
(13,0,0),
(14,0,0),
(15,0,0),
(16,0,0),
(17,0,0),
(18,0,0),
(19,0,0),
(20,0,0),
(21,0,0),
(22,0,0),
(23,0,0),
(24,0,0),
(25,0,0),
(26,0,0),
(27,0,0),
(28,0,0),
(29,0,0),
(30,0,0),
(31,0,0),
(32,0,0),
(33,0,0),
(34,0,0),
(35,0,0),
(36,0,0),
(37,0,0),
(38,0,0),
(39,0,0);

--
-- Table structure for table `its4you_reports4you_selectquery_seq`
--

CREATE TABLE `its4you_reports4you_selectquery_seq` (
  `id` int(11) NOT NULL
) ENGINE=InnoDB DEFAULT CHARSET=utf8mb3 COLLATE=utf8mb3_general_ci;

--
-- Dumping data for table `its4you_reports4you_selectquery_seq`
--

INSERT INTO `its4you_reports4you_selectquery_seq` VALUES
(39);

--
-- Table structure for table `its4you_reports4you_settings`
--

CREATE TABLE `its4you_reports4you_settings` (
  `reportid` int(11) NOT NULL,
  `owner` int(11) NOT NULL DEFAULT 1,
  `sharingtype` char(7) NOT NULL DEFAULT 'public',
  PRIMARY KEY (`reportid`),
  KEY `owner` (`owner`),
  KEY `sharingtype` (`sharingtype`)
) ENGINE=InnoDB DEFAULT CHARSET=utf8mb3 COLLATE=utf8mb3_general_ci;

--
-- Dumping data for table `its4you_reports4you_settings`
--

INSERT INTO `its4you_reports4you_settings` VALUES
(1,1,'public'),
(2,1,'public'),
(3,1,'public'),
(4,1,'public'),
(5,1,'public'),
(6,1,'public'),
(7,1,'public'),
(8,1,'public'),
(9,1,'public'),
(10,1,'public'),
(11,1,'public'),
(12,1,'public'),
(13,1,'public'),
(14,1,'public'),
(15,1,'public'),
(16,1,'public'),
(17,1,'public'),
(18,1,'public'),
(19,1,'public'),
(20,1,'public'),
(21,1,'public'),
(22,1,'public'),
(23,1,'public'),
(24,1,'public'),
(25,1,'public'),
(26,1,'public'),
(27,1,'public'),
(28,1,'public'),
(29,1,'public'),
(30,1,'public'),
(31,1,'public'),
(32,1,'public'),
(33,1,'public'),
(34,1,'public'),
(35,1,'public'),
(36,1,'public'),
(37,1,'public'),
(38,1,'private'),
(39,1,'private');

--
-- Table structure for table `its4you_reports4you_sharing`
--

CREATE TABLE `its4you_reports4you_sharing` (
  `reports4youid` int(11) NOT NULL,
  `shareid` varchar(10) NOT NULL,
  `setype` varchar(200) NOT NULL,
  PRIMARY KEY (`reports4youid`,`shareid`,`setype`)
) ENGINE=InnoDB DEFAULT CHARSET=utf8mb3 COLLATE=utf8mb3_general_ci;

--
-- Dumping data for table `its4you_reports4you_sharing`
--


--
-- Table structure for table `its4you_reports4you_sortcol`
--

CREATE TABLE `its4you_reports4you_sortcol` (
  `sortcolid` int(19) NOT NULL,
  `sortcolsequence` int(11) NOT NULL DEFAULT 0,
  `reportid` int(19) NOT NULL,
  `columnname` varchar(250) DEFAULT '',
  `sortorder` varchar(250) DEFAULT 'Asc',
  `timeline_type` varchar(255) DEFAULT 'rows',
  `timeline_columnstr` varchar(255) DEFAULT NULL,
  `timeline_columnfreq` varchar(255) DEFAULT NULL,
  PRIMARY KEY (`sortcolid`,`reportid`),
  KEY `fk_1_vtiger_reportsortcol` (`reportid`)
) ENGINE=InnoDB DEFAULT CHARSET=utf8mb3 COLLATE=utf8mb3_general_ci;

--
-- Dumping data for table `its4you_reports4you_sortcol`
--

INSERT INTO `its4you_reports4you_sortcol` VALUES
(1,0,1,'vtiger_crmentity:smownerid:Potentials_Assigned To:assigned_user_id:V','Ascending','rows','',''),
(1,0,2,'vtiger_potential:related_to:Potentials_Related To:related_to:V','Ascending','rows','',''),
(1,0,3,'vtiger_potential:related_to:Potentials_Related To:related_to:V','Ascending','rows','',''),
(1,0,4,'vtiger_potential:sales_stage:Potentials_Sales Stage:sales_stage:V','Ascending','rows','',''),
(1,0,5,'vtiger_potential:sales_stage:Potentials_Sales Stage:sales_stage:V','Ascending','rows','',''),
(1,0,6,'vtiger_potential:sales_stage:Potentials_Sales Stage:sales_stage:V','Ascending','rows','',''),
(1,0,7,'vtiger_quotes:accountid:Quotes_Account Name:account_id:V','Ascending','rows','',''),
(1,0,8,'vtiger_leaddetails:leadstatus:Leads_Lead Status:leadstatus:V','Ascending','rows','',''),
(1,0,9,'vtiger_leaddetails:leadsource:Leads_Lead Source:leadsource:V','Ascending','rows','',''),
(1,0,10,'vtiger_crmentity:smownerid:Leads_Assigned To:assigned_user_id:V','Ascending','rows','',''),
(1,0,11,'vtiger_leaddetails:leadstatus:Leads_Lead Status:leadstatus:V','Ascending','rows','',''),
(1,0,12,'vtiger_leadaddress:state:Leads_State:state:V','Ascending','rows','',''),
(1,0,13,'vtiger_leaddetails:leadsource:Leads_Lead Source:leadsource:V','Ascending','rows','',''),
(1,0,14,'vtiger_leaddetails:leadstatus:Leads_Lead Status:leadstatus:V','Ascending','rows','',''),
(1,0,15,'vtiger_invoice:accountid:Invoice_Account Name:account_id:V','Ascending','rows','',''),
(1,0,16,'vtiger_crmentity:smownerid:Potentials_Assigned To:assigned_user_id:V','Ascending','rows','',''),
(1,0,17,'vtiger_potential:related_to:Potentials_Related To:related_to:V','Ascending','rows','',''),
(1,0,18,'vtiger_potential:related_to:Potentials_Related To:related_to:V','Ascending','rows','',''),
(1,0,19,'vtiger_potential:sales_stage:Potentials_Sales Stage:sales_stage:V','Ascending','rows','',''),
(1,0,20,'vtiger_potential:sales_stage:Potentials_Sales Stage:sales_stage:V','Ascending','rows','',''),
(1,0,21,'vtiger_potential:sales_stage:Potentials_Sales Stage:sales_stage:V','Ascending','rows','',''),
(1,0,22,'vtiger_quotes:accountid:Quotes_Account Name:account_id:V','Ascending','rows','',''),
(1,0,23,'vtiger_invoice:accountid:Invoice_Account Name:account_id:V','Ascending','rows','',''),
(1,0,24,'vtiger_invoice:accountid:Invoice_Account Name:account_id:V','Ascending','rows','',''),
(1,0,25,'vtiger_inventoryproductrel:prodname:SalesOrder_ Name of product/service:prodname:V','Ascending','rows','',''),
(1,0,26,'vtiger_invoice:accountid:Invoice_Account Name:account_id:V','Ascending','rows','',''),
(1,0,27,'vtiger_inventoryproductrel:prodname:Invoice_ Name of product/service:prodname:V','Ascending','rows','',''),
(1,0,28,'vtiger_crmentity:smownerid:HelpDesk_Assigned To:assigned_user_id:V','Ascending','rows','',''),
(1,0,29,'vtiger_crmentity:smownerid:HelpDesk_Assigned To:assigned_user_id:V','Ascending','rows','',''),
(1,0,30,'vtiger_leaddetails:leadstatus:Leads_Lead Status:leadstatus:V','Ascending','rows','',''),
(1,0,31,'vtiger_leaddetails:leadsource:Leads_Lead Source:leadsource:V','Ascending','rows','',''),
(1,0,32,'vtiger_leaddetails:leadstatus:Leads_Lead Status:leadstatus:V','Ascending','rows','',''),
(1,0,33,'vtiger_leaddetails:leadsource:Leads_Lead Source:leadsource:V','Ascending','rows','',''),
(1,0,34,'vtiger_invoice:accountid:Invoice_Account Name:account_id:V','Ascending','rows','',''),
(1,0,35,'vtiger_modcomments:related_to:ModComments_Related To:related_to:V','Ascending','rows','',''),
(1,0,36,'vtiger_invoice:accountid:Invoice_Account Name:account_id:V','Ascending','rows','',''),
(1,0,37,'vtiger_inventoryproductrel:prodname:Invoice_ Name of product/service:prodname:V','Ascending','rows','',''),
(1,0,38,'vtiger_crmentity:createdtime:HelpDesk_Created Time:createdtime:DT','Ascending','rows','','WEEK'),
(1,0,39,'vtiger_troubletickets:product_id:HelpDesk_Product Name:product_id:V','Ascending','rows',NULL,NULL),
(2,0,1,'none','Ascending','rows','',''),
(2,0,2,'none','Ascending','rows','',''),
(2,0,3,'none','Ascending','rows','',''),
(2,0,4,'vtiger_potential:related_to:Potentials_Related To:related_to:V','Ascending','rows','',''),
(2,0,5,'vtiger_potential:related_to:Potentials_Related To:related_to:V','Ascending','cols','',''),
(2,0,6,'none','Ascending','rows','',''),
(2,0,7,'none','Ascending','rows','',''),
(2,0,8,'none','Ascending','rows','',''),
(2,0,9,'none','Ascending','rows','',''),
(2,0,10,'none','Ascending','rows','',''),
(2,0,11,'none','Ascending','rows','',''),
(2,0,12,'none','Ascending','rows','',''),
(2,0,13,'none','Ascending','rows','',''),
(2,0,14,'vtiger_leaddetails:leadsource:Leads_Lead Source:leadsource:V','Ascending','rows','',''),
(2,0,15,'none','Ascending','rows','',''),
(2,0,16,'none','Ascending','rows','',''),
(2,0,17,'none','Ascending','rows','',''),
(2,0,18,'none','Ascending','rows','',''),
(2,0,19,'vtiger_potential:related_to:Potentials_Related To:related_to:V','Ascending','rows','',''),
(2,0,20,'vtiger_potential:related_to:Potentials_Related To:related_to:V','Ascending','cols','',''),
(2,0,21,'none','Ascending','rows','',''),
(2,0,22,'none','Ascending','rows','',''),
(2,0,23,'none','Ascending','rows','',''),
(2,0,24,'vtiger_invoice:invoicestatus:Invoice_Status:invoicestatus:V','Ascending','rows','',''),
(2,0,25,'vtiger_crmentity:createdtime:SalesOrder_Created Time:createdtime:DT','Ascending','cols','','MONTH'),
(2,0,26,'none','Ascending','rows','',''),
(2,0,27,'vtiger_crmentity:createdtime:Invoice_Created Time:createdtime:DT','Ascending','cols','','MONTH'),
(2,0,28,'vtiger_troubletickets:status:HelpDesk_Status:ticketstatus:V','Ascending','rows','',''),
(2,0,29,'vtiger_crmentity:createdtime:HelpDesk_Created Time:createdtime:DT','Ascending','cols','','MONTH'),
(2,0,30,'none','Ascending','rows','',''),
(2,0,31,'none','Ascending','rows','',''),
(2,0,32,'vtiger_leaddetails:leadsource:Leads_Lead Source:leadsource:V','Ascending','rows','',''),
(2,0,33,'vtiger_leaddetails:company:Leads_Company:company:V','Ascending','rows','',''),
(2,0,34,'none','Ascending','rows','',''),
(2,0,35,'none','Ascending','rows','',''),
(2,0,36,'none','Ascending','rows','',''),
(2,0,37,'none','Ascending','rows','',''),
(2,0,38,'vtiger_crmentity:smownerid:HelpDesk_Assigned To:assigned_user_id:V','Ascending','rows',NULL,NULL),
(2,0,39,'vtiger_troubletickets:title:HelpDesk_Title:ticket_title:V','Ascending','rows',NULL,NULL),
(3,0,1,'none','Ascending','rows','',''),
(3,0,2,'none','Ascending','rows','',''),
(3,0,3,'none','Ascending','rows','',''),
(3,0,4,'none','Ascending','rows','',''),
(3,0,5,'none','Ascending','rows','',''),
(3,0,6,'none','Ascending','rows','',''),
(3,0,7,'none','Ascending','rows','',''),
(3,0,8,'none','Ascending','rows','',''),
(3,0,9,'none','Ascending','rows','',''),
(3,0,10,'none','Ascending','rows','',''),
(3,0,11,'none','Ascending','rows','',''),
(3,0,12,'none','Ascending','rows','',''),
(3,0,13,'none','Ascending','rows','',''),
(3,0,14,'none','Ascending','rows','',''),
(3,0,15,'none','Ascending','rows','',''),
(3,0,16,'none','Ascending','rows','',''),
(3,0,17,'none','Ascending','rows','',''),
(3,0,18,'none','Ascending','rows','',''),
(3,0,19,'none','Ascending','rows','',''),
(3,0,20,'none','Ascending','rows','',''),
(3,0,21,'none','Ascending','rows','',''),
(3,0,22,'none','Ascending','rows','',''),
(3,0,23,'none','Ascending','rows','',''),
(3,0,24,'none','Ascending','rows','',''),
(3,0,25,'none','Ascending','rows','',''),
(3,0,26,'none','Ascending','rows','',''),
(3,0,27,'none','Ascending','rows','',''),
(3,0,28,'none','Ascending','rows','',''),
(3,0,29,'none','Ascending','rows','',''),
(3,0,30,'none','Ascending','rows','',''),
(3,0,31,'none','Ascending','rows','',''),
(3,0,32,'none','Ascending','rows','',''),
(3,0,33,'vtiger_crmentity:smownerid:Leads_Assigned To:assigned_user_id:V','Ascending','rows','',''),
(3,0,34,'none','Ascending','rows','',''),
(3,0,35,'none','Ascending','rows','',''),
(3,0,36,'none','Ascending','rows','',''),
(3,0,37,'none','Ascending','rows','',''),
(3,0,38,'none','Ascending','rows',NULL,NULL),
(3,0,39,'none','Ascending','rows',NULL,NULL),
(4,0,1,'none','ASC','rows','',''),
(4,0,2,'none','ASC','rows','',''),
(4,0,3,'none','ASC','rows','',''),
(4,0,4,'none','ASC','rows','',''),
(4,0,5,'none','ASC','rows','',''),
(4,0,6,'none','ASC','rows','',''),
(4,0,7,'none','ASC','rows','',''),
(4,0,8,'vtiger_leaddetails:firstname:Leads_First Name:firstname:V','ASC','rows','',''),
(4,0,9,'vtiger_leaddetails:firstname:Leads_First Name:firstname:V','ASC','rows','',''),
(4,0,10,'vtiger_leaddetails:firstname:Leads_First Name:firstname:V','ASC','rows','',''),
(4,0,11,'none','ASC','rows','',''),
(4,0,12,'vtiger_leaddetails:firstname:Leads_First Name:firstname:V','ASC','rows','',''),
(4,0,13,'none','ASC','rows','',''),
(4,0,14,'none','ASC','rows','',''),
(4,0,15,'none','ASC','rows','',''),
(4,0,16,'none','ASC','rows','',''),
(4,0,17,'none','ASC','rows','',''),
(4,0,18,'none','ASC','rows','',''),
(4,0,19,'none','ASC','rows','',''),
(4,0,20,'none','ASC','rows','',''),
(4,0,21,'none','ASC','rows','',''),
(4,0,22,'none','ASC','rows','',''),
(4,0,23,'none','ASC','rows','',''),
(4,0,24,'none','ASC','rows','',''),
(4,0,25,'none','ASC','rows','',''),
(4,0,26,'none','ASC','rows','',''),
(4,0,27,'none','ASC','rows','',''),
(4,0,28,'none','ASC','rows','',''),
(4,0,29,'none','ASC','rows','',''),
(4,0,30,'none','ASC','rows','',''),
(4,0,31,'none','ASC','rows','',''),
(4,0,32,'none','ASC','rows','',''),
(4,0,33,'none','ASC','rows','',''),
(4,0,34,'none','ASC','rows','',''),
(4,0,35,'none','ASC','rows','',''),
(4,0,36,'none','ASC','rows','',''),
(4,0,37,'none','ASC','rows','','');

--
-- Table structure for table `its4you_reports4you_summaries`
--

CREATE TABLE `its4you_reports4you_summaries` (
  `reportsummaryid` int(19) NOT NULL,
  `summarytype` int(19) NOT NULL,
  `columnname` varchar(250) NOT NULL DEFAULT '',
  PRIMARY KEY (`reportsummaryid`,`summarytype`,`columnname`),
  KEY `summarytype` (`summarytype`)
) ENGINE=InnoDB DEFAULT CHARSET=utf8mb3 COLLATE=utf8mb3_general_ci;

--
-- Dumping data for table `its4you_reports4you_summaries`
--

INSERT INTO `its4you_reports4you_summaries` VALUES
(1,0,'vtiger_crmentity:crmid:Potentials_LBL_RECORDS:Potentials_count:V:COUNT'),
(1,1,'vtiger_potential:amount:Potentials_Amount:amount:N:SUM'),
(3,0,'vtiger_crmentity:crmid:Potentials_LBL_RECORDS:Potentials_count:V:COUNT'),
(3,1,'vtiger_potential:amount:Potentials_Amount:amount:N:SUM'),
(4,0,'vtiger_crmentity:crmid:Potentials_LBL_RECORDS:Potentials_count:V:COUNT'),
(4,1,'vtiger_potential:amount:Potentials_Amount:amount:N:SUM'),
(5,0,'vtiger_crmentity:crmid:Potentials_LBL_RECORDS:Potentials_count:V:COUNT'),
(5,1,'vtiger_potential:amount:Potentials_Amount:amount:N:SUM'),
(6,0,'vtiger_crmentity:crmid:Potentials_LBL_RECORDS:Potentials_count:V:COUNT'),
(6,1,'vtiger_potential:amount:Potentials_Amount:amount:N:SUM'),
(8,0,'vtiger_crmentity:crmid:Leads_LBL_RECORDS:Leads_count:V:COUNT'),
(9,0,'vtiger_crmentity:crmid:Leads_LBL_RECORDS:Leads_count:V:COUNT'),
(10,0,'vtiger_crmentity:crmid:Leads_LBL_RECORDS:Leads_count:V:COUNT'),
(11,0,'vtiger_crmentity:crmid:Leads_LBL_RECORDS:Leads_count:V:COUNT'),
(12,0,'vtiger_crmentity:crmid:Leads_LBL_RECORDS:Leads_count:V:COUNT'),
(13,0,'vtiger_crmentity:crmid:Leads_LBL_RECORDS:Leads_count:V:COUNT'),
(14,0,'vtiger_crmentity:crmid:Leads_LBL_RECORDS:Leads_count:V:COUNT'),
(14,1,'vtiger_leaddetails:annualrevenue:Leads_Annual Revenue:annualrevenue:N:SUM'),
(15,0,'vtiger_crmentity:crmid:Invoice_LBL_RECORDS:Invoice_count:V:COUNT'),
(15,1,'vtiger_invoice:total:Invoice_Total:hdnGrandTotal:N:SUM'),
(16,0,'vtiger_crmentity:crmid:Potentials_LBL_RECORDS:Potentials_count:V:COUNT'),
(16,1,'vtiger_potential:amount:Potentials_Amount:amount:N:SUM'),
(18,0,'vtiger_crmentity:crmid:Potentials_LBL_RECORDS:Potentials_count:V:COUNT'),
(18,1,'vtiger_potential:amount:Potentials_Amount:amount:N:SUM'),
(19,0,'vtiger_crmentity:crmid:Potentials_LBL_RECORDS:Potentials_count:V:COUNT'),
(19,1,'vtiger_potential:amount:Potentials_Amount:amount:N:SUM'),
(20,0,'vtiger_crmentity:crmid:Potentials_LBL_RECORDS:Potentials_count:V:COUNT'),
(20,1,'vtiger_potential:amount:Potentials_Amount:amount:N:SUM'),
(21,0,'vtiger_crmentity:crmid:Potentials_LBL_RECORDS:Potentials_count:V:COUNT'),
(21,1,'vtiger_potential:amount:Potentials_Amount:amount:N:SUM'),
(23,0,'vtiger_crmentity:crmid:Invoice_LBL_RECORDS:Invoice_count:V:COUNT'),
(23,1,'vtiger_invoice:total:Invoice_Total:hdnGrandTotal:N:SUM'),
(24,0,'vtiger_crmentity:crmid:Invoice_LBL_RECORDS:Invoice_count:V:COUNT'),
(24,1,'vtiger_invoice:total:Invoice_Total:hdnGrandTotal:N:SUM'),
(25,0,'vtiger_inventoryproductrel:quantity:SalesOrder_Quantity:quantity:I:SUM'),
(25,1,'vtiger_inventoryproductrel:listprice:SalesOrder_List Price:listprice:I:SUM'),
(26,0,'vtiger_crmentity:crmid:Invoice_LBL_RECORDS:Invoice_count:V:COUNT'),
(26,1,'vtiger_invoice:total:Invoice_Total:hdnGrandTotal:N:SUM'),
(27,0,'vtiger_inventoryproductrel:quantity:Invoice_Quantity:quantity:I:SUM'),
(27,1,'vtiger_inventoryproductrel:listprice:Invoice_List Price:listprice:I:SUM'),
(28,0,'vtiger_crmentity:crmid:HelpDesk_LBL_RECORDS:HelpDesk_count:V:COUNT'),
(28,1,'vtiger_troubletickets:hours:HelpDesk_Hours:hours:N:SUM'),
(28,2,'vtiger_troubletickets:hours:HelpDesk_Hours:hours:N:AVG'),
(28,3,'vtiger_troubletickets:days:HelpDesk_Days:days:N:SUM'),
(28,4,'vtiger_troubletickets:days:HelpDesk_Days:days:N:AVG'),
(29,0,'vtiger_crmentity:crmid:HelpDesk_LBL_RECORDS:HelpDesk_count:V:COUNT'),
(30,0,'vtiger_crmentity:crmid:Leads_LBL_RECORDS:Leads_count:V:COUNT'),
(31,0,'vtiger_crmentity:crmid:Leads_LBL_RECORDS:Leads_count:V:COUNT'),
(32,0,'vtiger_crmentity:crmid:Leads_LBL_RECORDS:Leads_count:V:COUNT'),
(32,1,'vtiger_leaddetails:annualrevenue:Leads_Annual Revenue:annualrevenue:N:SUM'),
(33,0,'vtiger_crmentity:crmid:Leads_LBL_RECORDS:Leads_count:V:COUNT'),
(33,1,'vtiger_leaddetails:annualrevenue:Leads_Annual Revenue:annualrevenue:N:SUM'),
(34,0,'vtiger_crmentity:crmid:Invoice_LBL_RECORDS:Invoice_count:V:COUNT'),
(34,1,'vtiger_invoice:subtotal:Invoice_Sub Total:hdnSubTotal:N:SUM'),
(34,2,'vtiger_invoice:total:Invoice_Total:hdnGrandTotal:N:SUM'),
(35,0,'vtiger_crmentity:crmid:Potentials_LBL_RECORDS:Potentials_count:V:COUNT'),
(37,0,'vtiger_inventoryproductrel:quantity:Invoice_Quantity:quantity:I:SUM'),
(38,0,'vtiger_crmentity:crmid:HelpDesk_LBL_RECORDS:HelpDesk_count:V:COUNT'),
(39,0,'vtiger_crmentity:crmid:HelpDesk_LBL_RECORDS:HelpDesk_count:V:COUNT');

--
-- Table structure for table `its4you_reports4you_summaries_orderby`
--

CREATE TABLE `its4you_reports4you_summaries_orderby` (
  `reportid` int(19) NOT NULL,
  `columnindex` int(19) NOT NULL,
  `summaries_orderby` varchar(250) NOT NULL DEFAULT '',
  `summaries_orderby_type` varchar(250) NOT NULL DEFAULT '',
  PRIMARY KEY (`reportid`,`columnindex`,`summaries_orderby`,`summaries_orderby_type`),
  KEY `columnindex` (`columnindex`)
) ENGINE=InnoDB DEFAULT CHARSET=utf8mb3 COLLATE=utf8mb3_general_ci;

--
-- Dumping data for table `its4you_reports4you_summaries_orderby`
--

INSERT INTO `its4you_reports4you_summaries_orderby` VALUES
(1,0,'vtiger_potential:amount:Potentials_Amount:amount:N:SUM','DESC'),
(2,0,'none','ASC'),
(3,0,'none','ASC'),
(4,0,'none','ASC'),
(5,0,'none','ASC'),
(6,0,'none','ASC'),
(7,0,'none','ASC'),
(8,0,'vtiger_crmentity:crmid:Leads_LBL_RECORDS:Leads_count:V:COUNT','ASC'),
(9,0,'vtiger_crmentity:crmid:Leads_LBL_RECORDS:Leads_count:V:COUNT','ASC'),
(10,0,'vtiger_crmentity:crmid:Leads_LBL_RECORDS:Leads_count:V:COUNT','ASC'),
(11,0,'vtiger_crmentity:crmid:Leads_LBL_RECORDS:Leads_count:V:COUNT','ASC'),
(12,0,'vtiger_crmentity:crmid:Leads_LBL_RECORDS:Leads_count:V:COUNT','ASC'),
(13,0,'vtiger_crmentity:crmid:Leads_LBL_RECORDS:Leads_count:V:COUNT','ASC'),
(14,0,'none','ASC'),
(15,0,'none','ASC'),
(16,0,'vtiger_potential:amount:Potentials_Amount:amount:N:SUM','DESC'),
(17,0,'none','ASC'),
(18,0,'none','ASC'),
(19,0,'none','ASC'),
(20,0,'none','ASC'),
(21,0,'none','ASC'),
(22,0,'none','ASC'),
(23,0,'none','ASC'),
(24,0,'none','ASC'),
(25,0,'vtiger_inventoryproductrel:listprice:SalesOrder_List Price:listprice:I:SUM','DESC'),
(26,0,'none','ASC'),
(27,0,'none','ASC'),
(28,0,'none','ASC'),
(29,0,'none','ASC'),
(30,0,'vtiger_crmentity:crmid:Leads_LBL_RECORDS:Leads_count:V:COUNT','ASC'),
(31,0,'vtiger_crmentity:crmid:Leads_LBL_RECORDS:Leads_count:V:COUNT','ASC'),
(32,0,'none','ASC'),
(33,0,'none','ASC'),
(34,0,'none','ASC'),
(35,0,'none','ASC'),
(36,0,'none','ASC'),
(37,0,'none','ASC'),
(38,0,'none','ASC'),
(39,0,'none','ASC');

--
-- Table structure for table `its4you_reports4you_summary`
--

CREATE TABLE `its4you_reports4you_summary` (
  `reportsummaryid` int(19) NOT NULL,
  `summarytype` int(19) NOT NULL,
  `columnname` varchar(250) NOT NULL DEFAULT '',
  PRIMARY KEY (`reportsummaryid`,`summarytype`,`columnname`),
  KEY `reportsummary_reportsummaryid_idx` (`reportsummaryid`)
) ENGINE=InnoDB DEFAULT CHARSET=utf8mb3 COLLATE=utf8mb3_general_ci;

--
-- Dumping data for table `its4you_reports4you_summary`
--


--
-- Table structure for table `its4you_reports4you_updates`
--

CREATE TABLE `its4you_reports4you_updates` (
  `id` int(11) NOT NULL AUTO_INCREMENT,
  `name` varchar(255) NOT NULL,
  `status` int(1) NOT NULL DEFAULT 0,
  PRIMARY KEY (`id`),
  UNIQUE KEY `id` (`id`),
  UNIQUE KEY `name` (`name`)
) ENGINE=InnoDB AUTO_INCREMENT=2 DEFAULT CHARSET=utf8mb3 COLLATE=utf8mb3_general_ci;

--
-- Dumping data for table `its4you_reports4you_updates`
--

INSERT INTO `its4you_reports4you_updates` VALUES
(1,'recalculate',1);

--
-- Table structure for table `its4you_reports4you_userstatus`
--

CREATE TABLE `its4you_reports4you_userstatus` (
  `reportid` int(11) NOT NULL,
  `userid` int(11) NOT NULL,
  `is_active` tinyint(1) NOT NULL,
  `is_default` tinyint(1) NOT NULL,
  `sequence` int(6) NOT NULL DEFAULT 1,
  PRIMARY KEY (`reportid`,`userid`),
  KEY `is_active` (`is_active`),
  KEY `is_default` (`is_default`),
  KEY `sequence` (`sequence`)
) ENGINE=InnoDB DEFAULT CHARSET=utf8mb3 COLLATE=utf8mb3_general_ci;

--
-- Dumping data for table `its4you_reports4you_userstatus`
--


--
-- Table structure for table `its4you_reports4you_version`
--

CREATE TABLE `its4you_reports4you_version` (
  `version` varchar(30) NOT NULL,
  `license` varchar(255) NOT NULL,
  UNIQUE KEY `version` (`version`)
) ENGINE=InnoDB DEFAULT CHARSET=utf8mb3 COLLATE=utf8mb3_general_ci;

--
-- Dumping data for table `its4you_reports4you_version`
--


--
-- Table structure for table `its4you_reports4you_widget_search`
--

CREATE TABLE `its4you_reports4you_widget_search` (
  `reportid` int(11) NOT NULL,
  `primary_search` varchar(255) DEFAULT NULL,
  `allow_in_modules` text DEFAULT NULL,
  `dashboard_chart` tinyint(1) NOT NULL DEFAULT 1,
  `dashboard_table` tinyint(1) NOT NULL DEFAULT 0,
  PRIMARY KEY (`reportid`)
) ENGINE=InnoDB DEFAULT CHARSET=utf8mb3 COLLATE=utf8mb3_general_ci;

--
-- Dumping data for table `its4you_reports4you_widget_search`
--

INSERT INTO `its4you_reports4you_widget_search` VALUES
(38,'none','',0,0),
(39,'none','',0,0);

--
-- Table structure for table `its4you_reports_crm_settings`
--

CREATE TABLE `its4you_reports_crm_settings` (
  `setting_name` varchar(20) NOT NULL,
  `setting_value` varchar(50) DEFAULT NULL,
  PRIMARY KEY (`setting_name`),
  UNIQUE KEY `setting_name` (`setting_name`)
) ENGINE=InnoDB DEFAULT CHARSET=utf8mb3 COLLATE=utf8mb3_unicode_ci;

--
-- Dumping data for table `its4you_reports_crm_settings`
--


--
-- Table structure for table `its4you_reports_geolocations`
--

CREATE TABLE `its4you_reports_geolocations` (
  `id` int(11) NOT NULL AUTO_INCREMENT,
  `location_text` varchar(255) NOT NULL,
  `latitude` varchar(10) NOT NULL DEFAULT '',
  `longitude` varchar(10) NOT NULL DEFAULT '',
  PRIMARY KEY (`id`),
  UNIQUE KEY `id` (`id`),
  UNIQUE KEY `location_text` (`location_text`)
) ENGINE=InnoDB DEFAULT CHARSET=utf8mb3 COLLATE=utf8mb3_general_ci;

--
-- Dumping data for table `its4you_reports_geolocations`
--


--
-- Table structure for table `its4you_salesvisit`
--

CREATE TABLE `its4you_salesvisit` (
  `salesvisit_id` int(11) NOT NULL,
  `salesvisit_no` varchar(100) DEFAULT NULL,
  `title` varchar(255) DEFAULT NULL,
  `dateofvisit` varchar(255) DEFAULT NULL,
  `visit_status` varchar(100) DEFAULT NULL,
  `other_participants` varchar(255) DEFAULT NULL,
  `company_name` varchar(100) DEFAULT NULL,
  `person_name` varchar(100) DEFAULT NULL,
  `location` varchar(255) DEFAULT NULL,
  `activity` varchar(100) DEFAULT NULL,
  `related_to` varchar(100) DEFAULT NULL,
  `introduction` mediumtext DEFAULT NULL,
  `recommendation` mediumtext DEFAULT NULL,
  `visit_summary` mediumtext DEFAULT NULL,
  `tags` varchar(1) DEFAULT NULL,
  PRIMARY KEY (`salesvisit_id`)
) ENGINE=InnoDB DEFAULT CHARSET=utf8mb3 COLLATE=utf8mb3_general_ci;

--
-- Dumping data for table `its4you_salesvisit`
--


--
-- Table structure for table `its4you_salesvisitcf`
--

CREATE TABLE `its4you_salesvisitcf` (
  `salesvisit_id` int(11) NOT NULL DEFAULT 0,
  PRIMARY KEY (`salesvisit_id`)
) ENGINE=InnoDB DEFAULT CHARSET=utf8mb3 COLLATE=utf8mb3_general_ci;

--
-- Dumping data for table `its4you_salesvisitcf`
--


--
-- Table structure for table `messages`
--

CREATE TABLE `messages` (
  `msg_id` int(11) NOT NULL AUTO_INCREMENT,
  `incoming_msg_id` int(255) NOT NULL,
  `outgoing_msg_id` int(255) NOT NULL,
  `msg` varchar(1000) NOT NULL,
  PRIMARY KEY (`msg_id`)
) ENGINE=InnoDB AUTO_INCREMENT=44 DEFAULT CHARSET=utf8mb3 COLLATE=utf8mb3_general_ci;

--
-- Dumping data for table `messages`
--

INSERT INTO `messages` VALUES
(33,80467,80468,'ss'),
(34,80467,80468,'ttt'),
(35,80467,80468,'ttt'),
(36,80467,80468,'fff'),
(37,80467,80469,'fff'),
(38,80467,80468,'fff'),
(39,80467,80469,'fff'),
(40,80467,80468,'fff'),
(41,80467,80469,'fff'),
(42,80467,80468,'fff'),
(43,80467,80469,'fff');

--
-- Table structure for table `vtiger_Visitors_user_field`
--

CREATE TABLE `vtiger_Visitors_user_field` (
  `recordid` int(19) NOT NULL,
  `userid` int(19) NOT NULL,
  `starred` varchar(100) DEFAULT NULL,
  KEY `record_user_idx` (`recordid`,`userid`)
) ENGINE=InnoDB DEFAULT CHARSET=utf8mb3 COLLATE=utf8mb3_general_ci;

--
-- Dumping data for table `vtiger_Visitors_user_field`
--


--
-- Table structure for table `vtiger_account`
--

CREATE TABLE `vtiger_account` (
  `accountid` int(19) NOT NULL DEFAULT 0,
  `account_no` varchar(100) NOT NULL,
  `accountname` varchar(100) NOT NULL,
  `parentid` int(19) DEFAULT 0,
  `account_type` varchar(200) DEFAULT NULL,
  `industry` varchar(200) DEFAULT NULL,
  `annualrevenue` decimal(25,8) DEFAULT NULL,
  `rating` varchar(200) DEFAULT NULL,
  `ownership` varchar(50) DEFAULT NULL,
  `siccode` varchar(50) DEFAULT NULL,
  `tickersymbol` varchar(30) DEFAULT NULL,
  `phone` varchar(30) DEFAULT NULL,
  `otherphone` varchar(30) DEFAULT NULL,
  `email1` varchar(100) DEFAULT NULL,
  `email2` varchar(100) DEFAULT NULL,
  `website` varchar(100) DEFAULT NULL,
  `fax` varchar(30) DEFAULT NULL,
  `employees` int(10) DEFAULT 0,
  `emailoptout` varchar(3) DEFAULT '0',
  `notify_owner` varchar(3) DEFAULT '0',
  `isconvertedfromlead` varchar(3) DEFAULT '0',
  `tags` varchar(1) DEFAULT NULL,
  `its4you_company` varchar(100) DEFAULT NULL,
  `external_app_num` varchar(250) DEFAULT NULL,
  `saled_date` date DEFAULT NULL,
  `seller_name` varchar(250) DEFAULT NULL,
  `final_amount` decimal(25,2) DEFAULT NULL,
  `address` text DEFAULT NULL,
  `product_category` varchar(100) DEFAULT NULL,
  `product_subcategory` varchar(100) DEFAULT NULL,
  `warrenty_period` int(5) DEFAULT NULL,
  `model_number` varchar(250) DEFAULT NULL,
  `serial_number` varchar(250) DEFAULT NULL,
  `product_brand` varchar(100) DEFAULT NULL,
  `equipment_id` int(10) DEFAULT NULL,
  `soceity_person` varchar(30) DEFAULT NULL,
  `soceity_aadhaarpic` varchar(30) DEFAULT NULL,
  `aadhaar_no` varchar(30) DEFAULT NULL,
  `soceity_pic` varchar(30) DEFAULT NULL,
  `soc_pincode` varchar(255) DEFAULT NULL,
  `soc_city` varchar(255) DEFAULT NULL,
  `soc_district` varchar(255) DEFAULT NULL,
  `soc_state` varchar(255) DEFAULT NULL,
  `soceity_accountname` varchar(100) DEFAULT NULL,
  `soceity_baseurl` varchar(255) DEFAULT NULL,
  `soceity_password` varchar(30) DEFAULT NULL,
  PRIMARY KEY (`accountid`),
  KEY `account_account_type_idx` (`account_type`),
  KEY `email_idx` (`email1`,`email2`),
  CONSTRAINT `fk_1_vtiger_account` FOREIGN KEY (`accountid`) REFERENCES `vtiger_crmentity` (`crmid`) ON DELETE CASCADE
) ENGINE=InnoDB DEFAULT CHARSET=utf8mb3 COLLATE=utf8mb3_general_ci;

--
-- Dumping data for table `vtiger_account`
--

INSERT INTO `vtiger_account` VALUES
(642374,'ACC21309','Vintage Villa ',0,NULL,NULL,NULL,NULL,NULL,NULL,NULL,'9696969898',NULL,'kumar@mailinator.com',NULL,NULL,NULL,0,'0','0','1','','',NULL,NULL,NULL,NULL,'Rajarajeshwarinagar, Bangalore South, Karnataka-560098',NULL,NULL,NULL,NULL,NULL,NULL,NULL,'Kumar','','432109876512','','560098','Bangalore South','Bangalore','Karnataka','VintageVilla','https://api.bizinfratech.in/bizinfraeyequality/VintageVilla/','$2y$10$fkJMduf5CPT7FTta8etzXu2'),
(642393,'ACC21310','Happy Home',0,NULL,NULL,NULL,NULL,NULL,NULL,NULL,'9484746454',NULL,'harry@mailinator.com',NULL,NULL,NULL,0,'0','0','1','','',NULL,NULL,NULL,NULL,'Rajarajeshwarinagar, Bangalore South, Karnataka-560098',NULL,NULL,NULL,NULL,NULL,NULL,NULL,'Harry','','678995442232','','560098','Bangalore South','Bangalore','Karnataka','HappyHome','https://api.bizinfratech.in/bizinfraeyequality/HappyHome/','$2y$10$WRtTlyGQxmX10D71QaOaR.4'),
(642395,'ACC21311','Biztechnosys ',0,NULL,NULL,NULL,NULL,NULL,NULL,NULL,'9043185502',NULL,'agnaric@mailinator.com',NULL,NULL,NULL,0,'0','0','1','','',NULL,NULL,NULL,NULL,'Rajarajeshwarinagar, Bangalore South, Karnataka-560098',NULL,NULL,NULL,NULL,NULL,NULL,NULL,'Agnaric ','','432109876512','','560098','Bangalore South','Bangalore','Karnataka','Biztechnosys','https://api.bizinfratech.in/bizinfraeyequality/Biztechnosys/','$2y$10$nh/.xXurZeDN7iVYYj4tAuq'),
(642430,'ACC21313','Oasis',0,NULL,NULL,NULL,NULL,NULL,NULL,NULL,'8056395114',NULL,'devishree@mailinator.com',NULL,NULL,NULL,0,'0','0','1','','',NULL,NULL,NULL,NULL,'Chikkabanavara, Bangalore North, Karnataka-560090',NULL,NULL,NULL,NULL,NULL,NULL,NULL,'Devishree','','909876543234','','560090','Bangalore North','Bangalore Rural','Karnataka','Oasis','https://api.bizinfratech.in/bizinfraeyequality/Oasis/','$2y$10$wmUC2imQLE/r8E/uIHUth.b'),
(642449,'ACC21316','Pine Valley',0,NULL,NULL,NULL,NULL,NULL,NULL,NULL,'9999988888',NULL,'goku@mailinator.com',NULL,NULL,NULL,0,'0','0','1','','',NULL,NULL,NULL,NULL,'Seshadripuram, Bangalore North, Karnataka-560020',NULL,NULL,NULL,NULL,NULL,NULL,NULL,'Goku','','809878909090','','560020','Bangalore North','Bangalore','Karnataka','PineValley','https://api.bizinfratech.in/bizinfraeyequality/PineValley/','$2y$10$UzEo0yXBTR17u3VWQClEF.4'),
(642451,'ACC21317','Prestige ',0,NULL,NULL,NULL,NULL,NULL,NULL,NULL,'6666600000',NULL,'raj@mailinator.com',NULL,NULL,NULL,0,'0','0','1','','',NULL,NULL,NULL,NULL,'Electronics City, Bangalore South, Karnataka-560100',NULL,NULL,NULL,NULL,NULL,NULL,NULL,'Raj','','454545454545','','560100','Bangalore South','Bangalore','Karnataka','Prestige','https://api.bizinfratech.in/bizinfraeyequality/Prestige/','$2y$10$7Ss2YoroBDuLnFkwxmcmDO2'),
(642457,'ACC21318','GreenView',0,NULL,NULL,NULL,NULL,NULL,NULL,NULL,'9999900000',NULL,'pavan@mailinator.com',NULL,NULL,NULL,0,'0','0','1','','',NULL,NULL,NULL,NULL,'Bangalore City, Bangalore North, Karnataka-560002',NULL,NULL,NULL,NULL,NULL,NULL,NULL,'pavan','','289786785678','','560002','Bangalore North','Bangalore','Karnataka','GreenView','https://api.bizinfratech.in/bizinfraeyequality/GreenView/','$2y$10$6OLoevSuBOaoe5NiN83PL.3'),
(642472,'ACC21320','Shoba Oasis ',0,NULL,NULL,NULL,NULL,NULL,NULL,NULL,'9999888000',NULL,'ritesh@mailinator.com',NULL,NULL,NULL,0,'0','0','1','','',NULL,NULL,NULL,NULL,'Electronics City, Bangalore South, Karnataka-560100',NULL,NULL,NULL,NULL,NULL,NULL,NULL,'Ritesh','','334455667788','','560100','Bangalore South','Bangalore','Karnataka','ShobaOasis','https://api.bizinfratech.in/bizinfraeyequality/ShobaOasis/','$2y$10$lY3JNrvm9oJ4F1K032SNr.y'),
(642473,'ACC21321','Valley',0,NULL,NULL,NULL,NULL,NULL,NULL,NULL,'7338240387',NULL,'vaishnavi@mailinator.com',NULL,NULL,NULL,0,'0','0','1','','',NULL,NULL,NULL,NULL,'Nittuvalli, Davanagere, Karnataka-577004',NULL,NULL,NULL,NULL,NULL,NULL,NULL,'Vaishnavi ','','3459873245','','577004','Davanagere','Davangere','Karnataka','Valley','https://api.bizinfratech.in/bizinfraeyequality/Valley/','$2y$10$IxMMhEz162x19w8IeGY7s.q');

--
-- Table structure for table `vtiger_accountbillads`
--

CREATE TABLE `vtiger_accountbillads` (
  `accountaddressid` int(19) NOT NULL DEFAULT 0,
  `bill_city` varchar(30) DEFAULT NULL,
  `bill_code` varchar(30) DEFAULT NULL,
  `bill_country` varchar(30) DEFAULT NULL,
  `bill_state` varchar(30) DEFAULT NULL,
  `bill_street` varchar(250) DEFAULT NULL,
  `bill_pobox` varchar(30) DEFAULT NULL,
  PRIMARY KEY (`accountaddressid`),
  CONSTRAINT `fk_1_vtiger_accountbillads` FOREIGN KEY (`accountaddressid`) REFERENCES `vtiger_account` (`accountid`) ON DELETE CASCADE
) ENGINE=InnoDB DEFAULT CHARSET=utf8mb3 COLLATE=utf8mb3_general_ci;

--
-- Dumping data for table `vtiger_accountbillads`
--

INSERT INTO `vtiger_accountbillads` VALUES
(642374,NULL,NULL,NULL,NULL,NULL,NULL),
(642393,NULL,NULL,NULL,NULL,NULL,NULL),
(642395,NULL,NULL,NULL,NULL,NULL,NULL),
(642430,NULL,NULL,NULL,NULL,NULL,NULL),
(642449,NULL,NULL,NULL,NULL,NULL,NULL),
(642451,NULL,NULL,NULL,NULL,NULL,NULL),
(642457,NULL,NULL,NULL,NULL,NULL,NULL),
(642472,NULL,NULL,NULL,NULL,NULL,NULL),
(642473,NULL,NULL,NULL,NULL,NULL,NULL);

--
-- Table structure for table `vtiger_accountrating`
--

CREATE TABLE `vtiger_accountrating` (
  `accountratingid` int(19) NOT NULL AUTO_INCREMENT,
  `rating` varchar(200) NOT NULL,
  `sortorderid` int(19) NOT NULL DEFAULT 0,
  `presence` int(1) NOT NULL DEFAULT 1,
  PRIMARY KEY (`accountratingid`),
  UNIQUE KEY `accountrating_rating_idx` (`rating`)
) ENGINE=InnoDB DEFAULT CHARSET=utf8mb3 COLLATE=utf8mb3_general_ci;

--
-- Dumping data for table `vtiger_accountrating`
--


--
-- Table structure for table `vtiger_accountscf`
--

CREATE TABLE `vtiger_accountscf` (
  `accountid` int(19) NOT NULL DEFAULT 0,
  `cf_2808` date DEFAULT NULL,
  `cf_2810` date DEFAULT NULL,
  PRIMARY KEY (`accountid`),
  CONSTRAINT `fk_1_vtiger_accountscf` FOREIGN KEY (`accountid`) REFERENCES `vtiger_account` (`accountid`) ON DELETE CASCADE
) ENGINE=InnoDB DEFAULT CHARSET=utf8mb3 COLLATE=utf8mb3_general_ci;

--
-- Dumping data for table `vtiger_accountscf`
--

INSERT INTO `vtiger_accountscf` VALUES
(642374,NULL,NULL),
(642393,NULL,NULL),
(642395,NULL,NULL),
(642430,NULL,NULL),
(642449,NULL,NULL),
(642451,NULL,NULL),
(642457,NULL,NULL),
(642472,NULL,NULL),
(642473,NULL,NULL);

--
-- Table structure for table `vtiger_accountshipads`
--

CREATE TABLE `vtiger_accountshipads` (
  `accountaddressid` int(19) NOT NULL DEFAULT 0,
  `ship_city` varchar(30) DEFAULT NULL,
  `ship_code` varchar(30) DEFAULT NULL,
  `ship_country` varchar(30) DEFAULT NULL,
  `ship_state` varchar(30) DEFAULT NULL,
  `ship_pobox` varchar(30) DEFAULT NULL,
  `ship_street` varchar(250) DEFAULT NULL,
  PRIMARY KEY (`accountaddressid`),
  CONSTRAINT `fk_1_vtiger_accountshipads` FOREIGN KEY (`accountaddressid`) REFERENCES `vtiger_account` (`accountid`) ON DELETE CASCADE
) ENGINE=InnoDB DEFAULT CHARSET=utf8mb3 COLLATE=utf8mb3_general_ci;

--
-- Dumping data for table `vtiger_accountshipads`
--

INSERT INTO `vtiger_accountshipads` VALUES
(642374,NULL,NULL,NULL,NULL,NULL,NULL),
(642393,NULL,NULL,NULL,NULL,NULL,NULL),
(642395,NULL,NULL,NULL,NULL,NULL,NULL),
(642430,NULL,NULL,NULL,NULL,NULL,NULL),
(642449,NULL,NULL,NULL,NULL,NULL,NULL),
(642451,NULL,NULL,NULL,NULL,NULL,NULL),
(642457,NULL,NULL,NULL,NULL,NULL,NULL),
(642472,NULL,NULL,NULL,NULL,NULL,NULL),
(642473,NULL,NULL,NULL,NULL,NULL,NULL);

--
-- Table structure for table `vtiger_accounttype`
--

CREATE TABLE `vtiger_accounttype` (
  `accounttypeid` int(19) NOT NULL AUTO_INCREMENT,
  `accounttype` varchar(200) NOT NULL,
  `presence` int(1) NOT NULL DEFAULT 1,
  `picklist_valueid` int(19) NOT NULL DEFAULT 0,
  `sortorderid` int(11) DEFAULT NULL,
  `color` varchar(10) DEFAULT NULL,
  PRIMARY KEY (`accounttypeid`),
  UNIQUE KEY `accounttype_accounttype_idx` (`accounttype`)
) ENGINE=InnoDB AUTO_INCREMENT=14 DEFAULT CHARSET=utf8mb3 COLLATE=utf8mb3_general_ci;

--
-- Dumping data for table `vtiger_accounttype`
--

INSERT INTO `vtiger_accounttype` VALUES
(2,'Analyst',1,2,1,NULL),
(3,'Competitor',1,3,2,NULL),
(4,'Customer',1,4,3,NULL),
(5,'Integrator',1,5,4,NULL),
(6,'Investor',1,6,5,NULL),
(7,'Partner',1,7,6,NULL),
(8,'Press',1,8,7,NULL),
(9,'Prospect',1,9,8,NULL),
(10,'Reseller',1,10,9,NULL),
(11,'Other',1,11,10,NULL),
(12,'Individual',1,307,1,NULL),
(13,'Partnership',1,308,1,NULL);

--
-- Table structure for table `vtiger_accounttype_seq`
--

CREATE TABLE `vtiger_accounttype_seq` (
  `id` int(11) NOT NULL
) ENGINE=MyISAM DEFAULT CHARSET=utf8mb3 COLLATE=utf8mb3_general_ci;

--
-- Dumping data for table `vtiger_accounttype_seq`
--

INSERT INTO `vtiger_accounttype_seq` VALUES
(13);

--
-- Table structure for table `vtiger_action_by_dsm`
--

CREATE TABLE `vtiger_action_by_dsm` (
  `action_by_dsmid` int(11) NOT NULL AUTO_INCREMENT,
  `action_by_dsm` varchar(200) NOT NULL,
  `sortorderid` int(11) DEFAULT NULL,
  `presence` int(11) NOT NULL DEFAULT 1,
  `color` varchar(10) DEFAULT NULL,
  PRIMARY KEY (`action_by_dsmid`)
) ENGINE=InnoDB AUTO_INCREMENT=5 DEFAULT CHARSET=utf8mb3 COLLATE=utf8mb3_general_ci;

--
-- Dumping data for table `vtiger_action_by_dsm`
--

INSERT INTO `vtiger_action_by_dsm` VALUES
(1,'Under Repair at Division',0,1,NULL),
(2,'Repaired and Kept as a Float at Division',1,1,NULL),
(3,'Repaired and Sent to Region',2,1,NULL),
(4,'Scrapped at Division',3,1,NULL);

--
-- Table structure for table `vtiger_action_by_dsm_seq`
--

CREATE TABLE `vtiger_action_by_dsm_seq` (
  `id` int(11) NOT NULL
) ENGINE=InnoDB DEFAULT CHARSET=utf8mb3 COLLATE=utf8mb3_general_ci;

--
-- Dumping data for table `vtiger_action_by_dsm_seq`
--

INSERT INTO `vtiger_action_by_dsm_seq` VALUES
(4);

--
-- Table structure for table `vtiger_action_by_service_man`
--

CREATE TABLE `vtiger_action_by_service_man` (
  `action_by_service_manid` int(11) NOT NULL AUTO_INCREMENT,
  `action_by_service_man` varchar(200) NOT NULL,
  `sortorderid` int(11) DEFAULT NULL,
  `presence` int(11) NOT NULL DEFAULT 1,
  `color` varchar(10) DEFAULT NULL,
  PRIMARY KEY (`action_by_service_manid`)
) ENGINE=InnoDB AUTO_INCREMENT=4 DEFAULT CHARSET=utf8mb3 COLLATE=utf8mb3_general_ci;

--
-- Dumping data for table `vtiger_action_by_service_man`
--

INSERT INTO `vtiger_action_by_service_man` VALUES
(1,'Scrapped',0,1,NULL),
(2,'Repair at Region',1,1,NULL),
(3,'Sent to division',2,1,NULL);

--
-- Table structure for table `vtiger_action_by_service_man_seq`
--

CREATE TABLE `vtiger_action_by_service_man_seq` (
  `id` int(11) NOT NULL
) ENGINE=InnoDB DEFAULT CHARSET=utf8mb3 COLLATE=utf8mb3_bin;

--
-- Dumping data for table `vtiger_action_by_service_man_seq`
--

INSERT INTO `vtiger_action_by_service_man_seq` VALUES
(3);

--
-- Table structure for table `vtiger_action_taken_by_sm`
--

CREATE TABLE `vtiger_action_taken_by_sm` (
  `action_taken_by_smid` int(11) NOT NULL AUTO_INCREMENT,
  `action_taken_by_sm` varchar(200) NOT NULL,
  `sortorderid` int(11) DEFAULT NULL,
  `presence` int(11) NOT NULL DEFAULT 1,
  `color` varchar(10) DEFAULT NULL,
  PRIMARY KEY (`action_taken_by_smid`)
) ENGINE=InnoDB AUTO_INCREMENT=7 DEFAULT CHARSET=utf8mb3 COLLATE=utf8mb3_general_ci;

--
-- Dumping data for table `vtiger_action_taken_by_sm`
--

INSERT INTO `vtiger_action_taken_by_sm` VALUES
(1,'Scrapped at Region',0,1,NULL),
(2,'Repaired at Region',1,1,NULL),
(3,'Sent to division to Analysis',2,1,NULL),
(4,'Sent to division to Repair',3,1,NULL),
(5,'Sent to Service Centre for Repair',4,1,NULL),
(6,'Sent to Vendor',5,1,NULL);

--
-- Table structure for table `vtiger_action_taken_by_sm_seq`
--

CREATE TABLE `vtiger_action_taken_by_sm_seq` (
  `id` int(11) NOT NULL
) ENGINE=InnoDB DEFAULT CHARSET=utf8mb3 COLLATE=utf8mb3_general_ci;

--
-- Dumping data for table `vtiger_action_taken_by_sm_seq`
--

INSERT INTO `vtiger_action_taken_by_sm_seq` VALUES
(6);

--
-- Table structure for table `vtiger_actionmapping`
--

CREATE TABLE `vtiger_actionmapping` (
  `actionid` int(19) NOT NULL,
  `actionname` varchar(200) NOT NULL,
  `securitycheck` int(19) DEFAULT NULL,
  PRIMARY KEY (`actionid`,`actionname`)
) ENGINE=InnoDB DEFAULT CHARSET=utf8mb3 COLLATE=utf8mb3_general_ci;

--
-- Dumping data for table `vtiger_actionmapping`
--

INSERT INTO `vtiger_actionmapping` VALUES
(0,'Save',0),
(0,'SavePriceBook',1),
(0,'SaveVendor',1),
(1,'DetailViewAjax',1),
(1,'EditView',0),
(1,'PriceBookEditView',1),
(1,'QuickCreate',1),
(1,'VendorEditView',1),
(2,'Delete',0),
(2,'DeletePriceBook',1),
(2,'DeleteVendor',1),
(3,'index',0),
(3,'Popup',1),
(4,'DetailView',0),
(4,'PriceBookDetailView',1),
(4,'TagCloud',1),
(4,'VendorDetailView',1),
(5,'Import',0),
(6,'Export',0),
(7,'CreateView',0),
(8,'Merge',0),
(9,'ConvertLead',0),
(10,'DuplicatesHandling',0),
(13,'Print',0);

--
-- Table structure for table `vtiger_activity`
--

CREATE TABLE `vtiger_activity` (
  `activityid` int(19) NOT NULL DEFAULT 0,
  `subject` varchar(255) DEFAULT NULL,
  `semodule` varchar(20) DEFAULT NULL,
  `activitytype` varchar(200) NOT NULL,
  `date_start` date NOT NULL,
  `due_date` date DEFAULT NULL,
  `time_start` varchar(50) DEFAULT NULL,
  `time_end` varchar(50) DEFAULT NULL,
  `sendnotification` varchar(3) NOT NULL DEFAULT '0',
  `duration_hours` varchar(200) DEFAULT NULL,
  `duration_minutes` varchar(200) DEFAULT NULL,
  `status` varchar(200) DEFAULT NULL,
  `eventstatus` varchar(200) DEFAULT NULL,
  `priority` varchar(200) DEFAULT NULL,
  `location` varchar(150) DEFAULT NULL,
  `notime` varchar(3) NOT NULL DEFAULT '0',
  `visibility` varchar(50) NOT NULL DEFAULT 'all',
  `recurringtype` varchar(200) DEFAULT NULL,
  `tags` varchar(1) DEFAULT NULL,
  PRIMARY KEY (`activityid`),
  KEY `activity_activityid_subject_idx` (`activityid`,`subject`),
  KEY `activity_activitytype_date_start_idx` (`activitytype`,`date_start`),
  KEY `activity_date_start_due_date_idx` (`date_start`,`due_date`),
  KEY `activity_date_start_time_start_idx` (`date_start`,`time_start`),
  KEY `activity_eventstatus_idx` (`eventstatus`),
  KEY `activity_status_idx` (`status`),
  CONSTRAINT `fk_1_vtiger_activity` FOREIGN KEY (`activityid`) REFERENCES `vtiger_crmentity` (`crmid`) ON DELETE CASCADE
) ENGINE=InnoDB DEFAULT CHARSET=utf8mb3 COLLATE=utf8mb3_general_ci;

--
-- Dumping data for table `vtiger_activity`
--

INSERT INTO `vtiger_activity` VALUES
(638879,'Thank you for registering with us','','Emails','2025-01-09',NULL,'06:19:27',NULL,'0',NULL,NULL,NULL,NULL,NULL,NULL,'0','all',NULL,''),
(638880,'New User Got Sign UP','','Emails','2025-01-09',NULL,'06:19:31',NULL,'0',NULL,NULL,NULL,NULL,NULL,NULL,'0','all',NULL,''),
(638881,'Your Credentials is Created ','','Emails','2025-01-09',NULL,'06:19:36',NULL,'0',NULL,NULL,NULL,NULL,NULL,NULL,'0','all',NULL,''),
(638884,'Thank you for registering with us','','Emails','2025-01-09',NULL,'06:25:52',NULL,'0',NULL,NULL,NULL,NULL,NULL,NULL,'0','all',NULL,''),
(638885,'New User Got Sign UP','','Emails','2025-01-09',NULL,'06:25:56',NULL,'0',NULL,NULL,NULL,NULL,NULL,NULL,'0','all',NULL,''),
(638896,'Thank you for registering with us','','Emails','2025-01-09',NULL,'06:35:15',NULL,'0',NULL,NULL,NULL,NULL,NULL,NULL,'0','all',NULL,''),
(638897,'New User Got Sign UP','','Emails','2025-01-09',NULL,'06:35:20',NULL,'0',NULL,NULL,NULL,NULL,NULL,NULL,'0','all',NULL,''),
(638903,'Thank you for registering with us','','Emails','2025-01-09',NULL,'07:20:57',NULL,'0',NULL,NULL,NULL,NULL,NULL,NULL,'0','all',NULL,''),
(638904,'New User Got Sign UP','','Emails','2025-01-09',NULL,'07:21:01',NULL,'0',NULL,NULL,NULL,NULL,NULL,NULL,'0','all',NULL,''),
(638955,'Thank you for registering with us','','Emails','2025-01-09',NULL,'10:12:01',NULL,'0',NULL,NULL,NULL,NULL,NULL,NULL,'0','all',NULL,''),
(638956,'New User Got Sign UP','','Emails','2025-01-09',NULL,'10:12:06',NULL,'0',NULL,NULL,NULL,NULL,NULL,NULL,'0','all',NULL,''),
(638958,'Thank you for registering with us','','Emails','2025-01-09',NULL,'10:15:31',NULL,'0',NULL,NULL,NULL,NULL,NULL,NULL,'0','all',NULL,''),
(638959,'New User Got Sign UP','','Emails','2025-01-09',NULL,'10:15:36',NULL,'0',NULL,NULL,NULL,NULL,NULL,NULL,'0','all',NULL,''),
(638964,'Thank you for registering with us','','Emails','2025-01-09',NULL,'10:19:12',NULL,'0',NULL,NULL,NULL,NULL,NULL,NULL,'0','all',NULL,''),
(638965,'New User Got Sign UP','','Emails','2025-01-09',NULL,'10:19:17',NULL,'0',NULL,NULL,NULL,NULL,NULL,NULL,'0','all',NULL,''),
(638982,'Thank you for registering with us','','Emails','2025-01-09',NULL,'10:33:39',NULL,'0',NULL,NULL,NULL,NULL,NULL,NULL,'0','all',NULL,''),
(638983,'New User Got Sign UP','','Emails','2025-01-09',NULL,'10:33:44',NULL,'0',NULL,NULL,NULL,NULL,NULL,NULL,'0','all',NULL,''),
(638988,'Thank you for registering with us','','Emails','2025-01-09',NULL,'10:41:07',NULL,'0',NULL,NULL,NULL,NULL,NULL,NULL,'0','all',NULL,''),
(638989,'New User Got Sign UP','','Emails','2025-01-09',NULL,'10:41:11',NULL,'0',NULL,NULL,NULL,NULL,NULL,NULL,'0','all',NULL,''),
(638992,'Thank you for registering with us','','Emails','2025-01-09',NULL,'10:49:10',NULL,'0',NULL,NULL,NULL,NULL,NULL,NULL,'0','all',NULL,''),
(638993,'New User Got Sign UP','','Emails','2025-01-09',NULL,'10:49:15',NULL,'0',NULL,NULL,NULL,NULL,NULL,NULL,'0','all',NULL,''),
(638998,'Thank you for registering with us','','Emails','2025-01-09',NULL,'10:56:34',NULL,'0',NULL,NULL,NULL,NULL,NULL,NULL,'0','all',NULL,''),
(638999,'New User Got Sign UP','','Emails','2025-01-09',NULL,'10:56:38',NULL,'0',NULL,NULL,NULL,NULL,NULL,NULL,'0','all',NULL,''),
(639012,'Thank you for registering with us','','Emails','2025-01-09',NULL,'11:37:52',NULL,'0',NULL,NULL,NULL,NULL,NULL,NULL,'0','all',NULL,''),
(639013,'New User Got Sign UP','','Emails','2025-01-09',NULL,'11:37:57',NULL,'0',NULL,NULL,NULL,NULL,NULL,NULL,'0','all',NULL,''),
(639046,'Thank you for registering with us','','Emails','2025-01-09',NULL,'12:47:26',NULL,'0',NULL,NULL,NULL,NULL,NULL,NULL,'0','all',NULL,''),
(639047,'New User Got Sign UP','','Emails','2025-01-09',NULL,'12:47:30',NULL,'0',NULL,NULL,NULL,NULL,NULL,NULL,'0','all',NULL,''),
(639057,'Thank you for registering with us','','Emails','2025-01-10',NULL,'04:52:20',NULL,'0',NULL,NULL,NULL,NULL,NULL,NULL,'0','all',NULL,''),
(639058,'New User Got Sign UP','','Emails','2025-01-10',NULL,'04:52:24',NULL,'0',NULL,NULL,NULL,NULL,NULL,NULL,'0','all',NULL,''),
(639125,'Thank you for registering with us','','Emails','2025-01-10',NULL,'09:24:22',NULL,'0',NULL,NULL,NULL,NULL,NULL,NULL,'0','all',NULL,''),
(639126,'New User Got Sign UP','','Emails','2025-01-10',NULL,'09:24:26',NULL,'0',NULL,NULL,NULL,NULL,NULL,NULL,'0','all',NULL,''),
(639134,'Thank you for registering with us','','Emails','2025-01-10',NULL,'09:55:02',NULL,'0',NULL,NULL,NULL,NULL,NULL,NULL,'0','all',NULL,''),
(639135,'New User Got Sign UP','','Emails','2025-01-10',NULL,'09:55:06',NULL,'0',NULL,NULL,NULL,NULL,NULL,NULL,'0','all',NULL,''),
(639142,'Thank you for registering with us','','Emails','2025-01-10',NULL,'10:00:54',NULL,'0',NULL,NULL,NULL,NULL,NULL,NULL,'0','all',NULL,''),
(639143,'New User Got Sign UP','','Emails','2025-01-10',NULL,'10:00:59',NULL,'0',NULL,NULL,NULL,NULL,NULL,NULL,'0','all',NULL,''),
(639148,'Thank you for registering with us','','Emails','2025-01-10',NULL,'10:04:52',NULL,'0',NULL,NULL,NULL,NULL,NULL,NULL,'0','all',NULL,''),
(639149,'New User Got Sign UP','','Emails','2025-01-10',NULL,'10:04:57',NULL,'0',NULL,NULL,NULL,NULL,NULL,NULL,'0','all',NULL,''),
(639153,'Thank you for registering with us','','Emails','2025-01-10',NULL,'10:05:49',NULL,'0',NULL,NULL,NULL,NULL,NULL,NULL,'0','all',NULL,''),
(639154,'New User Got Sign UP','','Emails','2025-01-10',NULL,'10:05:53',NULL,'0',NULL,NULL,NULL,NULL,NULL,NULL,'0','all',NULL,''),
(639161,'Thank you for registering with us','','Emails','2025-01-10',NULL,'10:11:33',NULL,'0',NULL,NULL,NULL,NULL,NULL,NULL,'0','all',NULL,''),
(639162,'New User Got Sign UP','','Emails','2025-01-10',NULL,'10:11:37',NULL,'0',NULL,NULL,NULL,NULL,NULL,NULL,'0','all',NULL,''),
(639169,'Thank you for registering with us','','Emails','2025-01-10',NULL,'10:49:25',NULL,'0',NULL,NULL,NULL,NULL,NULL,NULL,'0','all',NULL,''),
(639170,'New User Got Sign UP','','Emails','2025-01-10',NULL,'10:49:30',NULL,'0',NULL,NULL,NULL,NULL,NULL,NULL,'0','all',NULL,''),
(639173,'Thank you for registering with us','','Emails','2025-01-10',NULL,'11:05:12',NULL,'0',NULL,NULL,NULL,NULL,NULL,NULL,'0','all',NULL,''),
(639174,'New User Got Sign UP','','Emails','2025-01-10',NULL,'11:05:17',NULL,'0',NULL,NULL,NULL,NULL,NULL,NULL,'0','all',NULL,''),
(639188,'Thank you for registering with us','','Emails','2025-01-10',NULL,'12:07:12',NULL,'0',NULL,NULL,NULL,NULL,NULL,NULL,'0','all',NULL,''),
(639189,'New User Got Sign UP','','Emails','2025-01-10',NULL,'12:07:16',NULL,'0',NULL,NULL,NULL,NULL,NULL,NULL,'0','all',NULL,''),
(639333,'Thank you for registering with us','','Emails','2025-01-13',NULL,'09:40:00',NULL,'0',NULL,NULL,NULL,NULL,NULL,NULL,'0','all',NULL,''),
(639334,'New User Got Sign UP','','Emails','2025-01-13',NULL,'09:40:05',NULL,'0',NULL,NULL,NULL,NULL,NULL,NULL,'0','all',NULL,''),
(639370,'New User Got Sign UP','','Emails','2025-01-15',NULL,'06:18:28',NULL,'0',NULL,NULL,NULL,NULL,NULL,NULL,'0','all',NULL,''),
(639849,'New User Got Sign UP','','Emails','2025-01-21',NULL,'07:05:33',NULL,'0',NULL,NULL,NULL,NULL,NULL,NULL,'0','all',NULL,''),
(639973,'Thank you for registering with us','','Emails','2025-01-24',NULL,'11:25:29',NULL,'0',NULL,NULL,NULL,NULL,NULL,NULL,'0','all',NULL,''),
(639974,'New User Got Sign UP','','Emails','2025-01-24',NULL,'11:25:33',NULL,'0',NULL,NULL,NULL,NULL,NULL,NULL,'0','all',NULL,''),
(639975,'Your Credentials is Created ','','Emails','2025-01-24',NULL,'11:25:38',NULL,'0',NULL,NULL,NULL,NULL,NULL,NULL,'0','all',NULL,''),
(639978,'Thank you for registering with us','','Emails','2025-01-24',NULL,'11:29:52',NULL,'0',NULL,NULL,NULL,NULL,NULL,NULL,'0','all',NULL,''),
(639979,'New User Got Sign UP','','Emails','2025-01-24',NULL,'11:29:57',NULL,'0',NULL,NULL,NULL,NULL,NULL,NULL,'0','all',NULL,''),
(639980,'Your Credentials is Created ','','Emails','2025-01-24',NULL,'11:30:02',NULL,'0',NULL,NULL,NULL,NULL,NULL,NULL,'0','all',NULL,''),
(639984,'Thank you for registering with us','','Emails','2025-01-24',NULL,'11:41:17',NULL,'0',NULL,NULL,NULL,NULL,NULL,NULL,'0','all',NULL,''),
(639985,'New User Got Sign UP','','Emails','2025-01-24',NULL,'11:41:22',NULL,'0',NULL,NULL,NULL,NULL,NULL,NULL,'0','all',NULL,''),
(639986,'Your Credentials is Created ','','Emails','2025-01-24',NULL,'11:41:26',NULL,'0',NULL,NULL,NULL,NULL,NULL,NULL,'0','all',NULL,''),
(639991,'Thank you for registering with us','','Emails','2025-01-24',NULL,'11:58:05',NULL,'0',NULL,NULL,NULL,NULL,NULL,NULL,'0','all',NULL,''),
(639992,'New User Got Sign UP','','Emails','2025-01-24',NULL,'11:58:09',NULL,'0',NULL,NULL,NULL,NULL,NULL,NULL,'0','all',NULL,''),
(639993,'Your Credentials is Created ','','Emails','2025-01-24',NULL,'11:58:14',NULL,'0',NULL,NULL,NULL,NULL,NULL,NULL,'0','all',NULL,''),
(639997,'Thank you for registering with us','','Emails','2025-01-24',NULL,'12:05:33',NULL,'0',NULL,NULL,NULL,NULL,NULL,NULL,'0','all',NULL,''),
(639998,'New User Got Sign UP','','Emails','2025-01-24',NULL,'12:05:39',NULL,'0',NULL,NULL,NULL,NULL,NULL,NULL,'0','all',NULL,''),
(639999,'Your Credentials is Created ','','Emails','2025-01-24',NULL,'12:05:43',NULL,'0',NULL,NULL,NULL,NULL,NULL,NULL,'0','all',NULL,''),
(640011,'Thank you for registering with us','','Emails','2025-01-24',NULL,'12:24:34',NULL,'0',NULL,NULL,NULL,NULL,NULL,NULL,'0','all',NULL,''),
(640012,'New User Got Sign UP','','Emails','2025-01-24',NULL,'12:24:38',NULL,'0',NULL,NULL,NULL,NULL,NULL,NULL,'0','all',NULL,''),
(640013,'Your Credentials is Created ','','Emails','2025-01-24',NULL,'12:24:43',NULL,'0',NULL,NULL,NULL,NULL,NULL,NULL,'0','all',NULL,''),
(640017,'Thank you for registering with us','','Emails','2025-01-24',NULL,'12:28:58',NULL,'0',NULL,NULL,NULL,NULL,NULL,NULL,'0','all',NULL,''),
(640018,'New User Got Sign UP','','Emails','2025-01-24',NULL,'12:29:02',NULL,'0',NULL,NULL,NULL,NULL,NULL,NULL,'0','all',NULL,''),
(640019,'Your Credentials is Created ','','Emails','2025-01-24',NULL,'12:29:07',NULL,'0',NULL,NULL,NULL,NULL,NULL,NULL,'0','all',NULL,''),
(640029,'Thank you for registering with us','','Emails','2025-01-24',NULL,'12:37:09',NULL,'0',NULL,NULL,NULL,NULL,NULL,NULL,'0','all',NULL,''),
(640030,'New User Got Sign UP','','Emails','2025-01-24',NULL,'12:37:13',NULL,'0',NULL,NULL,NULL,NULL,NULL,NULL,'0','all',NULL,''),
(640031,'Your Credentials is Created ','','Emails','2025-01-24',NULL,'12:37:18',NULL,'0',NULL,NULL,NULL,NULL,NULL,NULL,'0','all',NULL,''),
(640035,'Thank you for registering with us','','Emails','2025-01-24',NULL,'12:55:14',NULL,'0',NULL,NULL,NULL,NULL,NULL,NULL,'0','all',NULL,''),
(640036,'New User Got Sign UP','','Emails','2025-01-24',NULL,'12:55:18',NULL,'0',NULL,NULL,NULL,NULL,NULL,NULL,'0','all',NULL,''),
(640037,'Your Credentials is Created ','','Emails','2025-01-24',NULL,'12:55:22',NULL,'0',NULL,NULL,NULL,NULL,NULL,NULL,'0','all',NULL,''),
(640041,'Thank you for registering with us','','Emails','2025-01-27',NULL,'05:38:01',NULL,'0',NULL,NULL,NULL,NULL,NULL,NULL,'0','all',NULL,''),
(640042,'New User Got Sign UP','','Emails','2025-01-27',NULL,'05:38:06',NULL,'0',NULL,NULL,NULL,NULL,NULL,NULL,'0','all',NULL,''),
(640043,'Your Credentials is Created ','','Emails','2025-01-27',NULL,'05:38:11',NULL,'0',NULL,NULL,NULL,NULL,NULL,NULL,'0','all',NULL,''),
(640047,'Thank you for registering with us','','Emails','2025-01-27',NULL,'06:01:24',NULL,'0',NULL,NULL,NULL,NULL,NULL,NULL,'0','all',NULL,''),
(640048,'New User Got Sign UP','','Emails','2025-01-27',NULL,'06:01:29',NULL,'0',NULL,NULL,NULL,NULL,NULL,NULL,'0','all',NULL,''),
(640049,'Your Credentials is Created ','','Emails','2025-01-27',NULL,'06:01:33',NULL,'0',NULL,NULL,NULL,NULL,NULL,NULL,'0','all',NULL,''),
(640053,'Thank you for registering with us','','Emails','2025-01-27',NULL,'06:08:24',NULL,'0',NULL,NULL,NULL,NULL,NULL,NULL,'0','all',NULL,''),
(640054,'New User Got Sign UP','','Emails','2025-01-27',NULL,'06:08:29',NULL,'0',NULL,NULL,NULL,NULL,NULL,NULL,'0','all',NULL,''),
(640055,'Your Credentials is Created ','','Emails','2025-01-27',NULL,'06:08:34',NULL,'0',NULL,NULL,NULL,NULL,NULL,NULL,'0','all',NULL,''),
(640062,'Thank you for registering with us','','Emails','2025-01-27',NULL,'07:16:01',NULL,'0',NULL,NULL,NULL,NULL,NULL,NULL,'0','all',NULL,''),
(640063,'New User Got Sign UP','','Emails','2025-01-27',NULL,'07:16:06',NULL,'0',NULL,NULL,NULL,NULL,NULL,NULL,'0','all',NULL,''),
(640064,'Your Credentials is Created ','','Emails','2025-01-27',NULL,'07:16:10',NULL,'0',NULL,NULL,NULL,NULL,NULL,NULL,'0','all',NULL,''),
(640069,'Thank you for registering with us','','Emails','2025-01-27',NULL,'07:35:41',NULL,'0',NULL,NULL,NULL,NULL,NULL,NULL,'0','all',NULL,''),
(640070,'New User Got Sign UP','','Emails','2025-01-27',NULL,'07:35:45',NULL,'0',NULL,NULL,NULL,NULL,NULL,NULL,'0','all',NULL,''),
(640071,'Your Credentials is Created ','','Emails','2025-01-27',NULL,'07:35:50',NULL,'0',NULL,NULL,NULL,NULL,NULL,NULL,'0','all',NULL,''),
(640074,'Thank you for registering with us','','Emails','2025-01-27',NULL,'07:36:23',NULL,'0',NULL,NULL,NULL,NULL,NULL,NULL,'0','all',NULL,''),
(640075,'New User Got Sign UP','','Emails','2025-01-27',NULL,'07:36:28',NULL,'0',NULL,NULL,NULL,NULL,NULL,NULL,'0','all',NULL,''),
(640076,'Your Credentials is Created ','','Emails','2025-01-27',NULL,'07:36:33',NULL,'0',NULL,NULL,NULL,NULL,NULL,NULL,'0','all',NULL,''),
(640087,'Thank you for registering with us','','Emails','2025-01-27',NULL,'08:00:07',NULL,'0',NULL,NULL,NULL,NULL,NULL,NULL,'0','all',NULL,''),
(640088,'New User Got Sign UP','','Emails','2025-01-27',NULL,'08:00:11',NULL,'0',NULL,NULL,NULL,NULL,NULL,NULL,'0','all',NULL,''),
(640089,'Your Credentials is Created ','','Emails','2025-01-27',NULL,'08:00:16',NULL,'0',NULL,NULL,NULL,NULL,NULL,NULL,'0','all',NULL,''),
(640092,'Thank you for registering with us','','Emails','2025-01-27',NULL,'08:00:49',NULL,'0',NULL,NULL,NULL,NULL,NULL,NULL,'0','all',NULL,''),
(640093,'New User Got Sign UP','','Emails','2025-01-27',NULL,'08:00:53',NULL,'0',NULL,NULL,NULL,NULL,NULL,NULL,'0','all',NULL,''),
(640094,'Your Credentials is Created ','','Emails','2025-01-27',NULL,'08:00:58',NULL,'0',NULL,NULL,NULL,NULL,NULL,NULL,'0','all',NULL,''),
(640096,'Thank you for registering with us','','Emails','2025-01-27',NULL,'08:02:23',NULL,'0',NULL,NULL,NULL,NULL,NULL,NULL,'0','all',NULL,''),
(640097,'New User Got Sign UP','','Emails','2025-01-27',NULL,'08:02:27',NULL,'0',NULL,NULL,NULL,NULL,NULL,NULL,'0','all',NULL,''),
(640098,'Your Credentials is Created ','','Emails','2025-01-27',NULL,'08:02:32',NULL,'0',NULL,NULL,NULL,NULL,NULL,NULL,'0','all',NULL,''),
(640101,'Thank you for registering with us','','Emails','2025-01-27',NULL,'09:15:22',NULL,'0',NULL,NULL,NULL,NULL,NULL,NULL,'0','all',NULL,''),
(640102,'New User Got Sign UP','','Emails','2025-01-27',NULL,'09:15:26',NULL,'0',NULL,NULL,NULL,NULL,NULL,NULL,'0','all',NULL,''),
(640103,'Your Credentials is Created ','','Emails','2025-01-27',NULL,'09:15:31',NULL,'0',NULL,NULL,NULL,NULL,NULL,NULL,'0','all',NULL,''),
(640107,'Thank you for registering with us','','Emails','2025-01-27',NULL,'09:25:08',NULL,'0',NULL,NULL,NULL,NULL,NULL,NULL,'0','all',NULL,''),
(640108,'New User Got Sign UP','','Emails','2025-01-27',NULL,'09:25:13',NULL,'0',NULL,NULL,NULL,NULL,NULL,NULL,'0','all',NULL,''),
(640109,'Your Credentials is Created ','','Emails','2025-01-27',NULL,'09:25:18',NULL,'0',NULL,NULL,NULL,NULL,NULL,NULL,'0','all',NULL,''),
(640133,'Thank you for registering with us','','Emails','2025-01-27',NULL,'10:13:17',NULL,'0',NULL,NULL,NULL,NULL,NULL,NULL,'0','all',NULL,''),
(640134,'New User Got Sign UP','','Emails','2025-01-27',NULL,'10:13:22',NULL,'0',NULL,NULL,NULL,NULL,NULL,NULL,'0','all',NULL,''),
(640135,'Your Credentials is Created ','','Emails','2025-01-27',NULL,'10:13:27',NULL,'0',NULL,NULL,NULL,NULL,NULL,NULL,'0','all',NULL,''),
(640140,'Thank you for registering with us','','Emails','2025-01-27',NULL,'10:44:53',NULL,'0',NULL,NULL,NULL,NULL,NULL,NULL,'0','all',NULL,''),
(640141,'New User Got Sign UP','','Emails','2025-01-27',NULL,'10:44:58',NULL,'0',NULL,NULL,NULL,NULL,NULL,NULL,'0','all',NULL,''),
(640142,'Your Credentials is Created ','','Emails','2025-01-27',NULL,'10:45:03',NULL,'0',NULL,NULL,NULL,NULL,NULL,NULL,'0','all',NULL,''),
(640156,'Thank you for registering with us','','Emails','2025-01-27',NULL,'12:51:03',NULL,'0',NULL,NULL,NULL,NULL,NULL,NULL,'0','all',NULL,''),
(640157,'New User Got Sign UP','','Emails','2025-01-27',NULL,'12:51:08',NULL,'0',NULL,NULL,NULL,NULL,NULL,NULL,'0','all',NULL,''),
(640158,'Your Credentials is Created ','','Emails','2025-01-27',NULL,'12:51:13',NULL,'0',NULL,NULL,NULL,NULL,NULL,NULL,'0','all',NULL,''),
(640165,'Thank you for registering with us','','Emails','2025-01-27',NULL,'12:58:21',NULL,'0',NULL,NULL,NULL,NULL,NULL,NULL,'0','all',NULL,''),
(640166,'New User Got Sign UP','','Emails','2025-01-27',NULL,'12:58:26',NULL,'0',NULL,NULL,NULL,NULL,NULL,NULL,'0','all',NULL,''),
(640167,'Your Credentials is Created ','','Emails','2025-01-27',NULL,'12:58:31',NULL,'0',NULL,NULL,NULL,NULL,NULL,NULL,'0','all',NULL,''),
(640172,'Thank you for registering with us','','Emails','2025-01-27',NULL,'13:23:40',NULL,'0',NULL,NULL,NULL,NULL,NULL,NULL,'0','all',NULL,''),
(640173,'New User Got Sign UP','','Emails','2025-01-27',NULL,'13:23:45',NULL,'0',NULL,NULL,NULL,NULL,NULL,NULL,'0','all',NULL,''),
(640174,'Your Credentials is Created ','','Emails','2025-01-27',NULL,'13:23:49',NULL,'0',NULL,NULL,NULL,NULL,NULL,NULL,'0','all',NULL,''),
(640178,'Thank you for registering with us','','Emails','2025-01-27',NULL,'13:35:07',NULL,'0',NULL,NULL,NULL,NULL,NULL,NULL,'0','all',NULL,''),
(640179,'New User Got Sign UP','','Emails','2025-01-27',NULL,'13:35:12',NULL,'0',NULL,NULL,NULL,NULL,NULL,NULL,'0','all',NULL,''),
(640180,'Your Credentials is Created ','','Emails','2025-01-27',NULL,'13:35:17',NULL,'0',NULL,NULL,NULL,NULL,NULL,NULL,'0','all',NULL,''),
(640184,'Thank you for registering with us','','Emails','2025-01-28',NULL,'05:22:53',NULL,'0',NULL,NULL,NULL,NULL,NULL,NULL,'0','all',NULL,''),
(640185,'New User Got Sign UP','','Emails','2025-01-28',NULL,'05:22:57',NULL,'0',NULL,NULL,NULL,NULL,NULL,NULL,'0','all',NULL,''),
(640186,'Your Credentials is Created ','','Emails','2025-01-28',NULL,'05:23:02',NULL,'0',NULL,NULL,NULL,NULL,NULL,NULL,'0','all',NULL,''),
(640191,'Thank you for registering with us','','Emails','2025-01-28',NULL,'05:49:39',NULL,'0',NULL,NULL,NULL,NULL,NULL,NULL,'0','all',NULL,''),
(640192,'New User Got Sign UP','','Emails','2025-01-28',NULL,'05:49:44',NULL,'0',NULL,NULL,NULL,NULL,NULL,NULL,'0','all',NULL,''),
(640193,'Your Credentials is Created ','','Emails','2025-01-28',NULL,'05:49:48',NULL,'0',NULL,NULL,NULL,NULL,NULL,NULL,'0','all',NULL,''),
(640196,'Thank you for registering with us','','Emails','2025-01-28',NULL,'05:50:21',NULL,'0',NULL,NULL,NULL,NULL,NULL,NULL,'0','all',NULL,''),
(640197,'New User Got Sign UP','','Emails','2025-01-28',NULL,'05:50:25',NULL,'0',NULL,NULL,NULL,NULL,NULL,NULL,'0','all',NULL,''),
(640198,'Your Credentials is Created ','','Emails','2025-01-28',NULL,'05:50:30',NULL,'0',NULL,NULL,NULL,NULL,NULL,NULL,'0','all',NULL,''),
(640200,'Thank you for registering with us','','Emails','2025-01-28',NULL,'05:50:35',NULL,'0',NULL,NULL,NULL,NULL,NULL,NULL,'0','all',NULL,''),
(640201,'New User Got Sign UP','','Emails','2025-01-28',NULL,'05:50:40',NULL,'0',NULL,NULL,NULL,NULL,NULL,NULL,'0','all',NULL,''),
(640202,'Your Credentials is Created ','','Emails','2025-01-28',NULL,'05:50:44',NULL,'0',NULL,NULL,NULL,NULL,NULL,NULL,'0','all',NULL,''),
(640204,'Thank you for registering with us','','Emails','2025-01-28',NULL,'06:15:33',NULL,'0',NULL,NULL,NULL,NULL,NULL,NULL,'0','all',NULL,''),
(640205,'New User Got Sign UP','','Emails','2025-01-28',NULL,'06:15:38',NULL,'0',NULL,NULL,NULL,NULL,NULL,NULL,'0','all',NULL,''),
(640206,'Your Credentials is Created ','','Emails','2025-01-28',NULL,'06:15:42',NULL,'0',NULL,NULL,NULL,NULL,NULL,NULL,'0','all',NULL,''),
(640210,'Thank you for registering with us','','Emails','2025-01-28',NULL,'06:28:43',NULL,'0',NULL,NULL,NULL,NULL,NULL,NULL,'0','all',NULL,''),
(640211,'New User Got Sign UP','','Emails','2025-01-28',NULL,'06:28:47',NULL,'0',NULL,NULL,NULL,NULL,NULL,NULL,'0','all',NULL,''),
(640212,'Your Credentials is Created ','','Emails','2025-01-28',NULL,'06:28:52',NULL,'0',NULL,NULL,NULL,NULL,NULL,NULL,'0','all',NULL,''),
(640248,'Thank you for registering with us','','Emails','2025-01-28',NULL,'09:11:45',NULL,'0',NULL,NULL,NULL,NULL,NULL,NULL,'0','all',NULL,''),
(640249,'New User Got Sign UP','','Emails','2025-01-28',NULL,'09:11:49',NULL,'0',NULL,NULL,NULL,NULL,NULL,NULL,'0','all',NULL,''),
(640250,'Your Credentials is Created ','','Emails','2025-01-28',NULL,'09:11:53',NULL,'0',NULL,NULL,NULL,NULL,NULL,NULL,'0','all',NULL,''),
(640258,'Thank you for registering with us','','Emails','2025-01-28',NULL,'09:24:50',NULL,'0',NULL,NULL,NULL,NULL,NULL,NULL,'0','all',NULL,''),
(640259,'New User Got Sign UP','','Emails','2025-01-28',NULL,'09:24:55',NULL,'0',NULL,NULL,NULL,NULL,NULL,NULL,'0','all',NULL,''),
(640260,'Your Credentials is Created ','','Emails','2025-01-28',NULL,'09:25:00',NULL,'0',NULL,NULL,NULL,NULL,NULL,NULL,'0','all',NULL,''),
(640264,'Thank you for registering with us','','Emails','2025-01-28',NULL,'09:28:22',NULL,'0',NULL,NULL,NULL,NULL,NULL,NULL,'0','all',NULL,''),
(640265,'New User Got Sign UP','','Emails','2025-01-28',NULL,'09:28:27',NULL,'0',NULL,NULL,NULL,NULL,NULL,NULL,'0','all',NULL,''),
(640266,'Your Credentials is Created ','','Emails','2025-01-28',NULL,'09:28:31',NULL,'0',NULL,NULL,NULL,NULL,NULL,NULL,'0','all',NULL,''),
(640348,'Thank you for registering with us','','Emails','2025-01-28',NULL,'12:50:09',NULL,'0',NULL,NULL,NULL,NULL,NULL,NULL,'0','all',NULL,''),
(640349,'New User Got Sign UP','','Emails','2025-01-28',NULL,'12:50:13',NULL,'0',NULL,NULL,NULL,NULL,NULL,NULL,'0','all',NULL,''),
(640350,'Your Credentials is Created ','','Emails','2025-01-28',NULL,'12:50:18',NULL,'0',NULL,NULL,NULL,NULL,NULL,NULL,'0','all',NULL,''),
(640378,'Thank you for registering with us','','Emails','2025-01-28',NULL,'13:14:14',NULL,'0',NULL,NULL,NULL,NULL,NULL,NULL,'0','all',NULL,''),
(640379,'New User Got Sign UP','','Emails','2025-01-28',NULL,'13:14:18',NULL,'0',NULL,NULL,NULL,NULL,NULL,NULL,'0','all',NULL,''),
(640380,'Your Credentials is Created ','','Emails','2025-01-28',NULL,'13:14:22',NULL,'0',NULL,NULL,NULL,NULL,NULL,NULL,'0','all',NULL,''),
(640385,'Thank you for registering with us','','Emails','2025-01-28',NULL,'13:21:00',NULL,'0',NULL,NULL,NULL,NULL,NULL,NULL,'0','all',NULL,''),
(640386,'New User Got Sign UP','','Emails','2025-01-28',NULL,'13:21:05',NULL,'0',NULL,NULL,NULL,NULL,NULL,NULL,'0','all',NULL,''),
(640387,'Your Credentials is Created ','','Emails','2025-01-28',NULL,'13:21:09',NULL,'0',NULL,NULL,NULL,NULL,NULL,NULL,'0','all',NULL,''),
(640391,'Thank you for registering with us','','Emails','2025-01-28',NULL,'13:30:48',NULL,'0',NULL,NULL,NULL,NULL,NULL,NULL,'0','all',NULL,''),
(640392,'New User Got Sign UP','','Emails','2025-01-28',NULL,'13:30:53',NULL,'0',NULL,NULL,NULL,NULL,NULL,NULL,'0','all',NULL,''),
(640393,'Your Credentials is Created ','','Emails','2025-01-28',NULL,'13:30:57',NULL,'0',NULL,NULL,NULL,NULL,NULL,NULL,'0','all',NULL,''),
(640397,'Thank you for registering with us','','Emails','2025-01-29',NULL,'04:51:31',NULL,'0',NULL,NULL,NULL,NULL,NULL,NULL,'0','all',NULL,''),
(640398,'New User Got Sign UP','','Emails','2025-01-29',NULL,'04:51:35',NULL,'0',NULL,NULL,NULL,NULL,NULL,NULL,'0','all',NULL,''),
(640399,'Your Credentials is Created ','','Emails','2025-01-29',NULL,'04:51:40',NULL,'0',NULL,NULL,NULL,NULL,NULL,NULL,'0','all',NULL,''),
(640403,'Thank you for registering with us','','Emails','2025-01-29',NULL,'05:00:53',NULL,'0',NULL,NULL,NULL,NULL,NULL,NULL,'0','all',NULL,''),
(640404,'New User Got Sign UP','','Emails','2025-01-29',NULL,'05:00:58',NULL,'0',NULL,NULL,NULL,NULL,NULL,NULL,'0','all',NULL,''),
(640405,'Your Credentials is Created ','','Emails','2025-01-29',NULL,'05:01:02',NULL,'0',NULL,NULL,NULL,NULL,NULL,NULL,'0','all',NULL,''),
(640408,'Thank you for registering with us','','Emails','2025-01-29',NULL,'05:01:36',NULL,'0',NULL,NULL,NULL,NULL,NULL,NULL,'0','all',NULL,''),
(640409,'New User Got Sign UP','','Emails','2025-01-29',NULL,'05:01:40',NULL,'0',NULL,NULL,NULL,NULL,NULL,NULL,'0','all',NULL,''),
(640410,'Your Credentials is Created ','','Emails','2025-01-29',NULL,'05:01:44',NULL,'0',NULL,NULL,NULL,NULL,NULL,NULL,'0','all',NULL,''),
(640413,'Thank you for registering with us','','Emails','2025-01-29',NULL,'05:05:45',NULL,'0',NULL,NULL,NULL,NULL,NULL,NULL,'0','all',NULL,''),
(640414,'New User Got Sign UP','','Emails','2025-01-29',NULL,'05:05:50',NULL,'0',NULL,NULL,NULL,NULL,NULL,NULL,'0','all',NULL,''),
(640415,'Your Credentials is Created ','','Emails','2025-01-29',NULL,'05:05:55',NULL,'0',NULL,NULL,NULL,NULL,NULL,NULL,'0','all',NULL,''),
(640419,'Thank you for registering with us','','Emails','2025-01-29',NULL,'05:12:41',NULL,'0',NULL,NULL,NULL,NULL,NULL,NULL,'0','all',NULL,''),
(640420,'New User Got Sign UP','','Emails','2025-01-29',NULL,'05:12:45',NULL,'0',NULL,NULL,NULL,NULL,NULL,NULL,'0','all',NULL,''),
(640421,'Your Credentials is Created ','','Emails','2025-01-29',NULL,'05:12:50',NULL,'0',NULL,NULL,NULL,NULL,NULL,NULL,'0','all',NULL,''),
(640425,'Thank you for registering with us','','Emails','2025-01-29',NULL,'05:25:05',NULL,'0',NULL,NULL,NULL,NULL,NULL,NULL,'0','all',NULL,''),
(640426,'New User Got Sign UP','','Emails','2025-01-29',NULL,'05:25:09',NULL,'0',NULL,NULL,NULL,NULL,NULL,NULL,'0','all',NULL,''),
(640427,'Your Credentials is Created ','','Emails','2025-01-29',NULL,'05:25:14',NULL,'0',NULL,NULL,NULL,NULL,NULL,NULL,'0','all',NULL,''),
(640440,'Thank you for registering with us','','Emails','2025-01-29',NULL,'06:19:16',NULL,'0',NULL,NULL,NULL,NULL,NULL,NULL,'0','all',NULL,''),
(640441,'New User Got Sign UP','','Emails','2025-01-29',NULL,'06:19:20',NULL,'0',NULL,NULL,NULL,NULL,NULL,NULL,'0','all',NULL,''),
(640442,'Your Credentials is Created ','','Emails','2025-01-29',NULL,'06:19:24',NULL,'0',NULL,NULL,NULL,NULL,NULL,NULL,'0','all',NULL,''),
(640487,'Thank you for registering with us','','Emails','2025-01-29',NULL,'07:15:57',NULL,'0',NULL,NULL,NULL,NULL,NULL,NULL,'0','all',NULL,''),
(640488,'New User Got Sign UP','','Emails','2025-01-29',NULL,'07:16:01',NULL,'0',NULL,NULL,NULL,NULL,NULL,NULL,'0','all',NULL,''),
(640489,'Your Credentials is Created ','','Emails','2025-01-29',NULL,'07:16:06',NULL,'0',NULL,NULL,NULL,NULL,NULL,NULL,'0','all',NULL,''),
(640519,'Thank you for registering with us','','Emails','2025-01-29',NULL,'07:50:34',NULL,'0',NULL,NULL,NULL,NULL,NULL,NULL,'0','all',NULL,''),
(640520,'New User Got Sign UP','','Emails','2025-01-29',NULL,'07:50:39',NULL,'0',NULL,NULL,NULL,NULL,NULL,NULL,'0','all',NULL,''),
(640521,'Your Credentials is Created ','','Emails','2025-01-29',NULL,'07:50:43',NULL,'0',NULL,NULL,NULL,NULL,NULL,NULL,'0','all',NULL,''),
(640530,'Thank you for registering with us','','Emails','2025-01-29',NULL,'07:59:33',NULL,'0',NULL,NULL,NULL,NULL,NULL,NULL,'0','all',NULL,''),
(640531,'New User Got Sign UP','','Emails','2025-01-29',NULL,'07:59:38',NULL,'0',NULL,NULL,NULL,NULL,NULL,NULL,'0','all',NULL,''),
(640532,'Your Credentials is Created ','','Emails','2025-01-29',NULL,'07:59:42',NULL,'0',NULL,NULL,NULL,NULL,NULL,NULL,'0','all',NULL,''),
(640540,'Thank you for registering with us','','Emails','2025-01-29',NULL,'09:26:07',NULL,'0',NULL,NULL,NULL,NULL,NULL,NULL,'0','all',NULL,''),
(640541,'New User Got Sign UP','','Emails','2025-01-29',NULL,'09:26:11',NULL,'0',NULL,NULL,NULL,NULL,NULL,NULL,'0','all',NULL,''),
(640578,'Thank you for registering with us','','Emails','2025-01-29',NULL,'10:29:55',NULL,'0',NULL,NULL,NULL,NULL,NULL,NULL,'0','all',NULL,''),
(640579,'New User Got Sign UP','','Emails','2025-01-29',NULL,'10:29:59',NULL,'0',NULL,NULL,NULL,NULL,NULL,NULL,'0','all',NULL,''),
(640580,'Your Credentials is Created ','','Emails','2025-01-29',NULL,'10:30:04',NULL,'0',NULL,NULL,NULL,NULL,NULL,NULL,'0','all',NULL,''),
(640726,'Thank you for registering with us','','Emails','2025-01-29',NULL,'13:13:42',NULL,'0',NULL,NULL,NULL,NULL,NULL,NULL,'0','all',NULL,''),
(640727,'New User Got Sign UP','','Emails','2025-01-29',NULL,'13:13:47',NULL,'0',NULL,NULL,NULL,NULL,NULL,NULL,'0','all',NULL,''),
(640728,'Your Credentials is Created ','','Emails','2025-01-29',NULL,'13:13:51',NULL,'0',NULL,NULL,NULL,NULL,NULL,NULL,'0','all',NULL,''),
(640788,'Thank you for registering with us','','Emails','2025-01-30',NULL,'06:56:18',NULL,'0',NULL,NULL,NULL,NULL,NULL,NULL,'0','all',NULL,''),
(640789,'New User Got Sign UP','','Emails','2025-01-30',NULL,'06:56:23',NULL,'0',NULL,NULL,NULL,NULL,NULL,NULL,'0','all',NULL,''),
(640791,'Thank you for registering with us','','Emails','2025-01-30',NULL,'06:58:11',NULL,'0',NULL,NULL,NULL,NULL,NULL,NULL,'0','all',NULL,''),
(640792,'New User Got Sign UP','','Emails','2025-01-30',NULL,'06:58:15',NULL,'0',NULL,NULL,NULL,NULL,NULL,NULL,'0','all',NULL,''),
(640794,'Thank you for registering with us','','Emails','2025-01-30',NULL,'07:00:46',NULL,'0',NULL,NULL,NULL,NULL,NULL,NULL,'0','all',NULL,''),
(640795,'New User Got Sign UP','','Emails','2025-01-30',NULL,'07:00:50',NULL,'0',NULL,NULL,NULL,NULL,NULL,NULL,'0','all',NULL,''),
(640799,'Thank you for registering with us','','Emails','2025-01-30',NULL,'07:03:02',NULL,'0',NULL,NULL,NULL,NULL,NULL,NULL,'0','all',NULL,''),
(640800,'New User Got Sign UP','','Emails','2025-01-30',NULL,'07:03:07',NULL,'0',NULL,NULL,NULL,NULL,NULL,NULL,'0','all',NULL,''),
(640801,'Your Credentials is Created ','','Emails','2025-01-30',NULL,'07:03:11',NULL,'0',NULL,NULL,NULL,NULL,NULL,NULL,'0','all',NULL,''),
(640804,'Thank you for registering with us','','Emails','2025-01-30',NULL,'07:05:42',NULL,'0',NULL,NULL,NULL,NULL,NULL,NULL,'0','all',NULL,''),
(640805,'New User Got Sign UP','','Emails','2025-01-30',NULL,'07:05:47',NULL,'0',NULL,NULL,NULL,NULL,NULL,NULL,'0','all',NULL,''),
(640810,'Thank you for registering with us','','Emails','2025-01-30',NULL,'07:08:04',NULL,'0',NULL,NULL,NULL,NULL,NULL,NULL,'0','all',NULL,''),
(640811,'New User Got Sign UP','','Emails','2025-01-30',NULL,'07:08:08',NULL,'0',NULL,NULL,NULL,NULL,NULL,NULL,'0','all',NULL,''),
(640813,'Thank you for registering with us','','Emails','2025-01-30',NULL,'07:08:33',NULL,'0',NULL,NULL,NULL,NULL,NULL,NULL,'0','all',NULL,''),
(640814,'New User Got Sign UP','','Emails','2025-01-30',NULL,'07:08:38',NULL,'0',NULL,NULL,NULL,NULL,NULL,NULL,'0','all',NULL,''),
(640816,'Thank you for registering with us','','Emails','2025-01-30',NULL,'07:11:55',NULL,'0',NULL,NULL,NULL,NULL,NULL,NULL,'0','all',NULL,''),
(640817,'New User Got Sign UP','','Emails','2025-01-30',NULL,'07:12:00',NULL,'0',NULL,NULL,NULL,NULL,NULL,NULL,'0','all',NULL,''),
(640820,'Thank you for registering with us','','Emails','2025-01-30',NULL,'07:15:26',NULL,'0',NULL,NULL,NULL,NULL,NULL,NULL,'0','all',NULL,''),
(640821,'New User Got Sign UP','','Emails','2025-01-30',NULL,'07:15:31',NULL,'0',NULL,NULL,NULL,NULL,NULL,NULL,'0','all',NULL,''),
(640823,'Thank you for registering with us','','Emails','2025-01-30',NULL,'07:16:20',NULL,'0',NULL,NULL,NULL,NULL,NULL,NULL,'0','all',NULL,''),
(640824,'New User Got Sign UP','','Emails','2025-01-30',NULL,'07:16:24',NULL,'0',NULL,NULL,NULL,NULL,NULL,NULL,'0','all',NULL,''),
(640827,'Thank you for registering with us','','Emails','2025-01-30',NULL,'07:17:43',NULL,'0',NULL,NULL,NULL,NULL,NULL,NULL,'0','all',NULL,''),
(640828,'New User Got Sign UP','','Emails','2025-01-30',NULL,'07:17:47',NULL,'0',NULL,NULL,NULL,NULL,NULL,NULL,'0','all',NULL,''),
(640830,'Thank you for registering with us','','Emails','2025-01-30',NULL,'07:24:40',NULL,'0',NULL,NULL,NULL,NULL,NULL,NULL,'0','all',NULL,''),
(640831,'New User Got Sign UP','','Emails','2025-01-30',NULL,'07:24:45',NULL,'0',NULL,NULL,NULL,NULL,NULL,NULL,'0','all',NULL,''),
(640833,'Thank you for registering with us','','Emails','2025-01-30',NULL,'07:26:49',NULL,'0',NULL,NULL,NULL,NULL,NULL,NULL,'0','all',NULL,''),
(640834,'New User Got Sign UP','','Emails','2025-01-30',NULL,'07:26:53',NULL,'0',NULL,NULL,NULL,NULL,NULL,NULL,'0','all',NULL,''),
(640837,'Thank you for registering with us','','Emails','2025-01-30',NULL,'07:29:29',NULL,'0',NULL,NULL,NULL,NULL,NULL,NULL,'0','all',NULL,''),
(640838,'New User Got Sign UP','','Emails','2025-01-30',NULL,'07:29:33',NULL,'0',NULL,NULL,NULL,NULL,NULL,NULL,'0','all',NULL,''),
(640845,'Thank you for registering with us','','Emails','2025-01-30',NULL,'11:02:29',NULL,'0',NULL,NULL,NULL,NULL,NULL,NULL,'0','all',NULL,''),
(640846,'New User Got Sign UP','','Emails','2025-01-30',NULL,'11:02:34',NULL,'0',NULL,NULL,NULL,NULL,NULL,NULL,'0','all',NULL,''),
(640853,'Thank you for registering with us','','Emails','2025-01-30',NULL,'11:22:13',NULL,'0',NULL,NULL,NULL,NULL,NULL,NULL,'0','all',NULL,''),
(640854,'New User Got Sign UP','','Emails','2025-01-30',NULL,'11:22:17',NULL,'0',NULL,NULL,NULL,NULL,NULL,NULL,'0','all',NULL,''),
(640857,'Thank you for registering with us','','Emails','2025-01-30',NULL,'11:26:19',NULL,'0',NULL,NULL,NULL,NULL,NULL,NULL,'0','all',NULL,''),
(640858,'New User Got Sign UP','','Emails','2025-01-30',NULL,'11:26:23',NULL,'0',NULL,NULL,NULL,NULL,NULL,NULL,'0','all',NULL,''),
(640861,'Thank you for registering with us','','Emails','2025-01-30',NULL,'11:27:22',NULL,'0',NULL,NULL,NULL,NULL,NULL,NULL,'0','all',NULL,''),
(640862,'New User Got Sign UP','','Emails','2025-01-30',NULL,'11:27:26',NULL,'0',NULL,NULL,NULL,NULL,NULL,NULL,'0','all',NULL,''),
(640865,'Thank you for registering with us','','Emails','2025-01-30',NULL,'11:29:23',NULL,'0',NULL,NULL,NULL,NULL,NULL,NULL,'0','all',NULL,''),
(640866,'New User Got Sign UP','','Emails','2025-01-30',NULL,'11:29:28',NULL,'0',NULL,NULL,NULL,NULL,NULL,NULL,'0','all',NULL,''),
(640870,'Thank you for registering with us','','Emails','2025-01-30',NULL,'11:31:19',NULL,'0',NULL,NULL,NULL,NULL,NULL,NULL,'0','all',NULL,''),
(640871,'New User Got Sign UP','','Emails','2025-01-30',NULL,'11:31:23',NULL,'0',NULL,NULL,NULL,NULL,NULL,NULL,'0','all',NULL,''),
(640874,'Thank you for registering with us','','Emails','2025-01-30',NULL,'11:32:17',NULL,'0',NULL,NULL,NULL,NULL,NULL,NULL,'0','all',NULL,''),
(640875,'New User Got Sign UP','','Emails','2025-01-30',NULL,'11:32:21',NULL,'0',NULL,NULL,NULL,NULL,NULL,NULL,'0','all',NULL,''),
(640879,'Thank you for registering with us','','Emails','2025-01-30',NULL,'11:34:08',NULL,'0',NULL,NULL,NULL,NULL,NULL,NULL,'0','all',NULL,''),
(640880,'New User Got Sign UP','','Emails','2025-01-30',NULL,'11:34:12',NULL,'0',NULL,NULL,NULL,NULL,NULL,NULL,'0','all',NULL,''),
(640882,'Thank you for registering with us','','Emails','2025-01-30',NULL,'11:35:43',NULL,'0',NULL,NULL,NULL,NULL,NULL,NULL,'0','all',NULL,''),
(640883,'New User Got Sign UP','','Emails','2025-01-30',NULL,'11:35:47',NULL,'0',NULL,NULL,NULL,NULL,NULL,NULL,'0','all',NULL,''),
(640886,'Thank you for registering with us','','Emails','2025-01-30',NULL,'11:39:54',NULL,'0',NULL,NULL,NULL,NULL,NULL,NULL,'0','all',NULL,''),
(640887,'New User Got Sign UP','','Emails','2025-01-30',NULL,'11:39:58',NULL,'0',NULL,NULL,NULL,NULL,NULL,NULL,'0','all',NULL,''),
(640890,'Thank you for registering with us','','Emails','2025-01-30',NULL,'11:46:30',NULL,'0',NULL,NULL,NULL,NULL,NULL,NULL,'0','all',NULL,''),
(640891,'New User Got Sign UP','','Emails','2025-01-30',NULL,'11:46:35',NULL,'0',NULL,NULL,NULL,NULL,NULL,NULL,'0','all',NULL,''),
(640911,'Thank you for registering with us','','Emails','2025-01-30',NULL,'12:06:04',NULL,'0',NULL,NULL,NULL,NULL,NULL,NULL,'0','all',NULL,''),
(640912,'New User Got Sign UP','','Emails','2025-01-30',NULL,'12:06:08',NULL,'0',NULL,NULL,NULL,NULL,NULL,NULL,'0','all',NULL,''),
(640913,'Your Credentials is Created ','','Emails','2025-01-30',NULL,'12:06:13',NULL,'0',NULL,NULL,NULL,NULL,NULL,NULL,'0','all',NULL,''),
(640915,'Thank you for registering with us','','Emails','2025-01-30',NULL,'12:06:17',NULL,'0',NULL,NULL,NULL,NULL,NULL,NULL,'0','all',NULL,''),
(640917,'New User Got Sign UP','','Emails','2025-01-30',NULL,'12:06:21',NULL,'0',NULL,NULL,NULL,NULL,NULL,NULL,'0','all',NULL,''),
(640920,'Thank you for registering with us','','Emails','2025-01-30',NULL,'12:08:20',NULL,'0',NULL,NULL,NULL,NULL,NULL,NULL,'0','all',NULL,''),
(640921,'New User Got Sign UP','','Emails','2025-01-30',NULL,'12:08:25',NULL,'0',NULL,NULL,NULL,NULL,NULL,NULL,'0','all',NULL,''),
(640957,'Thank you for registering with us','','Emails','2025-01-30',NULL,'12:35:18',NULL,'0',NULL,NULL,NULL,NULL,NULL,NULL,'0','all',NULL,''),
(640958,'New User Got Sign UP','','Emails','2025-01-30',NULL,'12:35:23',NULL,'0',NULL,NULL,NULL,NULL,NULL,NULL,'0','all',NULL,''),
(640959,'Your Credentials is Created ','','Emails','2025-01-30',NULL,'12:35:28',NULL,'0',NULL,NULL,NULL,NULL,NULL,NULL,'0','all',NULL,''),
(640963,'Thank you for registering with us','','Emails','2025-01-30',NULL,'12:39:48',NULL,'0',NULL,NULL,NULL,NULL,NULL,NULL,'0','all',NULL,''),
(640964,'New User Got Sign UP','','Emails','2025-01-30',NULL,'12:39:53',NULL,'0',NULL,NULL,NULL,NULL,NULL,NULL,'0','all',NULL,''),
(640965,'Your Credentials is Created ','','Emails','2025-01-30',NULL,'12:39:58',NULL,'0',NULL,NULL,NULL,NULL,NULL,NULL,'0','all',NULL,''),
(640970,'Thank you for registering with us','','Emails','2025-01-31',NULL,'05:18:11',NULL,'0',NULL,NULL,NULL,NULL,NULL,NULL,'0','all',NULL,''),
(640971,'New User Got Sign UP','','Emails','2025-01-31',NULL,'05:18:16',NULL,'0',NULL,NULL,NULL,NULL,NULL,NULL,'0','all',NULL,''),
(640972,'Your Credentials is Created ','','Emails','2025-01-31',NULL,'05:18:20',NULL,'0',NULL,NULL,NULL,NULL,NULL,NULL,'0','all',NULL,''),
(640977,'Thank you for registering with us','','Emails','2025-01-31',NULL,'05:28:32',NULL,'0',NULL,NULL,NULL,NULL,NULL,NULL,'0','all',NULL,''),
(640978,'New User Got Sign UP','','Emails','2025-01-31',NULL,'05:28:36',NULL,'0',NULL,NULL,NULL,NULL,NULL,NULL,'0','all',NULL,''),
(640979,'Your Credentials is Created ','','Emails','2025-01-31',NULL,'05:28:41',NULL,'0',NULL,NULL,NULL,NULL,NULL,NULL,'0','all',NULL,''),
(640983,'Thank you for registering with us','','Emails','2025-01-31',NULL,'05:36:44',NULL,'0',NULL,NULL,NULL,NULL,NULL,NULL,'0','all',NULL,''),
(640984,'New User Got Sign UP','','Emails','2025-01-31',NULL,'05:36:48',NULL,'0',NULL,NULL,NULL,NULL,NULL,NULL,'0','all',NULL,''),
(640985,'Your Credentials is Created ','','Emails','2025-01-31',NULL,'05:36:52',NULL,'0',NULL,NULL,NULL,NULL,NULL,NULL,'0','all',NULL,''),
(640989,'Thank you for registering with us','','Emails','2025-01-31',NULL,'05:48:25',NULL,'0',NULL,NULL,NULL,NULL,NULL,NULL,'0','all',NULL,''),
(640990,'New User Got Sign UP','','Emails','2025-01-31',NULL,'05:48:30',NULL,'0',NULL,NULL,NULL,NULL,NULL,NULL,'0','all',NULL,''),
(640991,'Your Credentials is Created ','','Emails','2025-01-31',NULL,'05:48:34',NULL,'0',NULL,NULL,NULL,NULL,NULL,NULL,'0','all',NULL,''),
(640994,'Thank you for registering with us','','Emails','2025-01-31',NULL,'05:50:12',NULL,'0',NULL,NULL,NULL,NULL,NULL,NULL,'0','all',NULL,''),
(640995,'New User Got Sign UP','','Emails','2025-01-31',NULL,'05:50:17',NULL,'0',NULL,NULL,NULL,NULL,NULL,NULL,'0','all',NULL,''),
(640996,'Your Credentials is Created ','','Emails','2025-01-31',NULL,'05:50:21',NULL,'0',NULL,NULL,NULL,NULL,NULL,NULL,'0','all',NULL,''),
(640998,'Thank you for registering with us','','Emails','2025-01-31',NULL,'05:50:26',NULL,'0',NULL,NULL,NULL,NULL,NULL,NULL,'0','all',NULL,''),
(640999,'New User Got Sign UP','','Emails','2025-01-31',NULL,'05:50:31',NULL,'0',NULL,NULL,NULL,NULL,NULL,NULL,'0','all',NULL,''),
(641000,'Your Credentials is Created ','','Emails','2025-01-31',NULL,'05:50:35',NULL,'0',NULL,NULL,NULL,NULL,NULL,NULL,'0','all',NULL,''),
(641003,'Thank you for registering with us','','Emails','2025-01-31',NULL,'05:57:25',NULL,'0',NULL,NULL,NULL,NULL,NULL,NULL,'0','all',NULL,''),
(641004,'New User Got Sign UP','','Emails','2025-01-31',NULL,'05:57:30',NULL,'0',NULL,NULL,NULL,NULL,NULL,NULL,'0','all',NULL,''),
(641005,'Your Credentials is Created ','','Emails','2025-01-31',NULL,'05:57:34',NULL,'0',NULL,NULL,NULL,NULL,NULL,NULL,'0','all',NULL,''),
(641009,'Thank you for registering with us','','Emails','2025-01-31',NULL,'06:47:33',NULL,'0',NULL,NULL,NULL,NULL,NULL,NULL,'0','all',NULL,''),
(641010,'New User Got Sign UP','','Emails','2025-01-31',NULL,'06:47:38',NULL,'0',NULL,NULL,NULL,NULL,NULL,NULL,'0','all',NULL,''),
(641011,'Your Credentials is Created ','','Emails','2025-01-31',NULL,'06:47:42',NULL,'0',NULL,NULL,NULL,NULL,NULL,NULL,'0','all',NULL,''),
(641015,'Thank you for registering with us','','Emails','2025-01-31',NULL,'06:57:15',NULL,'0',NULL,NULL,NULL,NULL,NULL,NULL,'0','all',NULL,''),
(641016,'New User Got Sign UP','','Emails','2025-01-31',NULL,'06:57:19',NULL,'0',NULL,NULL,NULL,NULL,NULL,NULL,'0','all',NULL,''),
(641017,'Your Credentials is Created ','','Emails','2025-01-31',NULL,'06:57:24',NULL,'0',NULL,NULL,NULL,NULL,NULL,NULL,'0','all',NULL,''),
(641021,'Thank you for registering with us','','Emails','2025-01-31',NULL,'07:04:38',NULL,'0',NULL,NULL,NULL,NULL,NULL,NULL,'0','all',NULL,''),
(641022,'New User Got Sign UP','','Emails','2025-01-31',NULL,'07:04:42',NULL,'0',NULL,NULL,NULL,NULL,NULL,NULL,'0','all',NULL,''),
(641023,'Your Credentials is Created ','','Emails','2025-01-31',NULL,'07:04:46',NULL,'0',NULL,NULL,NULL,NULL,NULL,NULL,'0','all',NULL,''),
(641026,'Thank you for registering with us','','Emails','2025-01-31',NULL,'07:11:47',NULL,'0',NULL,NULL,NULL,NULL,NULL,NULL,'0','all',NULL,''),
(641027,'New User Got Sign UP','','Emails','2025-01-31',NULL,'07:11:52',NULL,'0',NULL,NULL,NULL,NULL,NULL,NULL,'0','all',NULL,''),
(641028,'Your Credentials is Created ','','Emails','2025-01-31',NULL,'07:11:56',NULL,'0',NULL,NULL,NULL,NULL,NULL,NULL,'0','all',NULL,''),
(641032,'Thank you for registering with us','','Emails','2025-01-31',NULL,'07:37:34',NULL,'0',NULL,NULL,NULL,NULL,NULL,NULL,'0','all',NULL,''),
(641033,'New User Got Sign UP','','Emails','2025-01-31',NULL,'07:37:38',NULL,'0',NULL,NULL,NULL,NULL,NULL,NULL,'0','all',NULL,''),
(641034,'Your Credentials is Created ','','Emails','2025-01-31',NULL,'07:37:42',NULL,'0',NULL,NULL,NULL,NULL,NULL,NULL,'0','all',NULL,''),
(641038,'Thank you for registering with us','','Emails','2025-01-31',NULL,'08:02:45',NULL,'0',NULL,NULL,NULL,NULL,NULL,NULL,'0','all',NULL,''),
(641039,'New User Got Sign UP','','Emails','2025-01-31',NULL,'08:02:49',NULL,'0',NULL,NULL,NULL,NULL,NULL,NULL,'0','all',NULL,''),
(641040,'Your Credentials is Created ','','Emails','2025-01-31',NULL,'08:02:54',NULL,'0',NULL,NULL,NULL,NULL,NULL,NULL,'0','all',NULL,''),
(641044,'Thank you for registering with us','','Emails','2025-01-31',NULL,'08:08:37',NULL,'0',NULL,NULL,NULL,NULL,NULL,NULL,'0','all',NULL,''),
(641045,'New User Got Sign UP','','Emails','2025-01-31',NULL,'08:08:42',NULL,'0',NULL,NULL,NULL,NULL,NULL,NULL,'0','all',NULL,''),
(641046,'Your Credentials is Created ','','Emails','2025-01-31',NULL,'08:08:46',NULL,'0',NULL,NULL,NULL,NULL,NULL,NULL,'0','all',NULL,''),
(641050,'Thank you for registering with us','','Emails','2025-01-31',NULL,'08:18:45',NULL,'0',NULL,NULL,NULL,NULL,NULL,NULL,'0','all',NULL,''),
(641051,'New User Got Sign UP','','Emails','2025-01-31',NULL,'08:18:50',NULL,'0',NULL,NULL,NULL,NULL,NULL,NULL,'0','all',NULL,''),
(641052,'Your Credentials is Created ','','Emails','2025-01-31',NULL,'08:18:54',NULL,'0',NULL,NULL,NULL,NULL,NULL,NULL,'0','all',NULL,''),
(641056,'Thank you for registering with us','','Emails','2025-01-31',NULL,'09:32:08',NULL,'0',NULL,NULL,NULL,NULL,NULL,NULL,'0','all',NULL,''),
(641057,'New User Got Sign UP','','Emails','2025-01-31',NULL,'09:32:13',NULL,'0',NULL,NULL,NULL,NULL,NULL,NULL,'0','all',NULL,''),
(641058,'Your Credentials is Created ','','Emails','2025-01-31',NULL,'09:32:17',NULL,'0',NULL,NULL,NULL,NULL,NULL,NULL,'0','all',NULL,''),
(641062,'Thank you for registering with us','','Emails','2025-01-31',NULL,'10:06:18',NULL,'0',NULL,NULL,NULL,NULL,NULL,NULL,'0','all',NULL,''),
(641063,'New User Got Sign UP','','Emails','2025-01-31',NULL,'10:06:23',NULL,'0',NULL,NULL,NULL,NULL,NULL,NULL,'0','all',NULL,''),
(641064,'Your Credentials is Created ','','Emails','2025-01-31',NULL,'10:06:28',NULL,'0',NULL,NULL,NULL,NULL,NULL,NULL,'0','all',NULL,''),
(641068,'Thank you for registering with us','','Emails','2025-01-31',NULL,'10:34:13',NULL,'0',NULL,NULL,NULL,NULL,NULL,NULL,'0','all',NULL,''),
(641069,'New User Got Sign UP','','Emails','2025-01-31',NULL,'10:34:17',NULL,'0',NULL,NULL,NULL,NULL,NULL,NULL,'0','all',NULL,''),
(641070,'Your Credentials is Created ','','Emails','2025-01-31',NULL,'10:34:21',NULL,'0',NULL,NULL,NULL,NULL,NULL,NULL,'0','all',NULL,''),
(641074,'Thank you for registering with us','','Emails','2025-01-31',NULL,'10:40:18',NULL,'0',NULL,NULL,NULL,NULL,NULL,NULL,'0','all',NULL,''),
(641075,'New User Got Sign UP','','Emails','2025-01-31',NULL,'10:40:22',NULL,'0',NULL,NULL,NULL,NULL,NULL,NULL,'0','all',NULL,''),
(641076,'Your Credentials is Created ','','Emails','2025-01-31',NULL,'10:40:27',NULL,'0',NULL,NULL,NULL,NULL,NULL,NULL,'0','all',NULL,''),
(641080,'Thank you for registering with us','','Emails','2025-01-31',NULL,'11:20:15',NULL,'0',NULL,NULL,NULL,NULL,NULL,NULL,'0','all',NULL,''),
(641081,'New User Got Sign UP','','Emails','2025-01-31',NULL,'11:20:20',NULL,'0',NULL,NULL,NULL,NULL,NULL,NULL,'0','all',NULL,''),
(641082,'Your Credentials is Created ','','Emails','2025-01-31',NULL,'11:20:25',NULL,'0',NULL,NULL,NULL,NULL,NULL,NULL,'0','all',NULL,''),
(641088,'Thank you for registering with us','','Emails','2025-02-02',NULL,'17:03:32',NULL,'0',NULL,NULL,NULL,NULL,NULL,NULL,'0','all',NULL,''),
(641089,'New User Got Sign UP','','Emails','2025-02-02',NULL,'17:03:37',NULL,'0',NULL,NULL,NULL,NULL,NULL,NULL,'0','all',NULL,''),
(641090,'Your Credentials is Created ','','Emails','2025-02-02',NULL,'17:03:42',NULL,'0',NULL,NULL,NULL,NULL,NULL,NULL,'0','all',NULL,''),
(641092,'Thank you for registering with us','','Emails','2025-02-02',NULL,'17:06:16',NULL,'0',NULL,NULL,NULL,NULL,NULL,NULL,'0','all',NULL,''),
(641093,'New User Got Sign UP','','Emails','2025-02-02',NULL,'17:06:21',NULL,'0',NULL,NULL,NULL,NULL,NULL,NULL,'0','all',NULL,''),
(641094,'Your Credentials is Created ','','Emails','2025-02-02',NULL,'17:06:25',NULL,'0',NULL,NULL,NULL,NULL,NULL,NULL,'0','all',NULL,''),
(641096,'Thank you for registering with us','','Emails','2025-02-02',NULL,'17:07:57',NULL,'0',NULL,NULL,NULL,NULL,NULL,NULL,'0','all',NULL,''),
(641097,'New User Got Sign UP','','Emails','2025-02-02',NULL,'17:08:01',NULL,'0',NULL,NULL,NULL,NULL,NULL,NULL,'0','all',NULL,''),
(641098,'Your Credentials is Created ','','Emails','2025-02-02',NULL,'17:08:06',NULL,'0',NULL,NULL,NULL,NULL,NULL,NULL,'0','all',NULL,''),
(641100,'Thank you for registering with us','','Emails','2025-02-02',NULL,'17:10:15',NULL,'0',NULL,NULL,NULL,NULL,NULL,NULL,'0','all',NULL,''),
(641101,'New User Got Sign UP','','Emails','2025-02-02',NULL,'17:10:19',NULL,'0',NULL,NULL,NULL,NULL,NULL,NULL,'0','all',NULL,''),
(641102,'Your Credentials is Created ','','Emails','2025-02-02',NULL,'17:10:24',NULL,'0',NULL,NULL,NULL,NULL,NULL,NULL,'0','all',NULL,''),
(641104,'Thank you for registering with us','','Emails','2025-02-03',NULL,'04:41:46',NULL,'0',NULL,NULL,NULL,NULL,NULL,NULL,'0','all',NULL,''),
(641105,'New User Got Sign UP','','Emails','2025-02-03',NULL,'04:41:51',NULL,'0',NULL,NULL,NULL,NULL,NULL,NULL,'0','all',NULL,''),
(641106,'Your Credentials is Created ','','Emails','2025-02-03',NULL,'04:41:56',NULL,'0',NULL,NULL,NULL,NULL,NULL,NULL,'0','all',NULL,''),
(641108,'Thank you for registering with us','','Emails','2025-02-03',NULL,'04:44:42',NULL,'0',NULL,NULL,NULL,NULL,NULL,NULL,'0','all',NULL,''),
(641109,'New User Got Sign UP','','Emails','2025-02-03',NULL,'04:44:47',NULL,'0',NULL,NULL,NULL,NULL,NULL,NULL,'0','all',NULL,''),
(641110,'Your Credentials is Created ','','Emails','2025-02-03',NULL,'04:44:52',NULL,'0',NULL,NULL,NULL,NULL,NULL,NULL,'0','all',NULL,''),
(641112,'Thank you for registering with us','','Emails','2025-02-03',NULL,'04:46:42',NULL,'0',NULL,NULL,NULL,NULL,NULL,NULL,'0','all',NULL,''),
(641113,'New User Got Sign UP','','Emails','2025-02-03',NULL,'04:46:46',NULL,'0',NULL,NULL,NULL,NULL,NULL,NULL,'0','all',NULL,''),
(641114,'Your Credentials is Created ','','Emails','2025-02-03',NULL,'04:46:51',NULL,'0',NULL,NULL,NULL,NULL,NULL,NULL,'0','all',NULL,''),
(641116,'Thank you for registering with us','','Emails','2025-02-03',NULL,'04:47:41',NULL,'0',NULL,NULL,NULL,NULL,NULL,NULL,'0','all',NULL,''),
(641117,'New User Got Sign UP','','Emails','2025-02-03',NULL,'04:47:46',NULL,'0',NULL,NULL,NULL,NULL,NULL,NULL,'0','all',NULL,''),
(641118,'Your Credentials is Created ','','Emails','2025-02-03',NULL,'04:47:50',NULL,'0',NULL,NULL,NULL,NULL,NULL,NULL,'0','all',NULL,''),
(641120,'Thank you for registering with us','','Emails','2025-02-03',NULL,'04:53:41',NULL,'0',NULL,NULL,NULL,NULL,NULL,NULL,'0','all',NULL,''),
(641121,'New User Got Sign UP','','Emails','2025-02-03',NULL,'04:53:46',NULL,'0',NULL,NULL,NULL,NULL,NULL,NULL,'0','all',NULL,''),
(641122,'Your Credentials is Created ','','Emails','2025-02-03',NULL,'04:53:50',NULL,'0',NULL,NULL,NULL,NULL,NULL,NULL,'0','all',NULL,''),
(641124,'Thank you for registering with us','','Emails','2025-02-03',NULL,'04:54:40',NULL,'0',NULL,NULL,NULL,NULL,NULL,NULL,'0','all',NULL,''),
(641125,'New User Got Sign UP','','Emails','2025-02-03',NULL,'04:54:45',NULL,'0',NULL,NULL,NULL,NULL,NULL,NULL,'0','all',NULL,''),
(641126,'Your Credentials is Created ','','Emails','2025-02-03',NULL,'04:54:50',NULL,'0',NULL,NULL,NULL,NULL,NULL,NULL,'0','all',NULL,''),
(641128,'Thank you for registering with us','','Emails','2025-02-03',NULL,'04:55:08',NULL,'0',NULL,NULL,NULL,NULL,NULL,NULL,'0','all',NULL,''),
(641129,'New User Got Sign UP','','Emails','2025-02-03',NULL,'04:55:13',NULL,'0',NULL,NULL,NULL,NULL,NULL,NULL,'0','all',NULL,''),
(641130,'Your Credentials is Created ','','Emails','2025-02-03',NULL,'04:55:18',NULL,'0',NULL,NULL,NULL,NULL,NULL,NULL,'0','all',NULL,''),
(641132,'Thank you for registering with us','','Emails','2025-02-03',NULL,'04:57:17',NULL,'0',NULL,NULL,NULL,NULL,NULL,NULL,'0','all',NULL,''),
(641133,'New User Got Sign UP','','Emails','2025-02-03',NULL,'04:57:22',NULL,'0',NULL,NULL,NULL,NULL,NULL,NULL,'0','all',NULL,''),
(641134,'Your Credentials is Created ','','Emails','2025-02-03',NULL,'04:57:26',NULL,'0',NULL,NULL,NULL,NULL,NULL,NULL,'0','all',NULL,''),
(641136,'Thank you for registering with us','','Emails','2025-02-03',NULL,'05:01:17',NULL,'0',NULL,NULL,NULL,NULL,NULL,NULL,'0','all',NULL,''),
(641137,'New User Got Sign UP','','Emails','2025-02-03',NULL,'05:01:22',NULL,'0',NULL,NULL,NULL,NULL,NULL,NULL,'0','all',NULL,''),
(641138,'Your Credentials is Created ','','Emails','2025-02-03',NULL,'05:01:27',NULL,'0',NULL,NULL,NULL,NULL,NULL,NULL,'0','all',NULL,''),
(641140,'Thank you for registering with us','','Emails','2025-02-03',NULL,'05:03:11',NULL,'0',NULL,NULL,NULL,NULL,NULL,NULL,'0','all',NULL,''),
(641141,'New User Got Sign UP','','Emails','2025-02-03',NULL,'05:03:16',NULL,'0',NULL,NULL,NULL,NULL,NULL,NULL,'0','all',NULL,''),
(641142,'Your Credentials is Created ','','Emails','2025-02-03',NULL,'05:03:21',NULL,'0',NULL,NULL,NULL,NULL,NULL,NULL,'0','all',NULL,''),
(641144,'Thank you for registering with us','','Emails','2025-02-03',NULL,'05:04:22',NULL,'0',NULL,NULL,NULL,NULL,NULL,NULL,'0','all',NULL,''),
(641145,'New User Got Sign UP','','Emails','2025-02-03',NULL,'05:04:27',NULL,'0',NULL,NULL,NULL,NULL,NULL,NULL,'0','all',NULL,''),
(641146,'Your Credentials is Created ','','Emails','2025-02-03',NULL,'05:04:31',NULL,'0',NULL,NULL,NULL,NULL,NULL,NULL,'0','all',NULL,''),
(641152,'Thank you for registering with us','','Emails','2025-02-03',NULL,'05:08:26',NULL,'0',NULL,NULL,NULL,NULL,NULL,NULL,'0','all',NULL,''),
(641153,'New User Got Sign UP','','Emails','2025-02-03',NULL,'05:08:31',NULL,'0',NULL,NULL,NULL,NULL,NULL,NULL,'0','all',NULL,''),
(641154,'Your Credentials is Created ','','Emails','2025-02-03',NULL,'05:08:36',NULL,'0',NULL,NULL,NULL,NULL,NULL,NULL,'0','all',NULL,''),
(641156,'Thank you for registering with us','','Emails','2025-02-03',NULL,'05:10:04',NULL,'0',NULL,NULL,NULL,NULL,NULL,NULL,'0','all',NULL,''),
(641157,'New User Got Sign UP','','Emails','2025-02-03',NULL,'05:10:09',NULL,'0',NULL,NULL,NULL,NULL,NULL,NULL,'0','all',NULL,''),
(641158,'Your Credentials is Created ','','Emails','2025-02-03',NULL,'05:10:13',NULL,'0',NULL,NULL,NULL,NULL,NULL,NULL,'0','all',NULL,''),
(641160,'Thank you for registering with us','','Emails','2025-02-03',NULL,'05:10:40',NULL,'0',NULL,NULL,NULL,NULL,NULL,NULL,'0','all',NULL,''),
(641161,'New User Got Sign UP','','Emails','2025-02-03',NULL,'05:10:45',NULL,'0',NULL,NULL,NULL,NULL,NULL,NULL,'0','all',NULL,''),
(641162,'Your Credentials is Created ','','Emails','2025-02-03',NULL,'05:10:49',NULL,'0',NULL,NULL,NULL,NULL,NULL,NULL,'0','all',NULL,''),
(641164,'Thank you for registering with us','','Emails','2025-02-03',NULL,'05:11:17',NULL,'0',NULL,NULL,NULL,NULL,NULL,NULL,'0','all',NULL,''),
(641165,'New User Got Sign UP','','Emails','2025-02-03',NULL,'05:11:22',NULL,'0',NULL,NULL,NULL,NULL,NULL,NULL,'0','all',NULL,''),
(641166,'Your Credentials is Created ','','Emails','2025-02-03',NULL,'05:11:27',NULL,'0',NULL,NULL,NULL,NULL,NULL,NULL,'0','all',NULL,''),
(641168,'Thank you for registering with us','','Emails','2025-02-03',NULL,'05:14:04',NULL,'0',NULL,NULL,NULL,NULL,NULL,NULL,'0','all',NULL,''),
(641169,'New User Got Sign UP','','Emails','2025-02-03',NULL,'05:14:08',NULL,'0',NULL,NULL,NULL,NULL,NULL,NULL,'0','all',NULL,''),
(641170,'Your Credentials is Created ','','Emails','2025-02-03',NULL,'05:14:13',NULL,'0',NULL,NULL,NULL,NULL,NULL,NULL,'0','all',NULL,''),
(641172,'Thank you for registering with us','','Emails','2025-02-03',NULL,'05:14:18',NULL,'0',NULL,NULL,NULL,NULL,NULL,NULL,'0','all',NULL,''),
(641173,'New User Got Sign UP','','Emails','2025-02-03',NULL,'05:14:23',NULL,'0',NULL,NULL,NULL,NULL,NULL,NULL,'0','all',NULL,''),
(641175,'Your Credentials is Created ','','Emails','2025-02-03',NULL,'05:14:27',NULL,'0',NULL,NULL,NULL,NULL,NULL,NULL,'0','all',NULL,''),
(641179,'Thank you for registering with us','','Emails','2025-02-03',NULL,'05:20:46',NULL,'0',NULL,NULL,NULL,NULL,NULL,NULL,'0','all',NULL,''),
(641180,'New User Got Sign UP','','Emails','2025-02-03',NULL,'05:20:51',NULL,'0',NULL,NULL,NULL,NULL,NULL,NULL,'0','all',NULL,''),
(641181,'Your Credentials is Created ','','Emails','2025-02-03',NULL,'05:20:55',NULL,'0',NULL,NULL,NULL,NULL,NULL,NULL,'0','all',NULL,''),
(641185,'Your Credentials is Created ','','Emails','2025-02-03',NULL,'05:21:09',NULL,'0',NULL,NULL,NULL,NULL,NULL,NULL,'0','all',NULL,''),
(641209,'Thank you for registering with us','','Emails','2025-02-03',NULL,'07:33:13',NULL,'0',NULL,NULL,NULL,NULL,NULL,NULL,'0','all',NULL,''),
(641210,'New User Got Sign UP','','Emails','2025-02-03',NULL,'07:33:18',NULL,'0',NULL,NULL,NULL,NULL,NULL,NULL,'0','all',NULL,''),
(641211,'Your Credentials is Created ','','Emails','2025-02-03',NULL,'07:33:22',NULL,'0',NULL,NULL,NULL,NULL,NULL,NULL,'0','all',NULL,''),
(641214,'Thank you for registering with us','','Emails','2025-02-03',NULL,'07:34:09',NULL,'0',NULL,NULL,NULL,NULL,NULL,NULL,'0','all',NULL,''),
(641215,'New User Got Sign UP','','Emails','2025-02-03',NULL,'07:34:14',NULL,'0',NULL,NULL,NULL,NULL,NULL,NULL,'0','all',NULL,''),
(641216,'Your Credentials is Created ','','Emails','2025-02-03',NULL,'07:34:19',NULL,'0',NULL,NULL,NULL,NULL,NULL,NULL,'0','all',NULL,''),
(641218,'Thank you for registering with us','','Emails','2025-02-03',NULL,'07:36:31',NULL,'0',NULL,NULL,NULL,NULL,NULL,NULL,'0','all',NULL,''),
(641219,'New User Got Sign UP','','Emails','2025-02-03',NULL,'07:36:36',NULL,'0',NULL,NULL,NULL,NULL,NULL,NULL,'0','all',NULL,''),
(641220,'Your Credentials is Created ','','Emails','2025-02-03',NULL,'07:36:41',NULL,'0',NULL,NULL,NULL,NULL,NULL,NULL,'0','all',NULL,''),
(641231,'Thank you for registering with us','','Emails','2025-02-03',NULL,'09:42:42',NULL,'0',NULL,NULL,NULL,NULL,NULL,NULL,'0','all',NULL,''),
(641232,'New User Got Sign UP','','Emails','2025-02-03',NULL,'09:42:46',NULL,'0',NULL,NULL,NULL,NULL,NULL,NULL,'0','all',NULL,''),
(641233,'Your Credentials is Created ','','Emails','2025-02-03',NULL,'09:42:51',NULL,'0',NULL,NULL,NULL,NULL,NULL,NULL,'0','all',NULL,''),
(641239,'Thank you for registering with us','','Emails','2025-02-03',NULL,'10:03:12',NULL,'0',NULL,NULL,NULL,NULL,NULL,NULL,'0','all',NULL,''),
(641240,'New User Got Sign UP','','Emails','2025-02-03',NULL,'10:03:17',NULL,'0',NULL,NULL,NULL,NULL,NULL,NULL,'0','all',NULL,''),
(641241,'Your Credentials is Created ','','Emails','2025-02-03',NULL,'10:03:22',NULL,'0',NULL,NULL,NULL,NULL,NULL,NULL,'0','all',NULL,''),
(641249,'New User Got Sign UP','','Emails','2025-02-03',NULL,'10:18:24',NULL,'0',NULL,NULL,NULL,NULL,NULL,NULL,'0','all',NULL,''),
(641254,'New User Got Sign UP','','Emails','2025-02-03',NULL,'10:20:30',NULL,'0',NULL,NULL,NULL,NULL,NULL,NULL,'0','all',NULL,''),
(641257,'Thank you for registering with us','','Emails','2025-02-03',NULL,'10:35:17',NULL,'0',NULL,NULL,NULL,NULL,NULL,NULL,'0','all',NULL,''),
(641258,'New User Got Sign UP','','Emails','2025-02-03',NULL,'10:35:22',NULL,'0',NULL,NULL,NULL,NULL,NULL,NULL,'0','all',NULL,''),
(641259,'Your Credentials is Created ','','Emails','2025-02-03',NULL,'10:35:27',NULL,'0',NULL,NULL,NULL,NULL,NULL,NULL,'0','all',NULL,''),
(641264,'Thank you for registering with us','','Emails','2025-02-03',NULL,'11:04:52',NULL,'0',NULL,NULL,NULL,NULL,NULL,NULL,'0','all',NULL,''),
(641265,'New User Got Sign UP','','Emails','2025-02-03',NULL,'11:04:56',NULL,'0',NULL,NULL,NULL,NULL,NULL,NULL,'0','all',NULL,''),
(641266,'Your Credentials is Created ','','Emails','2025-02-03',NULL,'11:05:01',NULL,'0',NULL,NULL,NULL,NULL,NULL,NULL,'0','all',NULL,''),
(641269,'Thank you for registering with us','','Emails','2025-02-03',NULL,'11:05:57',NULL,'0',NULL,NULL,NULL,NULL,NULL,NULL,'0','all',NULL,''),
(641270,'New User Got Sign UP','','Emails','2025-02-03',NULL,'11:06:02',NULL,'0',NULL,NULL,NULL,NULL,NULL,NULL,'0','all',NULL,''),
(641271,'Your Credentials is Created ','','Emails','2025-02-03',NULL,'11:06:07',NULL,'0',NULL,NULL,NULL,NULL,NULL,NULL,'0','all',NULL,''),
(641278,'Thank you for registering with us','','Emails','2025-02-03',NULL,'11:22:49',NULL,'0',NULL,NULL,NULL,NULL,NULL,NULL,'0','all',NULL,''),
(641279,'New User Got Sign UP','','Emails','2025-02-03',NULL,'11:22:54',NULL,'0',NULL,NULL,NULL,NULL,NULL,NULL,'0','all',NULL,''),
(641280,'Your Credentials is Created ','','Emails','2025-02-03',NULL,'11:22:59',NULL,'0',NULL,NULL,NULL,NULL,NULL,NULL,'0','all',NULL,''),
(641283,'Thank you for registering with us','','Emails','2025-02-03',NULL,'11:23:37',NULL,'0',NULL,NULL,NULL,NULL,NULL,NULL,'0','all',NULL,''),
(641284,'New User Got Sign UP','','Emails','2025-02-03',NULL,'11:23:42',NULL,'0',NULL,NULL,NULL,NULL,NULL,NULL,'0','all',NULL,''),
(641285,'Your Credentials is Created ','','Emails','2025-02-03',NULL,'11:23:46',NULL,'0',NULL,NULL,NULL,NULL,NULL,NULL,'0','all',NULL,''),
(641291,'Thank you for registering with us','','Emails','2025-02-03',NULL,'11:33:35',NULL,'0',NULL,NULL,NULL,NULL,NULL,NULL,'0','all',NULL,''),
(641292,'New User Got Sign UP','','Emails','2025-02-03',NULL,'11:33:39',NULL,'0',NULL,NULL,NULL,NULL,NULL,NULL,'0','all',NULL,''),
(641293,'Your Credentials is Created ','','Emails','2025-02-03',NULL,'11:33:44',NULL,'0',NULL,NULL,NULL,NULL,NULL,NULL,'0','all',NULL,''),
(641303,'Thank you for registering with us','','Emails','2025-02-03',NULL,'11:41:24',NULL,'0',NULL,NULL,NULL,NULL,NULL,NULL,'0','all',NULL,''),
(641304,'New User Got Sign UP','','Emails','2025-02-03',NULL,'11:41:29',NULL,'0',NULL,NULL,NULL,NULL,NULL,NULL,'0','all',NULL,''),
(641305,'Your Credentials is Created ','','Emails','2025-02-03',NULL,'11:41:33',NULL,'0',NULL,NULL,NULL,NULL,NULL,NULL,'0','all',NULL,''),
(641308,'Thank you for registering with us','','Emails','2025-02-03',NULL,'11:42:08',NULL,'0',NULL,NULL,NULL,NULL,NULL,NULL,'0','all',NULL,''),
(641309,'New User Got Sign UP','','Emails','2025-02-03',NULL,'11:42:12',NULL,'0',NULL,NULL,NULL,NULL,NULL,NULL,'0','all',NULL,''),
(641310,'Your Credentials is Created ','','Emails','2025-02-03',NULL,'11:42:16',NULL,'0',NULL,NULL,NULL,NULL,NULL,NULL,'0','all',NULL,''),
(641313,'Thank you for registering with us','','Emails','2025-02-03',NULL,'11:48:29',NULL,'0',NULL,NULL,NULL,NULL,NULL,NULL,'0','all',NULL,''),
(641314,'New User Got Sign UP','','Emails','2025-02-03',NULL,'11:48:34',NULL,'0',NULL,NULL,NULL,NULL,NULL,NULL,'0','all',NULL,''),
(641315,'Your Credentials is Created ','','Emails','2025-02-03',NULL,'11:48:39',NULL,'0',NULL,NULL,NULL,NULL,NULL,NULL,'0','all',NULL,''),
(641318,'Thank you for registering with us','','Emails','2025-02-03',NULL,'11:49:31',NULL,'0',NULL,NULL,NULL,NULL,NULL,NULL,'0','all',NULL,''),
(641319,'New User Got Sign UP','','Emails','2025-02-03',NULL,'11:49:36',NULL,'0',NULL,NULL,NULL,NULL,NULL,NULL,'0','all',NULL,''),
(641320,'Your Credentials is Created ','','Emails','2025-02-03',NULL,'11:49:41',NULL,'0',NULL,NULL,NULL,NULL,NULL,NULL,'0','all',NULL,''),
(641326,'Thank you for registering with us','','Emails','2025-02-03',NULL,'11:52:19',NULL,'0',NULL,NULL,NULL,NULL,NULL,NULL,'0','all',NULL,''),
(641327,'New User Got Sign UP','','Emails','2025-02-03',NULL,'11:52:23',NULL,'0',NULL,NULL,NULL,NULL,NULL,NULL,'0','all',NULL,''),
(641328,'Your Credentials is Created ','','Emails','2025-02-03',NULL,'11:52:28',NULL,'0',NULL,NULL,NULL,NULL,NULL,NULL,'0','all',NULL,''),
(641330,'Thank you for registering with us','','Emails','2025-02-03',NULL,'11:53:00',NULL,'0',NULL,NULL,NULL,NULL,NULL,NULL,'0','all',NULL,''),
(641331,'New User Got Sign UP','','Emails','2025-02-03',NULL,'11:53:05',NULL,'0',NULL,NULL,NULL,NULL,NULL,NULL,'0','all',NULL,''),
(641332,'Your Credentials is Created ','','Emails','2025-02-03',NULL,'11:53:09',NULL,'0',NULL,NULL,NULL,NULL,NULL,NULL,'0','all',NULL,''),
(641334,'Thank you for registering with us','','Emails','2025-02-03',NULL,'11:57:31',NULL,'0',NULL,NULL,NULL,NULL,NULL,NULL,'0','all',NULL,''),
(641335,'New User Got Sign UP','','Emails','2025-02-03',NULL,'11:57:36',NULL,'0',NULL,NULL,NULL,NULL,NULL,NULL,'0','all',NULL,''),
(641336,'Your Credentials is Created ','','Emails','2025-02-03',NULL,'11:57:40',NULL,'0',NULL,NULL,NULL,NULL,NULL,NULL,'0','all',NULL,''),
(641338,'Thank you for registering with us','','Emails','2025-02-03',NULL,'11:58:55',NULL,'0',NULL,NULL,NULL,NULL,NULL,NULL,'0','all',NULL,''),
(641339,'New User Got Sign UP','','Emails','2025-02-03',NULL,'11:59:00',NULL,'0',NULL,NULL,NULL,NULL,NULL,NULL,'0','all',NULL,''),
(641340,'Your Credentials is Created ','','Emails','2025-02-03',NULL,'11:59:05',NULL,'0',NULL,NULL,NULL,NULL,NULL,NULL,'0','all',NULL,''),
(641342,'Thank you for registering with us','','Emails','2025-02-03',NULL,'12:00:25',NULL,'0',NULL,NULL,NULL,NULL,NULL,NULL,'0','all',NULL,''),
(641343,'New User Got Sign UP','','Emails','2025-02-03',NULL,'12:00:29',NULL,'0',NULL,NULL,NULL,NULL,NULL,NULL,'0','all',NULL,''),
(641344,'Your Credentials is Created ','','Emails','2025-02-03',NULL,'12:00:34',NULL,'0',NULL,NULL,NULL,NULL,NULL,NULL,'0','all',NULL,''),
(641346,'New User Got Sign UP','','Emails','2025-02-03',NULL,'12:01:51',NULL,'0',NULL,NULL,NULL,NULL,NULL,NULL,'0','all',NULL,''),
(641352,'Thank you for registering with us','','Emails','2025-02-03',NULL,'12:03:13',NULL,'0',NULL,NULL,NULL,NULL,NULL,NULL,'0','all',NULL,''),
(641353,'New User Got Sign UP','','Emails','2025-02-03',NULL,'12:03:18',NULL,'0',NULL,NULL,NULL,NULL,NULL,NULL,'0','all',NULL,''),
(641354,'Your Credentials is Created ','','Emails','2025-02-03',NULL,'12:03:22',NULL,'0',NULL,NULL,NULL,NULL,NULL,NULL,'0','all',NULL,''),
(641357,'Thank you for registering with us','','Emails','2025-02-03',NULL,'12:06:22',NULL,'0',NULL,NULL,NULL,NULL,NULL,NULL,'0','all',NULL,''),
(641358,'New User Got Sign UP','','Emails','2025-02-03',NULL,'12:06:27',NULL,'0',NULL,NULL,NULL,NULL,NULL,NULL,'0','all',NULL,''),
(641359,'Your Credentials is Created ','','Emails','2025-02-03',NULL,'12:06:31',NULL,'0',NULL,NULL,NULL,NULL,NULL,NULL,'0','all',NULL,''),
(641362,'New User Got Sign UP','','Emails','2025-02-03',NULL,'12:12:49',NULL,'0',NULL,NULL,NULL,NULL,NULL,NULL,'0','all',NULL,''),
(641366,'New User Got Sign UP','','Emails','2025-02-03',NULL,'12:14:15',NULL,'0',NULL,NULL,NULL,NULL,NULL,NULL,'0','all',NULL,''),
(641374,'Thank you for registering with us','','Emails','2025-02-03',NULL,'12:27:40',NULL,'0',NULL,NULL,NULL,NULL,NULL,NULL,'0','all',NULL,''),
(641375,'New User Got Sign UP','','Emails','2025-02-03',NULL,'12:27:45',NULL,'0',NULL,NULL,NULL,NULL,NULL,NULL,'0','all',NULL,''),
(641376,'Your Credentials is Created ','','Emails','2025-02-03',NULL,'12:27:49',NULL,'0',NULL,NULL,NULL,NULL,NULL,NULL,'0','all',NULL,''),
(641380,'Thank you for registering with us','','Emails','2025-02-03',NULL,'12:33:07',NULL,'0',NULL,NULL,NULL,NULL,NULL,NULL,'0','all',NULL,''),
(641381,'New User Got Sign UP','','Emails','2025-02-03',NULL,'12:33:11',NULL,'0',NULL,NULL,NULL,NULL,NULL,NULL,'0','all',NULL,''),
(641382,'Your Credentials is Created ','','Emails','2025-02-03',NULL,'12:33:16',NULL,'0',NULL,NULL,NULL,NULL,NULL,NULL,'0','all',NULL,''),
(641384,'Thank you for registering with us','','Emails','2025-02-03',NULL,'12:35:48',NULL,'0',NULL,NULL,NULL,NULL,NULL,NULL,'0','all',NULL,''),
(641385,'New User Got Sign UP','','Emails','2025-02-03',NULL,'12:35:52',NULL,'0',NULL,NULL,NULL,NULL,NULL,NULL,'0','all',NULL,''),
(641386,'Your Credentials is Created ','','Emails','2025-02-03',NULL,'12:35:57',NULL,'0',NULL,NULL,NULL,NULL,NULL,NULL,'0','all',NULL,''),
(641388,'Thank you for registering with us','','Emails','2025-02-03',NULL,'12:38:53',NULL,'0',NULL,NULL,NULL,NULL,NULL,NULL,'0','all',NULL,''),
(641389,'New User Got Sign UP','','Emails','2025-02-03',NULL,'12:38:57',NULL,'0',NULL,NULL,NULL,NULL,NULL,NULL,'0','all',NULL,''),
(641390,'Your Credentials is Created ','','Emails','2025-02-03',NULL,'12:39:02',NULL,'0',NULL,NULL,NULL,NULL,NULL,NULL,'0','all',NULL,''),
(641393,'Thank you for registering with us','','Emails','2025-02-03',NULL,'12:43:46',NULL,'0',NULL,NULL,NULL,NULL,NULL,NULL,'0','all',NULL,''),
(641394,'New User Got Sign UP','','Emails','2025-02-03',NULL,'12:43:50',NULL,'0',NULL,NULL,NULL,NULL,NULL,NULL,'0','all',NULL,''),
(641395,'Your Credentials is Created ','','Emails','2025-02-03',NULL,'12:43:55',NULL,'0',NULL,NULL,NULL,NULL,NULL,NULL,'0','all',NULL,''),
(641399,'Thank you for registering with us','','Emails','2025-02-03',NULL,'12:55:44',NULL,'0',NULL,NULL,NULL,NULL,NULL,NULL,'0','all',NULL,''),
(641400,'New User Got Sign UP','','Emails','2025-02-03',NULL,'12:55:49',NULL,'0',NULL,NULL,NULL,NULL,NULL,NULL,'0','all',NULL,''),
(641401,'Your Credentials is Created ','','Emails','2025-02-03',NULL,'12:55:53',NULL,'0',NULL,NULL,NULL,NULL,NULL,NULL,'0','all',NULL,''),
(641403,'Thank you for registering with us','','Emails','2025-02-03',NULL,'13:03:01',NULL,'0',NULL,NULL,NULL,NULL,NULL,NULL,'0','all',NULL,''),
(641404,'New User Got Sign UP','','Emails','2025-02-03',NULL,'13:03:06',NULL,'0',NULL,NULL,NULL,NULL,NULL,NULL,'0','all',NULL,''),
(641405,'Your Credentials is Created ','','Emails','2025-02-03',NULL,'13:03:11',NULL,'0',NULL,NULL,NULL,NULL,NULL,NULL,'0','all',NULL,''),
(641407,'Thank you for registering with us','','Emails','2025-02-03',NULL,'13:05:19',NULL,'0',NULL,NULL,NULL,NULL,NULL,NULL,'0','all',NULL,''),
(641408,'New User Got Sign UP','','Emails','2025-02-03',NULL,'13:05:24',NULL,'0',NULL,NULL,NULL,NULL,NULL,NULL,'0','all',NULL,''),
(641409,'Your Credentials is Created ','','Emails','2025-02-03',NULL,'13:05:28',NULL,'0',NULL,NULL,NULL,NULL,NULL,NULL,'0','all',NULL,''),
(641414,'Thank you for registering with us','','Emails','2025-02-03',NULL,'13:20:42',NULL,'0',NULL,NULL,NULL,NULL,NULL,NULL,'0','all',NULL,''),
(641415,'New User Got Sign UP','','Emails','2025-02-03',NULL,'13:20:47',NULL,'0',NULL,NULL,NULL,NULL,NULL,NULL,'0','all',NULL,''),
(641416,'Your Credentials is Created ','','Emails','2025-02-03',NULL,'13:20:52',NULL,'0',NULL,NULL,NULL,NULL,NULL,NULL,'0','all',NULL,''),
(641418,'Thank you for registering with us','','Emails','2025-02-04',NULL,'04:39:07',NULL,'0',NULL,NULL,NULL,NULL,NULL,NULL,'0','all',NULL,''),
(641419,'New User Got Sign UP','','Emails','2025-02-04',NULL,'04:39:13',NULL,'0',NULL,NULL,NULL,NULL,NULL,NULL,'0','all',NULL,''),
(641420,'Your Credentials is Created ','','Emails','2025-02-04',NULL,'04:39:18',NULL,'0',NULL,NULL,NULL,NULL,NULL,NULL,'0','all',NULL,''),
(641422,'Thank you for registering with us','','Emails','2025-02-04',NULL,'04:42:16',NULL,'0',NULL,NULL,NULL,NULL,NULL,NULL,'0','all',NULL,''),
(641423,'New User Got Sign UP','','Emails','2025-02-04',NULL,'04:42:21',NULL,'0',NULL,NULL,NULL,NULL,NULL,NULL,'0','all',NULL,''),
(641424,'Your Credentials is Created ','','Emails','2025-02-04',NULL,'04:42:26',NULL,'0',NULL,NULL,NULL,NULL,NULL,NULL,'0','all',NULL,''),
(641426,'Thank you for registering with us','','Emails','2025-02-04',NULL,'04:43:20',NULL,'0',NULL,NULL,NULL,NULL,NULL,NULL,'0','all',NULL,''),
(641427,'New User Got Sign UP','','Emails','2025-02-04',NULL,'04:43:25',NULL,'0',NULL,NULL,NULL,NULL,NULL,NULL,'0','all',NULL,''),
(641428,'Your Credentials is Created ','','Emails','2025-02-04',NULL,'04:43:30',NULL,'0',NULL,NULL,NULL,NULL,NULL,NULL,'0','all',NULL,''),
(641430,'Thank you for registering with us','','Emails','2025-02-04',NULL,'04:47:37',NULL,'0',NULL,NULL,NULL,NULL,NULL,NULL,'0','all',NULL,''),
(641431,'New User Got Sign UP','','Emails','2025-02-04',NULL,'04:47:43',NULL,'0',NULL,NULL,NULL,NULL,NULL,NULL,'0','all',NULL,''),
(641432,'Your Credentials is Created ','','Emails','2025-02-04',NULL,'04:47:47',NULL,'0',NULL,NULL,NULL,NULL,NULL,NULL,'0','all',NULL,''),
(641436,'Thank you for registering with us','','Emails','2025-02-04',NULL,'04:53:15',NULL,'0',NULL,NULL,NULL,NULL,NULL,NULL,'0','all',NULL,''),
(641437,'New User Got Sign UP','','Emails','2025-02-04',NULL,'04:53:20',NULL,'0',NULL,NULL,NULL,NULL,NULL,NULL,'0','all',NULL,''),
(641438,'Your Credentials is Created ','','Emails','2025-02-04',NULL,'04:53:26',NULL,'0',NULL,NULL,NULL,NULL,NULL,NULL,'0','all',NULL,''),
(641441,'Thank you for registering with us','','Emails','2025-02-04',NULL,'04:54:50',NULL,'0',NULL,NULL,NULL,NULL,NULL,NULL,'0','all',NULL,''),
(641442,'New User Got Sign UP','','Emails','2025-02-04',NULL,'04:54:55',NULL,'0',NULL,NULL,NULL,NULL,NULL,NULL,'0','all',NULL,''),
(641443,'Your Credentials is Created ','','Emails','2025-02-04',NULL,'04:55:00',NULL,'0',NULL,NULL,NULL,NULL,NULL,NULL,'0','all',NULL,''),
(641448,'New User Got Sign UP','','Emails','2025-02-04',NULL,'05:19:08',NULL,'0',NULL,NULL,NULL,NULL,NULL,NULL,'0','all',NULL,''),
(641450,'New User Got Sign UP','','Emails','2025-02-04',NULL,'05:20:10',NULL,'0',NULL,NULL,NULL,NULL,NULL,NULL,'0','all',NULL,''),
(641452,'New User Got Sign UP','','Emails','2025-02-04',NULL,'05:21:14',NULL,'0',NULL,NULL,NULL,NULL,NULL,NULL,'0','all',NULL,''),
(641457,'Thank you for registering with us','','Emails','2025-02-04',NULL,'05:29:46',NULL,'0',NULL,NULL,NULL,NULL,NULL,NULL,'0','all',NULL,''),
(641458,'New User Got Sign UP','','Emails','2025-02-04',NULL,'05:29:51',NULL,'0',NULL,NULL,NULL,NULL,NULL,NULL,'0','all',NULL,''),
(641459,'Your Credentials is Created ','','Emails','2025-02-04',NULL,'05:29:56',NULL,'0',NULL,NULL,NULL,NULL,NULL,NULL,'0','all',NULL,''),
(641461,'New User Got Sign UP','','Emails','2025-02-04',NULL,'05:32:15',NULL,'0',NULL,NULL,NULL,NULL,NULL,NULL,'0','all',NULL,''),
(641463,'New User Got Sign UP','','Emails','2025-02-04',NULL,'05:33:23',NULL,'0',NULL,NULL,NULL,NULL,NULL,NULL,'0','all',NULL,''),
(641465,'Thank you for registering with us','','Emails','2025-02-04',NULL,'05:34:04',NULL,'0',NULL,NULL,NULL,NULL,NULL,NULL,'0','all',NULL,''),
(641466,'New User Got Sign UP','','Emails','2025-02-04',NULL,'05:34:09',NULL,'0',NULL,NULL,NULL,NULL,NULL,NULL,'0','all',NULL,''),
(641467,'Your Credentials is Created ','','Emails','2025-02-04',NULL,'05:34:14',NULL,'0',NULL,NULL,NULL,NULL,NULL,NULL,'0','all',NULL,''),
(641469,'New User Got Sign UP','','Emails','2025-02-04',NULL,'05:34:34',NULL,'0',NULL,NULL,NULL,NULL,NULL,NULL,'0','all',NULL,''),
(641476,'Thank you for registering with us','','Emails','2025-02-04',NULL,'05:36:39',NULL,'0',NULL,NULL,NULL,NULL,NULL,NULL,'0','all',NULL,''),
(641477,'New User Got Sign UP','','Emails','2025-02-04',NULL,'05:36:44',NULL,'0',NULL,NULL,NULL,NULL,NULL,NULL,'0','all',NULL,''),
(641478,'Your Credentials is Created ','','Emails','2025-02-04',NULL,'05:36:49',NULL,'0',NULL,NULL,NULL,NULL,NULL,NULL,'0','all',NULL,''),
(641481,'Thank you for registering with us','','Emails','2025-02-04',NULL,'05:42:48',NULL,'0',NULL,NULL,NULL,NULL,NULL,NULL,'0','all',NULL,''),
(641482,'New User Got Sign UP','','Emails','2025-02-04',NULL,'05:42:53',NULL,'0',NULL,NULL,NULL,NULL,NULL,NULL,'0','all',NULL,''),
(641483,'Your Credentials is Created ','','Emails','2025-02-04',NULL,'05:42:59',NULL,'0',NULL,NULL,NULL,NULL,NULL,NULL,'0','all',NULL,''),
(641486,'Thank you for registering with us','','Emails','2025-02-04',NULL,'05:50:17',NULL,'0',NULL,NULL,NULL,NULL,NULL,NULL,'0','all',NULL,''),
(641487,'New User Got Sign UP','','Emails','2025-02-04',NULL,'05:50:22',NULL,'0',NULL,NULL,NULL,NULL,NULL,NULL,'0','all',NULL,''),
(641488,'Your Credentials is Created ','','Emails','2025-02-04',NULL,'05:50:27',NULL,'0',NULL,NULL,NULL,NULL,NULL,NULL,'0','all',NULL,''),
(641490,'Thank you for registering with us','','Emails','2025-02-04',NULL,'05:52:50',NULL,'0',NULL,NULL,NULL,NULL,NULL,NULL,'0','all',NULL,''),
(641491,'New User Got Sign UP','','Emails','2025-02-04',NULL,'05:52:55',NULL,'0',NULL,NULL,NULL,NULL,NULL,NULL,'0','all',NULL,''),
(641492,'Your Credentials is Created ','','Emails','2025-02-04',NULL,'05:53:01',NULL,'0',NULL,NULL,NULL,NULL,NULL,NULL,'0','all',NULL,''),
(641494,'Thank you for registering with us','','Emails','2025-02-04',NULL,'05:54:28',NULL,'0',NULL,NULL,NULL,NULL,NULL,NULL,'0','all',NULL,''),
(641495,'New User Got Sign UP','','Emails','2025-02-04',NULL,'05:54:34',NULL,'0',NULL,NULL,NULL,NULL,NULL,NULL,'0','all',NULL,''),
(641496,'Your Credentials is Created ','','Emails','2025-02-04',NULL,'05:54:39',NULL,'0',NULL,NULL,NULL,NULL,NULL,NULL,'0','all',NULL,''),
(641509,'Thank you for registering with us','','Emails','2025-02-04',NULL,'06:00:35',NULL,'0',NULL,NULL,NULL,NULL,NULL,NULL,'0','all',NULL,''),
(641510,'New User Got Sign UP','','Emails','2025-02-04',NULL,'06:00:40',NULL,'0',NULL,NULL,NULL,NULL,NULL,NULL,'0','all',NULL,''),
(641511,'Your Credentials is Created ','','Emails','2025-02-04',NULL,'06:00:45',NULL,'0',NULL,NULL,NULL,NULL,NULL,NULL,'0','all',NULL,''),
(641520,'Thank you for registering with us','','Emails','2025-02-04',NULL,'06:31:26',NULL,'0',NULL,NULL,NULL,NULL,NULL,NULL,'0','all',NULL,''),
(641521,'New User Got Sign UP','','Emails','2025-02-04',NULL,'06:31:31',NULL,'0',NULL,NULL,NULL,NULL,NULL,NULL,'0','all',NULL,''),
(641522,'Your Credentials is Created ','','Emails','2025-02-04',NULL,'06:31:36',NULL,'0',NULL,NULL,NULL,NULL,NULL,NULL,'0','all',NULL,''),
(641530,'Thank you for registering with us','','Emails','2025-02-04',NULL,'07:10:11',NULL,'0',NULL,NULL,NULL,NULL,NULL,NULL,'0','all',NULL,''),
(641531,'New User Got Sign UP','','Emails','2025-02-04',NULL,'07:10:17',NULL,'0',NULL,NULL,NULL,NULL,NULL,NULL,'0','all',NULL,''),
(641532,'Your Credentials is Created ','','Emails','2025-02-04',NULL,'07:10:22',NULL,'0',NULL,NULL,NULL,NULL,NULL,NULL,'0','all',NULL,''),
(641541,'Thank you for registering with us','','Emails','2025-02-04',NULL,'07:21:31',NULL,'0',NULL,NULL,NULL,NULL,NULL,NULL,'0','all',NULL,''),
(641542,'New User Got Sign UP','','Emails','2025-02-04',NULL,'07:21:36',NULL,'0',NULL,NULL,NULL,NULL,NULL,NULL,'0','all',NULL,''),
(641543,'Your Credentials is Created ','','Emails','2025-02-04',NULL,'07:21:41',NULL,'0',NULL,NULL,NULL,NULL,NULL,NULL,'0','all',NULL,''),
(641545,'Thank you for registering with us','','Emails','2025-02-04',NULL,'07:22:17',NULL,'0',NULL,NULL,NULL,NULL,NULL,NULL,'0','all',NULL,''),
(641546,'New User Got Sign UP','','Emails','2025-02-04',NULL,'07:22:21',NULL,'0',NULL,NULL,NULL,NULL,NULL,NULL,'0','all',NULL,''),
(641547,'Your Credentials is Created ','','Emails','2025-02-04',NULL,'07:22:27',NULL,'0',NULL,NULL,NULL,NULL,NULL,NULL,'0','all',NULL,''),
(641552,'Thank you for registering with us','','Emails','2025-02-04',NULL,'07:47:15',NULL,'0',NULL,NULL,NULL,NULL,NULL,NULL,'0','all',NULL,''),
(641553,'New User Got Sign UP','','Emails','2025-02-04',NULL,'07:47:20',NULL,'0',NULL,NULL,NULL,NULL,NULL,NULL,'0','all',NULL,''),
(641554,'Your Credentials is Created ','','Emails','2025-02-04',NULL,'07:47:25',NULL,'0',NULL,NULL,NULL,NULL,NULL,NULL,'0','all',NULL,''),
(641556,'Thank you for registering with us','','Emails','2025-02-04',NULL,'07:48:40',NULL,'0',NULL,NULL,NULL,NULL,NULL,NULL,'0','all',NULL,''),
(641557,'New User Got Sign UP','','Emails','2025-02-04',NULL,'07:48:45',NULL,'0',NULL,NULL,NULL,NULL,NULL,NULL,'0','all',NULL,''),
(641558,'Your Credentials is Created ','','Emails','2025-02-04',NULL,'07:48:50',NULL,'0',NULL,NULL,NULL,NULL,NULL,NULL,'0','all',NULL,''),
(641561,'Thank you for registering with us','','Emails','2025-02-04',NULL,'07:50:42',NULL,'0',NULL,NULL,NULL,NULL,NULL,NULL,'0','all',NULL,''),
(641562,'New User Got Sign UP','','Emails','2025-02-04',NULL,'07:50:48',NULL,'0',NULL,NULL,NULL,NULL,NULL,NULL,'0','all',NULL,''),
(641563,'Your Credentials is Created ','','Emails','2025-02-04',NULL,'07:50:53',NULL,'0',NULL,NULL,NULL,NULL,NULL,NULL,'0','all',NULL,''),
(641587,'Thank you for registering with us','','Emails','2025-02-04',NULL,'10:36:05',NULL,'0',NULL,NULL,NULL,NULL,NULL,NULL,'0','all',NULL,''),
(641588,'New User Got Sign UP','','Emails','2025-02-04',NULL,'10:36:10',NULL,'0',NULL,NULL,NULL,NULL,NULL,NULL,'0','all',NULL,''),
(641589,'Your Credentials is Created ','','Emails','2025-02-04',NULL,'10:36:16',NULL,'0',NULL,NULL,NULL,NULL,NULL,NULL,'0','all',NULL,''),
(641770,'New User Got Sign UP','','Emails','2025-02-07',NULL,'07:13:16',NULL,'0',NULL,NULL,NULL,NULL,NULL,NULL,'0','all',NULL,''),
(641780,'New User Got Sign UP','','Emails','2025-02-07',NULL,'07:30:52',NULL,'0',NULL,NULL,NULL,NULL,NULL,NULL,'0','all',NULL,''),
(641791,'New User Got Sign UP','','Emails','2025-02-07',NULL,'09:52:30',NULL,'0',NULL,NULL,NULL,NULL,NULL,NULL,'0','all',NULL,''),
(642043,'Thank you for registering with us','','Emails','2025-03-26',NULL,'07:20:55',NULL,'0',NULL,NULL,NULL,NULL,NULL,NULL,'0','all',NULL,''),
(642044,'New User Got Sign UP','','Emails','2025-03-26',NULL,'07:21:00',NULL,'0',NULL,NULL,NULL,NULL,NULL,NULL,'0','all',NULL,''),
(642045,'Your Credentials is Created ','','Emails','2025-03-26',NULL,'07:21:05',NULL,'0',NULL,NULL,NULL,NULL,NULL,NULL,'0','all',NULL,''),
(642065,'Thank you for registering with us','','Emails','2025-03-26',NULL,'09:33:02',NULL,'0',NULL,NULL,NULL,NULL,NULL,NULL,'0','all',NULL,''),
(642066,'New User Got Sign UP','','Emails','2025-03-26',NULL,'09:33:06',NULL,'0',NULL,NULL,NULL,NULL,NULL,NULL,'0','all',NULL,''),
(642084,'Thank you for registering with us','','Emails','2025-03-27',NULL,'05:22:46',NULL,'0',NULL,NULL,NULL,NULL,NULL,NULL,'0','all',NULL,''),
(642085,'New User Got Sign UP','','Emails','2025-03-27',NULL,'05:22:50',NULL,'0',NULL,NULL,NULL,NULL,NULL,NULL,'0','all',NULL,''),
(642127,'testing','','Emails','2025-03-27',NULL,'07:05',NULL,'0',NULL,NULL,NULL,NULL,NULL,NULL,'0','all',NULL,''),
(642199,'Thank you for registering with us','','Emails','2025-03-31',NULL,'07:30:18',NULL,'0',NULL,NULL,NULL,NULL,NULL,NULL,'0','all',NULL,''),
(642200,'New User Got Sign UP','','Emails','2025-03-31',NULL,'07:30:22',NULL,'0',NULL,NULL,NULL,NULL,NULL,NULL,'0','all',NULL,''),
(642201,'Your Credentials is Created ','','Emails','2025-03-31',NULL,'07:30:27',NULL,'0',NULL,NULL,NULL,NULL,NULL,NULL,'0','all',NULL,''),
(642210,'Thank you for registering with us','','Emails','2025-03-31',NULL,'11:22:39',NULL,'0',NULL,NULL,NULL,NULL,NULL,NULL,'0','all',NULL,''),
(642211,'New User Got Sign UP','','Emails','2025-03-31',NULL,'11:22:43',NULL,'0',NULL,NULL,NULL,NULL,NULL,NULL,'0','all',NULL,''),
(642366,'New User Got Sign UP','','Emails','2025-05-16',NULL,'06:03:34',NULL,'0',NULL,NULL,NULL,NULL,NULL,NULL,'0','all',NULL,''),
(642465,'Thank you for registering with us','','Emails','2025-09-23',NULL,'06:31:41',NULL,'0',NULL,NULL,NULL,NULL,NULL,NULL,'0','all',NULL,''),
(642466,'New User Got Sign UP','','Emails','2025-09-23',NULL,'06:31:42',NULL,'0',NULL,NULL,NULL,NULL,NULL,NULL,'0','all',NULL,'');

--
